{"id":321,"date":"2022-11-28T18:01:59","date_gmt":"2022-11-28T18:01:59","guid":{"rendered":"https:\/\/liceuldeartaoradea.ro\/maghiara\/?page_id=321"},"modified":"2023-10-28T06:40:23","modified_gmt":"2023-10-28T06:40:23","slug":"diakok-liceum","status":"publish","type":"page","link":"https:\/\/liceuldeartaoradea.ro\/maghiara\/diakok-liceum\/","title":{"rendered":"Di\u00e1kok &#8211; L\u00edceum"},"content":{"rendered":"<p>[et_pb_section fb_built=&#8221;1&#8243; _builder_version=&#8221;4.19.1&#8243; _module_preset=&#8221;default&#8221; global_colors_info=&#8221;{}&#8221;][et_pb_row _builder_version=&#8221;4.19.1&#8243; _module_preset=&#8221;default&#8221; global_colors_info=&#8221;{}&#8221;][et_pb_column type=&#8221;4_4&#8243; _builder_version=&#8221;4.19.1&#8243; _module_preset=&#8221;default&#8221; global_colors_info=&#8221;{}&#8221;][et_pb_text _builder_version=&#8221;4.19.1&#8243; _module_preset=&#8221;default&#8221; header_2_font=&#8221;Prata||||||||&#8221; header_2_font_size=&#8221;45px&#8221; global_colors_info=&#8221;{}&#8221;]<\/p>\n<h2>Di\u00e1kok &#8211; L\u00edceum<\/h2>\n<p>[\/et_pb_text][\/et_pb_column][\/et_pb_row][et_pb_row column_structure=&#8221;1_2,1_2&#8243; _builder_version=&#8221;4.19.1&#8243; _module_preset=&#8221;default&#8221; global_colors_info=&#8221;{}&#8221;][et_pb_column type=&#8221;1_2&#8243; _builder_version=&#8221;4.19.1&#8243; _module_preset=&#8221;default&#8221; global_colors_info=&#8221;{}&#8221;][et_pb_text _builder_version=&#8221;4.19.1&#8243; _module_preset=&#8221;default&#8221; global_colors_info=&#8221;{}&#8221;]<\/p>\n<h3>IX.D oszt\u00e1ly \u2013 2023 \/ 2024<\/h3>\n<h4>Oszt\u00e1lyf\u0151n\u00f6k: Domahidi Krisztina<\/h4>\n<p>&nbsp;<\/p>\n<h4>Di\u00e1kok:<\/h4>\n<p>x<\/p>\n<p>[\/et_pb_text][\/et_pb_column][et_pb_column type=&#8221;1_2&#8243; _builder_version=&#8221;4.19.1&#8243; _module_preset=&#8221;default&#8221; global_colors_info=&#8221;{}&#8221;][et_pb_image src=&#8221;https:\/\/liceuldeartaoradea.ro\/maghiara\/wp-content\/uploads\/2021\/05\/logo_mic.png&#8221; title_text=&#8221;logo_mic&#8221; _builder_version=&#8221;4.19.1&#8243; _module_preset=&#8221;default&#8221; global_colors_info=&#8221;{}&#8221;][\/et_pb_image][\/et_pb_column][\/et_pb_row][et_pb_row column_structure=&#8221;1_2,1_2&#8243; _builder_version=&#8221;4.19.1&#8243; _module_preset=&#8221;default&#8221; global_colors_info=&#8221;{}&#8221;][et_pb_column type=&#8221;1_2&#8243; _builder_version=&#8221;4.19.1&#8243; _module_preset=&#8221;default&#8221; global_colors_info=&#8221;{}&#8221;][et_pb_text _builder_version=&#8221;4.19.1&#8243; _module_preset=&#8221;default&#8221; global_colors_info=&#8221;{}&#8221;]<\/p>\n<h3>IX.E oszt\u00e1ly \u2013 2023 \/ 2024<\/h3>\n<h4>Oszt\u00e1lyf\u0151n\u00f6k: Bencz\u00e9di M\u00f3nika\u00a0<\/h4>\n<p>&nbsp;<\/p>\n<h4>Di\u00e1kok:<\/h4>\n<p>x<\/p>\n<p>[\/et_pb_text][\/et_pb_column][et_pb_column type=&#8221;1_2&#8243; _builder_version=&#8221;4.19.1&#8243; _module_preset=&#8221;default&#8221; global_colors_info=&#8221;{}&#8221;][et_pb_image src=&#8221;https:\/\/liceuldeartaoradea.ro\/maghiara\/wp-content\/uploads\/2023\/09\/Osztalykep-Bencedi-Monika-2023-2024.jpg&#8221; title_text=&#8221;Oszt\u00e1lykep &#8211; Bencedi Monika &#8211; 2023-2024&#8243; _builder_version=&#8221;4.19.1&#8243; _module_preset=&#8221;default&#8221; global_colors_info=&#8221;{}&#8221;][\/et_pb_image][\/et_pb_column][\/et_pb_row][et_pb_row column_structure=&#8221;1_2,1_2&#8243; _builder_version=&#8221;4.19.1&#8243; _module_preset=&#8221;default&#8221; global_colors_info=&#8221;{}&#8221;][et_pb_column type=&#8221;1_2&#8243; _builder_version=&#8221;4.19.1&#8243; _module_preset=&#8221;default&#8221; global_colors_info=&#8221;{}&#8221;][et_pb_text _builder_version=&#8221;4.19.1&#8243; _module_preset=&#8221;default&#8221; global_colors_info=&#8221;{}&#8221;]<\/p>\n<h3>X.D oszt\u00e1ly \u2013 2023 \/ 2024<\/h3>\n<h4>Oszt\u00e1lyf\u0151n\u00f6k: R\u00e1cz Eliza\u00a0<\/h4>\n<p>&nbsp;<\/p>\n<h4>Di\u00e1kok:<\/h4>\n<p>x<\/p>\n<p>[\/et_pb_text][\/et_pb_column][et_pb_column type=&#8221;1_2&#8243; _builder_version=&#8221;4.19.1&#8243; _module_preset=&#8221;default&#8221; global_colors_info=&#8221;{}&#8221;][et_pb_image src=&#8221;https:\/\/liceuldeartaoradea.ro\/maghiara\/wp-content\/uploads\/2023\/09\/Osztalykep-Racz-Eliza-2023-2024.jpg&#8221; title_text=&#8221;Oszt\u00e1lykep &#8211; Racz Eliza &#8211; 2023-2024&#8243; _builder_version=&#8221;4.19.1&#8243; _module_preset=&#8221;default&#8221; global_colors_info=&#8221;{}&#8221;][\/et_pb_image][\/et_pb_column][\/et_pb_row][et_pb_row column_structure=&#8221;1_2,1_2&#8243; _builder_version=&#8221;4.19.1&#8243; _module_preset=&#8221;default&#8221; global_colors_info=&#8221;{}&#8221;][et_pb_column type=&#8221;1_2&#8243; _builder_version=&#8221;4.19.1&#8243; _module_preset=&#8221;default&#8221; global_colors_info=&#8221;{}&#8221;][et_pb_text _builder_version=&#8221;4.19.1&#8243; _module_preset=&#8221;default&#8221; global_colors_info=&#8221;{}&#8221;]<\/p>\n<h3>X.E oszt\u00e1ly \u2013 2023 \/ 2024<\/h3>\n<h4>Oszt\u00e1lyf\u0151n\u00f6k: R\u00e1cz Ervin\u00a0<\/h4>\n<p>&nbsp;<\/p>\n<h4>Di\u00e1kok:<\/h4>\n<p>x<\/p>\n<p>[\/et_pb_text][\/et_pb_column][et_pb_column type=&#8221;1_2&#8243; _builder_version=&#8221;4.19.1&#8243; _module_preset=&#8221;default&#8221; global_colors_info=&#8221;{}&#8221;][et_pb_image src=&#8221;https:\/\/liceuldeartaoradea.ro\/maghiara\/wp-content\/uploads\/2023\/09\/Osztalykep-Racz-Ervin-2023-2024.jpg&#8221; title_text=&#8221;Oszt\u00e1lykep &#8211; Racz Ervin &#8211; 2023-2024&#8243; _builder_version=&#8221;4.19.1&#8243; _module_preset=&#8221;default&#8221; global_colors_info=&#8221;{}&#8221;][\/et_pb_image][\/et_pb_column][\/et_pb_row][et_pb_row column_structure=&#8221;1_2,1_2&#8243; _builder_version=&#8221;4.19.1&#8243; _module_preset=&#8221;default&#8221; global_colors_info=&#8221;{}&#8221;][et_pb_column type=&#8221;1_2&#8243; _builder_version=&#8221;4.19.1&#8243; _module_preset=&#8221;default&#8221; global_colors_info=&#8221;{}&#8221;][et_pb_text _builder_version=&#8221;4.19.1&#8243; _module_preset=&#8221;default&#8221; global_colors_info=&#8221;{}&#8221;]<\/p>\n<h3>XI.D oszt\u00e1ly \u2013 2023 \/ 2024<\/h3>\n<h4>Oszt\u00e1lyf\u0151n\u00f6k: De\u00e1k Ir\u00e9nke<\/h4>\n<p>&nbsp;<\/p>\n<h4>Di\u00e1kok:<\/h4>\n<p>x<\/p>\n<p>[\/et_pb_text][\/et_pb_column][et_pb_column type=&#8221;1_2&#8243; _builder_version=&#8221;4.19.1&#8243; _module_preset=&#8221;default&#8221; global_colors_info=&#8221;{}&#8221;][et_pb_image src=&#8221;https:\/\/liceuldeartaoradea.ro\/maghiara\/wp-content\/uploads\/2023\/10\/Osztalykep-Deak-Irenke-2023-2024.jpg&#8221; title_text=&#8221;Oszt\u00e1lyk\u00e9p &#8211; De\u00e1k Ir\u00e9nke &#8211; 2023-2024&#8243; _builder_version=&#8221;4.19.1&#8243; _module_preset=&#8221;default&#8221; hover_enabled=&#8221;0&#8243; global_colors_info=&#8221;{}&#8221; sticky_enabled=&#8221;0&#8243;][\/et_pb_image][\/et_pb_column][\/et_pb_row][et_pb_row column_structure=&#8221;1_2,1_2&#8243; _builder_version=&#8221;4.19.1&#8243; _module_preset=&#8221;default&#8221; global_colors_info=&#8221;{}&#8221;][et_pb_column type=&#8221;1_2&#8243; _builder_version=&#8221;4.19.1&#8243; _module_preset=&#8221;default&#8221; global_colors_info=&#8221;{}&#8221;][et_pb_text _builder_version=&#8221;4.19.1&#8243; _module_preset=&#8221;default&#8221; global_colors_info=&#8221;{}&#8221;]<\/p>\n<h3>XI.E oszt\u00e1ly \u2013 2023 \/ 2024<\/h3>\n<h4>Oszt\u00e1lyf\u0151n\u00f6k: Nagy Viola<\/h4>\n<p>&nbsp;<\/p>\n<h4>Di\u00e1kok:<\/h4>\n<p>x<\/p>\n<p>[\/et_pb_text][\/et_pb_column][et_pb_column type=&#8221;1_2&#8243; _builder_version=&#8221;4.19.1&#8243; _module_preset=&#8221;default&#8221; global_colors_info=&#8221;{}&#8221;][et_pb_image src=&#8221;https:\/\/liceuldeartaoradea.ro\/maghiara\/wp-content\/uploads\/2023\/09\/Osztalykep-Nagy-Viloa-2023-2024.jpg&#8221; title_text=&#8221;Oszt\u00e1lykep &#8211; Nagy Viloa &#8211; 2023-2024&#8243; _builder_version=&#8221;4.19.1&#8243; _module_preset=&#8221;default&#8221; global_colors_info=&#8221;{}&#8221;][\/et_pb_image][\/et_pb_column][\/et_pb_row][et_pb_row column_structure=&#8221;1_2,1_2&#8243; _builder_version=&#8221;4.19.1&#8243; _module_preset=&#8221;default&#8221; global_colors_info=&#8221;{}&#8221;][et_pb_column type=&#8221;1_2&#8243; _builder_version=&#8221;4.19.1&#8243; _module_preset=&#8221;default&#8221; global_colors_info=&#8221;{}&#8221;][et_pb_text _builder_version=&#8221;4.19.1&#8243; _module_preset=&#8221;default&#8221; global_colors_info=&#8221;{}&#8221;]<\/p>\n<h3>XII.D oszt\u00e1ly \u2013 2023 \/ 2024<\/h3>\n<h4>Oszt\u00e1lyf\u0151n\u00f6k: Somogyi Gabriella<\/h4>\n<p>&nbsp;<\/p>\n<h4>Di\u00e1kok:<\/h4>\n<p>x<\/p>\n<p>[\/et_pb_text][\/et_pb_column][et_pb_column type=&#8221;1_2&#8243; _builder_version=&#8221;4.19.1&#8243; _module_preset=&#8221;default&#8221; global_colors_info=&#8221;{}&#8221;][et_pb_image src=&#8221;https:\/\/liceuldeartaoradea.ro\/maghiara\/wp-content\/uploads\/2023\/09\/Osztalykep-Somogyi-Gabriella-2023-2024.jpg&#8221; title_text=&#8221;Oszt\u00e1lykep &#8211; Somogyi Gabriella &#8211; 2023-2024&#8243; _builder_version=&#8221;4.19.1&#8243; _module_preset=&#8221;default&#8221; global_colors_info=&#8221;{}&#8221;][\/et_pb_image][\/et_pb_column][\/et_pb_row][et_pb_row column_structure=&#8221;1_2,1_2&#8243; _builder_version=&#8221;4.19.1&#8243; _module_preset=&#8221;default&#8221; global_colors_info=&#8221;{}&#8221;][et_pb_column type=&#8221;1_2&#8243; _builder_version=&#8221;4.19.1&#8243; _module_preset=&#8221;default&#8221; global_colors_info=&#8221;{}&#8221;][et_pb_text _builder_version=&#8221;4.19.1&#8243; _module_preset=&#8221;default&#8221; global_colors_info=&#8221;{}&#8221;]<\/p>\n<h3>XII.E oszt\u00e1ly \u2013 2023 \/ 2024<\/h3>\n<h4>Oszt\u00e1lyf\u0151n\u00f6k: Mados Andrea<\/h4>\n<p>&nbsp;<\/p>\n<h4>Di\u00e1kok:<\/h4>\n<p>x<\/p>\n<p>[\/et_pb_text][\/et_pb_column][et_pb_column type=&#8221;1_2&#8243; _builder_version=&#8221;4.19.1&#8243; _module_preset=&#8221;default&#8221; global_colors_info=&#8221;{}&#8221;][et_pb_image src=&#8221;https:\/\/liceuldeartaoradea.ro\/maghiara\/wp-content\/uploads\/2023\/09\/Osztalykep-Mados-Andrea-2023-2024.jpg&#8221; title_text=&#8221;Oszt\u00e1lykep &#8211; Mados Andrea &#8211; 2023-2024&#8243; _builder_version=&#8221;4.19.1&#8243; _module_preset=&#8221;default&#8221; global_colors_info=&#8221;{}&#8221;][\/et_pb_image][\/et_pb_column][\/et_pb_row][\/et_pb_section]<\/p>\n","protected":false},"excerpt":{"rendered":"<p>Di\u00e1kok &#8211; L\u00edceumIX.D oszt\u00e1ly \u2013 2023 \/ 2024 Oszt\u00e1lyf\u0151n\u00f6k: Domahidi Krisztina &nbsp; Di\u00e1kok: xIX.E oszt\u00e1ly \u2013 2023 \/ 2024 Oszt\u00e1lyf\u0151n\u00f6k: Bencz\u00e9di M\u00f3nika\u00a0 &nbsp; Di\u00e1kok: xX.D oszt\u00e1ly \u2013 2023 \/ 2024 Oszt\u00e1lyf\u0151n\u00f6k: R\u00e1cz Eliza\u00a0 &nbsp; Di\u00e1kok: xX.E oszt\u00e1ly \u2013 2023 \/ 2024 Oszt\u00e1lyf\u0151n\u00f6k: R\u00e1cz Ervin\u00a0 &nbsp; Di\u00e1kok: xXI.D oszt\u00e1ly \u2013 2023 \/ 2024 Oszt\u00e1lyf\u0151n\u00f6k: De\u00e1k Ir\u00e9nke [&hellip;]<\/p>\n","protected":false},"author":2,"featured_media":0,"parent":0,"menu_order":0,"comment_status":"closed","ping_status":"closed","template":"","meta":{"_et_pb_use_builder":"on","_et_pb_old_content":"","_et_gb_content_width":"","footnotes":""},"class_list":["post-321","page","type-page","status-publish","hentry"],"_links":{"self":[{"href":"https:\/\/liceuldeartaoradea.ro\/maghiara\/wp-json\/wp\/v2\/pages\/321","targetHints":{"allow":["GET"]}}],"collection":[{"href":"https:\/\/liceuldeartaoradea.ro\/maghiara\/wp-json\/wp\/v2\/pages"}],"about":[{"href":"https:\/\/liceuldeartaoradea.ro\/maghiara\/wp-json\/wp\/v2\/types\/page"}],"author":[{"embeddable":true,"href":"https:\/\/liceuldeartaoradea.ro\/maghiara\/wp-json\/wp\/v2\/users\/2"}],"replies":[{"embeddable":true,"href":"https:\/\/liceuldeartaoradea.ro\/maghiara\/wp-json\/wp\/v2\/comments?post=321"}],"version-history":[{"count":9,"href":"https:\/\/liceuldeartaoradea.ro\/maghiara\/wp-json\/wp\/v2\/pages\/321\/revisions"}],"predecessor-version":[{"id":799,"href":"https:\/\/liceuldeartaoradea.ro\/maghiara\/wp-json\/wp\/v2\/pages\/321\/revisions\/799"}],"wp:attachment":[{"href":"https:\/\/liceuldeartaoradea.ro\/maghiara\/wp-json\/wp\/v2\/media?parent=321"}],"curies":[{"name":"wp","href":"https:\/\/api.w.org\/{rel}","templated":true}]}}

Diákok &#8211; Líceum

<p>[et_pb_section fb_built=&#8221;1&#8243; _builder_version=&#8221;4.19.1&#8243; _module_preset=&#8221;default&#8221; global_colors_info=&#8221;{}&#8221;][et_pb_row _builder_version=&#8221;4.19.1&#8243; _module_preset=&#8221;default&#8221; global_colors_info=&#8221;{}&#8221;][et_pb_column type=&#8221;4_4&#8243; _builder_version=&#8221;4.19.1&#8243; _module_preset=&#8221;default&#8221; global_colors_info=&#8221;{}&#8221;][et_pb_text _builder_version=&#8221;4.19.1&#8243; _module_preset=&#8221;default&#8221; header_2_font=&#8221;Prata||||||||&#8221; header_2_font_size=&#8221;45px&#8221; global_colors_info=&#8221;{}&#8221;]</p>
<h2>Diákok &#8211; Líceum</h2>
<p>[/et_pb_text][/et_pb_column][/et_pb_row][et_pb_row column_structure=&#8221;1_2,1_2&#8243; _builder_version=&#8221;4.19.1&#8243; _module_preset=&#8221;default&#8221; global_colors_info=&#8221;{}&#8221;][et_pb_column type=&#8221;1_2&#8243; _builder_version=&#8221;4.19.1&#8243; _module_preset=&#8221;default&#8221; global_colors_info=&#8221;{}&#8221;][et_pb_text _builder_version=&#8221;4.19.1&#8243; _module_preset=&#8221;default&#8221; global_colors_info=&#8221;{}&#8221;]</p>
<h3>IX.D osztály – 2023 / 2024</h3>
<h4>Osztályfőnök: Domahidi Krisztina</h4>
<p>&nbsp;</p>
<h4>Diákok:</h4>
<p>x</p>
<p>[/et_pb_text][/et_pb_column][et_pb_column type=&#8221;1_2&#8243; _builder_version=&#8221;4.19.1&#8243; _module_preset=&#8221;default&#8221; global_colors_info=&#8221;{}&#8221;][et_pb_image src=&#8221;https://liceuldeartaoradea.ro/maghiara/wp-content/uploads/2021/05/logo_mic.png&#8221; title_text=&#8221;logo_mic&#8221; _builder_version=&#8221;4.19.1&#8243; _module_preset=&#8221;default&#8221; global_colors_info=&#8221;{}&#8221;][/et_pb_image][/et_pb_column][/et_pb_row][et_pb_row column_structure=&#8221;1_2,1_2&#8243; _builder_version=&#8221;4.19.1&#8243; _module_preset=&#8221;default&#8221; global_colors_info=&#8221;{}&#8221;][et_pb_column type=&#8221;1_2&#8243; _builder_version=&#8221;4.19.1&#8243; _module_preset=&#8221;default&#8221; global_colors_info=&#8221;{}&#8221;][et_pb_text _builder_version=&#8221;4.19.1&#8243; _module_preset=&#8221;default&#8221; global_colors_info=&#8221;{}&#8221;]</p>
<h3>IX.E osztály – 2023 / 2024</h3>
<h4>Osztályfőnök: Benczédi Mónika </h4>
<p>&nbsp;</p>
<h4>Diákok:</h4>
<p>x</p>
<p>[/et_pb_text][/et_pb_column][et_pb_column type=&#8221;1_2&#8243; _builder_version=&#8221;4.19.1&#8243; _module_preset=&#8221;default&#8221; global_colors_info=&#8221;{}&#8221;][et_pb_image src=&#8221;https://liceuldeartaoradea.ro/maghiara/wp-content/uploads/2023/09/Osztalykep-Bencedi-Monika-2023-2024.jpg&#8221; title_text=&#8221;Osztálykep &#8211; Bencedi Monika &#8211; 2023-2024&#8243; _builder_version=&#8221;4.19.1&#8243; _module_preset=&#8221;default&#8221; global_colors_info=&#8221;{}&#8221;][/et_pb_image][/et_pb_column][/et_pb_row][et_pb_row column_structure=&#8221;1_2,1_2&#8243; _builder_version=&#8221;4.19.1&#8243; _module_preset=&#8221;default&#8221; global_colors_info=&#8221;{}&#8221;][et_pb_column type=&#8221;1_2&#8243; _builder_version=&#8221;4.19.1&#8243; _module_preset=&#8221;default&#8221; global_colors_info=&#8221;{}&#8221;][et_pb_text _builder_version=&#8221;4.19.1&#8243; _module_preset=&#8221;default&#8221; global_colors_info=&#8221;{}&#8221;]</p>
<h3>X.D osztály – 2023 / 2024</h3>
<h4>Osztályfőnök: Rácz Eliza </h4>
<p>&nbsp;</p>
<h4>Diákok:</h4>
<p>x</p>
<p>[/et_pb_text][/et_pb_column][et_pb_column type=&#8221;1_2&#8243; _builder_version=&#8221;4.19.1&#8243; _module_preset=&#8221;default&#8221; global_colors_info=&#8221;{}&#8221;][et_pb_image src=&#8221;https://liceuldeartaoradea.ro/maghiara/wp-content/uploads/2023/09/Osztalykep-Racz-Eliza-2023-2024.jpg&#8221; title_text=&#8221;Osztálykep &#8211; Racz Eliza &#8211; 2023-2024&#8243; _builder_version=&#8221;4.19.1&#8243; _module_preset=&#8221;default&#8221; global_colors_info=&#8221;{}&#8221;][/et_pb_image][/et_pb_column][/et_pb_row][et_pb_row column_structure=&#8221;1_2,1_2&#8243; _builder_version=&#8221;4.19.1&#8243; _module_preset=&#8221;default&#8221; global_colors_info=&#8221;{}&#8221;][et_pb_column type=&#8221;1_2&#8243; _builder_version=&#8221;4.19.1&#8243; _module_preset=&#8221;default&#8221; global_colors_info=&#8221;{}&#8221;][et_pb_text _builder_version=&#8221;4.19.1&#8243; _module_preset=&#8221;default&#8221; global_colors_info=&#8221;{}&#8221;]</p>
<h3>X.E osztály – 2023 / 2024</h3>
<h4>Osztályfőnök: Rácz Ervin </h4>
<p>&nbsp;</p>
<h4>Diákok:</h4>
<p>x</p>
<p>[/et_pb_text][/et_pb_column][et_pb_column type=&#8221;1_2&#8243; _builder_version=&#8221;4.19.1&#8243; _module_preset=&#8221;default&#8221; global_colors_info=&#8221;{}&#8221;][et_pb_image src=&#8221;https://liceuldeartaoradea.ro/maghiara/wp-content/uploads/2023/09/Osztalykep-Racz-Ervin-2023-2024.jpg&#8221; title_text=&#8221;Osztálykep &#8211; Racz Ervin &#8211; 2023-2024&#8243; _builder_version=&#8221;4.19.1&#8243; _module_preset=&#8221;default&#8221; global_colors_info=&#8221;{}&#8221;][/et_pb_image][/et_pb_column][/et_pb_row][et_pb_row column_structure=&#8221;1_2,1_2&#8243; _builder_version=&#8221;4.19.1&#8243; _module_preset=&#8221;default&#8221; global_colors_info=&#8221;{}&#8221;][et_pb_column type=&#8221;1_2&#8243; _builder_version=&#8221;4.19.1&#8243; _module_preset=&#8221;default&#8221; global_colors_info=&#8221;{}&#8221;][et_pb_text _builder_version=&#8221;4.19.1&#8243; _module_preset=&#8221;default&#8221; global_colors_info=&#8221;{}&#8221;]</p>
<h3>XI.D osztály – 2023 / 2024</h3>
<h4>Osztályfőnök: Deák Irénke</h4>
<p>&nbsp;</p>
<h4>Diákok:</h4>
<p>x</p>
<p>[/et_pb_text][/et_pb_column][et_pb_column type=&#8221;1_2&#8243; _builder_version=&#8221;4.19.1&#8243; _module_preset=&#8221;default&#8221; global_colors_info=&#8221;{}&#8221;][et_pb_image src=&#8221;https://liceuldeartaoradea.ro/maghiara/wp-content/uploads/2023/10/Osztalykep-Deak-Irenke-2023-2024.jpg&#8221; title_text=&#8221;Osztálykép &#8211; Deák Irénke &#8211; 2023-2024&#8243; _builder_version=&#8221;4.19.1&#8243; _module_preset=&#8221;default&#8221; hover_enabled=&#8221;0&#8243; global_colors_info=&#8221;{}&#8221; sticky_enabled=&#8221;0&#8243;][/et_pb_image][/et_pb_column][/et_pb_row][et_pb_row column_structure=&#8221;1_2,1_2&#8243; _builder_version=&#8221;4.19.1&#8243; _module_preset=&#8221;default&#8221; global_colors_info=&#8221;{}&#8221;][et_pb_column type=&#8221;1_2&#8243; _builder_version=&#8221;4.19.1&#8243; _module_preset=&#8221;default&#8221; global_colors_info=&#8221;{}&#8221;][et_pb_text _builder_version=&#8221;4.19.1&#8243; _module_preset=&#8221;default&#8221; global_colors_info=&#8221;{}&#8221;]</p>
<h3>XI.E osztály – 2023 / 2024</h3>
<h4>Osztályfőnök: Nagy Viola</h4>
<p>&nbsp;</p>
<h4>Diákok:</h4>
<p>x</p>
<p>[/et_pb_text][/et_pb_column][et_pb_column type=&#8221;1_2&#8243; _builder_version=&#8221;4.19.1&#8243; _module_preset=&#8221;default&#8221; global_colors_info=&#8221;{}&#8221;][et_pb_image src=&#8221;https://liceuldeartaoradea.ro/maghiara/wp-content/uploads/2023/09/Osztalykep-Nagy-Viloa-2023-2024.jpg&#8221; title_text=&#8221;Osztálykep &#8211; Nagy Viloa &#8211; 2023-2024&#8243; _builder_version=&#8221;4.19.1&#8243; _module_preset=&#8221;default&#8221; global_colors_info=&#8221;{}&#8221;][/et_pb_image][/et_pb_column][/et_pb_row][et_pb_row column_structure=&#8221;1_2,1_2&#8243; _builder_version=&#8221;4.19.1&#8243; _module_preset=&#8221;default&#8221; global_colors_info=&#8221;{}&#8221;][et_pb_column type=&#8221;1_2&#8243; _builder_version=&#8221;4.19.1&#8243; _module_preset=&#8221;default&#8221; global_colors_info=&#8221;{}&#8221;][et_pb_text _builder_version=&#8221;4.19.1&#8243; _module_preset=&#8221;default&#8221; global_colors_info=&#8221;{}&#8221;]</p>
<h3>XII.D osztály – 2023 / 2024</h3>
<h4>Osztályfőnök: Somogyi Gabriella</h4>
<p>&nbsp;</p>
<h4>Diákok:</h4>
<p>x</p>
<p>[/et_pb_text][/et_pb_column][et_pb_column type=&#8221;1_2&#8243; _builder_version=&#8221;4.19.1&#8243; _module_preset=&#8221;default&#8221; global_colors_info=&#8221;{}&#8221;][et_pb_image src=&#8221;https://liceuldeartaoradea.ro/maghiara/wp-content/uploads/2023/09/Osztalykep-Somogyi-Gabriella-2023-2024.jpg&#8221; title_text=&#8221;Osztálykep &#8211; Somogyi Gabriella &#8211; 2023-2024&#8243; _builder_version=&#8221;4.19.1&#8243; _module_preset=&#8221;default&#8221; global_colors_info=&#8221;{}&#8221;][/et_pb_image][/et_pb_column][/et_pb_row][et_pb_row column_structure=&#8221;1_2,1_2&#8243; _builder_version=&#8221;4.19.1&#8243; _module_preset=&#8221;default&#8221; global_colors_info=&#8221;{}&#8221;][et_pb_column type=&#8221;1_2&#8243; _builder_version=&#8221;4.19.1&#8243; _module_preset=&#8221;default&#8221; global_colors_info=&#8221;{}&#8221;][et_pb_text _builder_version=&#8221;4.19.1&#8243; _module_preset=&#8221;default&#8221; global_colors_info=&#8221;{}&#8221;]</p>
<h3>XII.E osztály – 2023 / 2024</h3>
<h4>Osztályfőnök: Mados Andrea</h4>
<p>&nbsp;</p>
<h4>Diákok:</h4>
<p>x</p>
<p>[/et_pb_text][/et_pb_column][et_pb_column type=&#8221;1_2&#8243; _builder_version=&#8221;4.19.1&#8243; _module_preset=&#8221;default&#8221; global_colors_info=&#8221;{}&#8221;][et_pb_image src=&#8221;https://liceuldeartaoradea.ro/maghiara/wp-content/uploads/2023/09/Osztalykep-Mados-Andrea-2023-2024.jpg&#8221; title_text=&#8221;Osztálykep &#8211; Mados Andrea &#8211; 2023-2024&#8243; _builder_version=&#8221;4.19.1&#8243; _module_preset=&#8221;default&#8221; global_colors_info=&#8221;{}&#8221;][/et_pb_image][/et_pb_column][/et_pb_row][/et_pb_section]</p>

<p>Diákok &#8211; LíceumIX.D osztály – 2023 / 2024 Osztályfőnök: Domahidi Krisztina &nbsp; Diákok: xIX.E osztály – 2023 / 2024 Osztályfőnök: Benczédi Mónika  &nbsp; Diákok: xX.D osztály – 2023 / 2024 Osztályfőnök: Rácz Eliza  &nbsp; Diákok: xX.E osztály – 2023 / 2024 Osztályfőnök: Rácz Ervin  &nbsp; Diákok: xXI.D osztály – 2023 / 2024 Osztályfőnök: Deák Irénke [&hellip;]</p>
