{"id":38,"date":"2021-05-19T12:50:51","date_gmt":"2021-05-19T12:50:51","guid":{"rendered":"http:\/\/liceuldeartaoradea.ro\/maghiara\/?page_id=38"},"modified":"2026-04-14T16:21:20","modified_gmt":"2026-04-14T16:21:20","slug":"kulsos-osztaly","status":"publish","type":"page","link":"https:\/\/liceuldeartaoradea.ro\/maghiara\/kulsos-osztaly\/","title":{"rendered":"K\u00fcls\u0151s oszt\u00e1ly"},"content":{"rendered":"<p>[et_pb_section fb_built=&#8221;1&#8243; admin_label=&#8221;Header&#8221; _builder_version=&#8221;4.19.1&#8243; background_enable_image=&#8221;off&#8221; background_size=&#8221;initial&#8221; background_repeat=&#8221;repeat&#8221; global_colors_info=&#8221;{}&#8221;][et_pb_row _builder_version=&#8221;4.16&#8243; _module_preset=&#8221;default&#8221; global_colors_info=&#8221;{}&#8221;][et_pb_column type=&#8221;4_4&#8243; _builder_version=&#8221;4.16&#8243; _module_preset=&#8221;default&#8221; global_colors_info=&#8221;{}&#8221;][et_pb_text _builder_version=&#8221;4.19.1&#8243; _module_preset=&#8221;default&#8221; header_2_font=&#8221;Prata||||||||&#8221; header_2_font_size=&#8221;45px&#8221; global_colors_info=&#8221;{}&#8221;]<\/p>\n<h2>K\u00fcls\u0151s oszt\u00e1ly<\/h2>\n<p>[\/et_pb_text][et_pb_text _builder_version=&#8221;4.19.1&#8243; _module_preset=&#8221;default&#8221; global_colors_info=&#8221;{}&#8221;]<\/p>\n<h3>MIT JELENT K\u00dcLS\u0150S, ZENE SZAKOS TANUL\u00d3NAK LENNI A M\u0170V\u00c9SZETIBEN?<\/h3>\n<p>Mivel a zenei oktat\u00e1st m\u00e1r zsenge gyermekkorban javasolt \u00e9s \u00e9rdemes elkezdeni, ez\u00e9rt az elemi iskol\u00e1sok sz\u00e1m\u00e1ra is lehet\u0151s\u00e9get kell biztos\u00edtanunk a zenei k\u00e9pess\u00e9geik kibontakoztat\u00e1s\u00e1ra. Ez azt jelenti, hogy az els\u0151s di\u00e1kok egy m\u00e1sik magyar tannyelv\u0171 iskol\u00e1ban tanulnak, de emellett hangszer\u00f3r\u00e1kon (zongor\u00e1n vagy heged\u0171n), valamint zeneelm\u00e9let \u00f3rakon vesznek r\u00e9szt tanint\u00e9zm\u00e9ny\u00fcnkben. Mivel \u00e1llami oktat\u00e1sr\u00f3l besz\u00e9l\u00fcnk ez teljesen ingyenes.<\/p>\n<p>&nbsp;<\/p>\n<h3>HOGYAN V\u00c1LHAT VALAKI K\u00dcLS\u0150S, ZENE SZAKOS TANUL\u00d3V\u00c1?<\/h3>\n<p>Az els\u0151s, k\u00fcls\u0151s oszt\u00e1lyba val\u00f3 felv\u00e9telire minden \u00e9vben jelentkezhetnek azon di\u00e1kok, akik \u0151sszel els\u0151 oszt\u00e1lyt kezdenek (azaz a jelentkez\u00e9s el\u0151k\u00e9sz\u00edt\u0151 oszt\u00e1ly v\u00e9g\u00e9n t\u00f6rt\u00e9nik). Javasolt legk\u00e9s\u0151bb j\u00fanius 1-ig jelentkezni, el\u0151sz\u00f6r egy jelentkez\u00e9si \u0171rlap kit\u00f6lt\u00e9s\u00e9vel (ezt itt csatolva is megtal\u00e1lj\u00e1k, vagy megkaphatj\u00e1k iskol\u00e1nkba val\u00f3 l\u00e1togat\u00e1skor is). Ezt a jelentkez\u00e9si \u00farlapot a titk\u00e1rs\u00e1gon vagy a Pet\u0151fi Park melletti \u00e9p\u00fcletben, az igazgat\u00f3s\u00e1gon lehet beny\u00fajtani. A kis j\u00f6vend\u0151beli els\u0151s\u00f6k pedig egy tehets\u00e9gfelm\u00e9r\u0151n vesznek r\u00e9szt, ami tulajdonk\u00e9ppen a zenei k\u00e9pess\u00e9gek felm\u00e9r\u00e9s\u00e9b\u0151l \u00e1ll (hall\u00e1spr\u00f3ba, ritmus\u00e9rz\u00e9k, zenei eml\u00e9kezet). Semmi m\u00e1ssal nem kell k\u00e9sz\u00fclni a tehets\u00e9gfelm\u00e9r\u0151re, csak egy kis dalocsk\u00e1val.<\/p>\n<p>A felv\u00e9teli (tehets\u00e9gfelm\u00e9r\u0151) id\u0151pontj\u00e1t a beiratkoz\u00e1si id\u0151szakban k\u00f6z\u00f6lj\u00fck, k\u00e9rj\u00fck k\u00f6vess\u00e9k honlapunkat \u00e9s facebook oldalunkat.<\/p>\n<p>Amennyiben tov\u00e1bbi t\u00e1j\u00e9koztat\u00e1st ig\u00e9nyelnek a beiratkoz\u00e1ssal kapcsolatban, telefonon is el\u00e9rnek minket a 0359\/802305-\u00f6s telefonsz\u00e1mon, vagy szem\u00e9lyesen is ell\u00e1togathatnak a M\u0171v\u00e9szeti L\u00edceumba, h\u00e9tf\u0151t\u0151l cs\u00fct\u00f6rt\u00f6kig 8.00 \u00e9s 16.30 k\u00f6z\u00f6tt, valamint p\u00e9ntekenk\u00e9nt 8.00 \u00e9s 14.00 \u00f3ra k\u00f6z\u00f6tt.<\/p>\n<p>Szeretettel v\u00e1rjuk a tehets\u00e9ges di\u00e1kok jelentkez\u00e9s\u00e9t!<\/p>\n<p>&nbsp;<\/p>\n<h3>BEIRATKOZ\u00c1S A TEHETS\u00c9GFELM\u00c9R\u0150 PR\u00d3B\u00c1KRA<\/h3>\n<p>Beiratkoz\u00e1s <span style=\"color: #ff0000;\"><strong>2026. janu\u00e1r 31. &#8211; j\u0171nius 16., 8 \u00e9s 16.30 k\u00f6z\u00f6tt, p\u00e9nteki napokon 8 \u00e9s 14:00 k\u00f6z\u00f6tt<\/strong><\/span>, iskol\u00e1nk titk\u00e1rs\u00e1g\u00e1n (Nagyv\u00e1rad, Menumorut utca 33. sz\u00e1m, A \u00e9p\u00fclet, r\u00f6gt\u00f6n a bej\u00e1rat mellett, a Kanonok sor 23. sz\u00e1m alatt, vagy a Pet\u0151fi Park melletti \u00e9p\u00fclet\u00fcnkben az Igazgat\u00f3s\u00e1gon) &#8211; ID\u00c9N 2 OSZT\u00c1LY INDUL !!!<\/p>\n<p>&nbsp;<\/p>\n<h3>A FELV\u00c9TELI ID\u0150PONTJA<\/h3>\n<p>A felv\u00e9teli id\u0151pontja <span style=\"color: #ff0000;\"><strong>2026. j\u0171nius 16., 15.00 \u00f3r\u00e1t\u00f3l<\/strong><\/span>, a Kanonok sor 23. sz\u00e1m alatt.<\/p>\n<p>[\/et_pb_text][et_pb_video_slider _builder_version=&#8221;4.19.1&#8243; _module_preset=&#8221;default&#8221; box_shadow_style=&#8221;preset1&#8243; global_colors_info=&#8221;{}&#8221;][et_pb_video_slider_item src=&#8221;https:\/\/www.youtube.com\/watch?v=boU7pA__uV8&#8243; _builder_version=&#8221;4.19.1&#8243; _module_preset=&#8221;default&#8221; global_colors_info=&#8221;{}&#8221; show_image_overlay=&#8221;off&#8221;][\/et_pb_video_slider_item][et_pb_video_slider_item src=&#8221;https:\/\/www.youtube.com\/watch?v=Og34ImxoJzY&#8221; _builder_version=&#8221;4.19.1&#8243; _module_preset=&#8221;default&#8221; global_colors_info=&#8221;{}&#8221; show_image_overlay=&#8221;off&#8221;][\/et_pb_video_slider_item][et_pb_video_slider_item src=&#8221;https:\/\/www.youtube.com\/watch?v=vQKPp4mTBgA&#8221; _builder_version=&#8221;4.19.1&#8243; _module_preset=&#8221;default&#8221; global_colors_info=&#8221;{}&#8221; show_image_overlay=&#8221;off&#8221;][\/et_pb_video_slider_item][et_pb_video_slider_item src=&#8221;https:\/\/www.youtube.com\/watch?v=1uZfpxQ_uLs&#8221; _builder_version=&#8221;4.19.1&#8243; _module_preset=&#8221;default&#8221; global_colors_info=&#8221;{}&#8221; show_image_overlay=&#8221;off&#8221;][\/et_pb_video_slider_item][et_pb_video_slider_item src=&#8221;https:\/\/www.youtube.com\/watch?v=4FSQN2Vq5CU&#8221; _builder_version=&#8221;4.19.1&#8243; _module_preset=&#8221;default&#8221; global_colors_info=&#8221;{}&#8221; show_image_overlay=&#8221;off&#8221;][\/et_pb_video_slider_item][et_pb_video_slider_item src=&#8221;https:\/\/www.youtube.com\/watch?v=BH092rnSj3I&#8221; _builder_version=&#8221;4.19.1&#8243; _module_preset=&#8221;default&#8221; global_colors_info=&#8221;{}&#8221; show_image_overlay=&#8221;off&#8221;][\/et_pb_video_slider_item][et_pb_video_slider_item src=&#8221;https:\/\/www.youtube.com\/watch?v=8sxaYa2RQrs&#8221; _builder_version=&#8221;4.19.1&#8243; _module_preset=&#8221;default&#8221; global_colors_info=&#8221;{}&#8221; show_image_overlay=&#8221;off&#8221;][\/et_pb_video_slider_item][\/et_pb_video_slider][et_pb_divider color=&#8221;#8F8F8F&#8221; _builder_version=&#8221;4.19.1&#8243; _module_preset=&#8221;default&#8221; global_colors_info=&#8221;{}&#8221;][\/et_pb_divider][et_pb_text _builder_version=&#8221;4.19.1&#8243; _module_preset=&#8221;default&#8221; global_colors_info=&#8221;{}&#8221;]<\/p>\n<p><strong><a href=\"https:\/\/liceuldeartaoradea.ro\/maghiara\/wp-content\/uploads\/2022\/12\/Cerere-de-inscriere-in-clasa-I.docx\" target=\"_blank\" rel=\"noopener\">Jelentkez\u00e9si \u0171rlap (docx)<\/a><\/strong><\/p>\n<p><strong><a href=\"https:\/\/liceuldeartaoradea.ro\/maghiara\/wp-content\/uploads\/2022\/12\/Cerere-de-inscriere-in-clasa-I.pdf\" target=\"_blank\" rel=\"noopener\">Jelentkez\u00e9si \u0171rlap (pdf)<\/a><\/strong><\/p>\n<p>[\/et_pb_text][\/et_pb_column][\/et_pb_row][\/et_pb_section]<\/p>\n","protected":false},"excerpt":{"rendered":"<p>K\u00fcls\u0151s oszt\u00e1lyMIT JELENT K\u00dcLS\u0150S, ZENE SZAKOS TANUL\u00d3NAK LENNI A M\u0170V\u00c9SZETIBEN? Mivel a zenei oktat\u00e1st m\u00e1r zsenge gyermekkorban javasolt \u00e9s \u00e9rdemes elkezdeni, ez\u00e9rt az elemi iskol\u00e1sok sz\u00e1m\u00e1ra is lehet\u0151s\u00e9get kell biztos\u00edtanunk a zenei k\u00e9pess\u00e9geik kibontakoztat\u00e1s\u00e1ra. Ez azt jelenti, hogy az els\u0151s di\u00e1kok egy m\u00e1sik magyar tannyelv\u0171 iskol\u00e1ban tanulnak, de emellett hangszer\u00f3r\u00e1kon (zongor\u00e1n vagy heged\u0171n), valamint zeneelm\u00e9let [&hellip;]<\/p>\n","protected":false},"author":2,"featured_media":0,"parent":0,"menu_order":0,"comment_status":"closed","ping_status":"closed","template":"","meta":{"_et_pb_use_builder":"on","_et_pb_old_content":"","_et_gb_content_width":"","footnotes":""},"class_list":["post-38","page","type-page","status-publish","hentry"],"_links":{"self":[{"href":"https:\/\/liceuldeartaoradea.ro\/maghiara\/wp-json\/wp\/v2\/pages\/38","targetHints":{"allow":["GET"]}}],"collection":[{"href":"https:\/\/liceuldeartaoradea.ro\/maghiara\/wp-json\/wp\/v2\/pages"}],"about":[{"href":"https:\/\/liceuldeartaoradea.ro\/maghiara\/wp-json\/wp\/v2\/types\/page"}],"author":[{"embeddable":true,"href":"https:\/\/liceuldeartaoradea.ro\/maghiara\/wp-json\/wp\/v2\/users\/2"}],"replies":[{"embeddable":true,"href":"https:\/\/liceuldeartaoradea.ro\/maghiara\/wp-json\/wp\/v2\/comments?post=38"}],"version-history":[{"count":27,"href":"https:\/\/liceuldeartaoradea.ro\/maghiara\/wp-json\/wp\/v2\/pages\/38\/revisions"}],"predecessor-version":[{"id":946,"href":"https:\/\/liceuldeartaoradea.ro\/maghiara\/wp-json\/wp\/v2\/pages\/38\/revisions\/946"}],"wp:attachment":[{"href":"https:\/\/liceuldeartaoradea.ro\/maghiara\/wp-json\/wp\/v2\/media?parent=38"}],"curies":[{"name":"wp","href":"https:\/\/api.w.org\/{rel}","templated":true}]}}

Külsős osztály

<p>[et_pb_section fb_built=&#8221;1&#8243; admin_label=&#8221;Header&#8221; _builder_version=&#8221;4.19.1&#8243; background_enable_image=&#8221;off&#8221; background_size=&#8221;initial&#8221; background_repeat=&#8221;repeat&#8221; global_colors_info=&#8221;{}&#8221;][et_pb_row _builder_version=&#8221;4.16&#8243; _module_preset=&#8221;default&#8221; global_colors_info=&#8221;{}&#8221;][et_pb_column type=&#8221;4_4&#8243; _builder_version=&#8221;4.16&#8243; _module_preset=&#8221;default&#8221; global_colors_info=&#8221;{}&#8221;][et_pb_text _builder_version=&#8221;4.19.1&#8243; _module_preset=&#8221;default&#8221; header_2_font=&#8221;Prata||||||||&#8221; header_2_font_size=&#8221;45px&#8221; global_colors_info=&#8221;{}&#8221;]</p>
<h2>Külsős osztály</h2>
<p>[/et_pb_text][et_pb_text _builder_version=&#8221;4.19.1&#8243; _module_preset=&#8221;default&#8221; global_colors_info=&#8221;{}&#8221;]</p>
<h3>MIT JELENT KÜLSŐS, ZENE SZAKOS TANULÓNAK LENNI A MŰVÉSZETIBEN?</h3>
<p>Mivel a zenei oktatást már zsenge gyermekkorban javasolt és érdemes elkezdeni, ezért az elemi iskolások számára is lehetőséget kell biztosítanunk a zenei képességeik kibontakoztatására. Ez azt jelenti, hogy az elsős diákok egy másik magyar tannyelvű iskolában tanulnak, de emellett hangszerórákon (zongorán vagy hegedűn), valamint zeneelmélet órakon vesznek részt tanintézményünkben. Mivel állami oktatásról beszélünk ez teljesen ingyenes.</p>
<p>&nbsp;</p>
<h3>HOGYAN VÁLHAT VALAKI KÜLSŐS, ZENE SZAKOS TANULÓVÁ?</h3>
<p>Az elsős, külsős osztályba való felvételire minden évben jelentkezhetnek azon diákok, akik ősszel első osztályt kezdenek (azaz a jelentkezés előkészítő osztály végén történik). Javasolt legkésőbb június 1-ig jelentkezni, először egy jelentkezési űrlap kitöltésével (ezt itt csatolva is megtalálják, vagy megkaphatják iskolánkba való látogatáskor is). Ezt a jelentkezési úrlapot a titkárságon vagy a Petőfi Park melletti épületben, az igazgatóságon lehet benyújtani. A kis jövendőbeli elsősök pedig egy tehetségfelmérőn vesznek részt, ami tulajdonképpen a zenei képességek felméréséből áll (halláspróba, ritmusérzék, zenei emlékezet). Semmi mással nem kell készülni a tehetségfelmérőre, csak egy kis dalocskával.</p>
<p>A felvételi (tehetségfelmérő) időpontját a beiratkozási időszakban közöljük, kérjük kövessék honlapunkat és facebook oldalunkat.</p>
<p>Amennyiben további tájékoztatást igényelnek a beiratkozással kapcsolatban, telefonon is elérnek minket a 0359/802305-ös telefonszámon, vagy személyesen is ellátogathatnak a Művészeti Líceumba, hétfőtől csütörtökig 8.00 és 16.30 között, valamint péntekenként 8.00 és 14.00 óra között.</p>
<p>Szeretettel várjuk a tehetséges diákok jelentkezését!</p>
<p>&nbsp;</p>
<h3>BEIRATKOZÁS A TEHETSÉGFELMÉRŐ PRÓBÁKRA</h3>
<p>Beiratkozás <span style="color: #ff0000;"><strong>2026. január 31. &#8211; jűnius 16., 8 és 16.30 között, pénteki napokon 8 és 14:00 között</strong></span>, iskolánk titkárságán (Nagyvárad, Menumorut utca 33. szám, A épület, rögtön a bejárat mellett, a Kanonok sor 23. szám alatt, vagy a Petőfi Park melletti épületünkben az Igazgatóságon) &#8211; IDÉN 2 OSZTÁLY INDUL !!!</p>
<p>&nbsp;</p>
<h3>A FELVÉTELI IDŐPONTJA</h3>
<p>A felvételi időpontja <span style="color: #ff0000;"><strong>2026. jűnius 16., 15.00 órától</strong></span>, a Kanonok sor 23. szám alatt.</p>
<p>[/et_pb_text][et_pb_video_slider _builder_version=&#8221;4.19.1&#8243; _module_preset=&#8221;default&#8221; box_shadow_style=&#8221;preset1&#8243; global_colors_info=&#8221;{}&#8221;][et_pb_video_slider_item src=&#8221;https://www.youtube.com/watch?v=boU7pA__uV8&#8243; _builder_version=&#8221;4.19.1&#8243; _module_preset=&#8221;default&#8221; global_colors_info=&#8221;{}&#8221; show_image_overlay=&#8221;off&#8221;][/et_pb_video_slider_item][et_pb_video_slider_item src=&#8221;https://www.youtube.com/watch?v=Og34ImxoJzY&#8221; _builder_version=&#8221;4.19.1&#8243; _module_preset=&#8221;default&#8221; global_colors_info=&#8221;{}&#8221; show_image_overlay=&#8221;off&#8221;][/et_pb_video_slider_item][et_pb_video_slider_item src=&#8221;https://www.youtube.com/watch?v=vQKPp4mTBgA&#8221; _builder_version=&#8221;4.19.1&#8243; _module_preset=&#8221;default&#8221; global_colors_info=&#8221;{}&#8221; show_image_overlay=&#8221;off&#8221;][/et_pb_video_slider_item][et_pb_video_slider_item src=&#8221;https://www.youtube.com/watch?v=1uZfpxQ_uLs&#8221; _builder_version=&#8221;4.19.1&#8243; _module_preset=&#8221;default&#8221; global_colors_info=&#8221;{}&#8221; show_image_overlay=&#8221;off&#8221;][/et_pb_video_slider_item][et_pb_video_slider_item src=&#8221;https://www.youtube.com/watch?v=4FSQN2Vq5CU&#8221; _builder_version=&#8221;4.19.1&#8243; _module_preset=&#8221;default&#8221; global_colors_info=&#8221;{}&#8221; show_image_overlay=&#8221;off&#8221;][/et_pb_video_slider_item][et_pb_video_slider_item src=&#8221;https://www.youtube.com/watch?v=BH092rnSj3I&#8221; _builder_version=&#8221;4.19.1&#8243; _module_preset=&#8221;default&#8221; global_colors_info=&#8221;{}&#8221; show_image_overlay=&#8221;off&#8221;][/et_pb_video_slider_item][et_pb_video_slider_item src=&#8221;https://www.youtube.com/watch?v=8sxaYa2RQrs&#8221; _builder_version=&#8221;4.19.1&#8243; _module_preset=&#8221;default&#8221; global_colors_info=&#8221;{}&#8221; show_image_overlay=&#8221;off&#8221;][/et_pb_video_slider_item][/et_pb_video_slider][et_pb_divider color=&#8221;#8F8F8F&#8221; _builder_version=&#8221;4.19.1&#8243; _module_preset=&#8221;default&#8221; global_colors_info=&#8221;{}&#8221;][/et_pb_divider][et_pb_text _builder_version=&#8221;4.19.1&#8243; _module_preset=&#8221;default&#8221; global_colors_info=&#8221;{}&#8221;]</p>
<p><strong><a href="https://liceuldeartaoradea.ro/maghiara/wp-content/uploads/2022/12/Cerere-de-inscriere-in-clasa-I.docx" target="_blank" rel="noopener">Jelentkezési űrlap (docx)</a></strong></p>
<p><strong><a href="https://liceuldeartaoradea.ro/maghiara/wp-content/uploads/2022/12/Cerere-de-inscriere-in-clasa-I.pdf" target="_blank" rel="noopener">Jelentkezési űrlap (pdf)</a></strong></p>
<p>[/et_pb_text][/et_pb_column][/et_pb_row][/et_pb_section]</p>

<p>Külsős osztályMIT JELENT KÜLSŐS, ZENE SZAKOS TANULÓNAK LENNI A MŰVÉSZETIBEN? Mivel a zenei oktatást már zsenge gyermekkorban javasolt és érdemes elkezdeni, ezért az elemi iskolások számára is lehetőséget kell biztosítanunk a zenei képességeik kibontakoztatására. Ez azt jelenti, hogy az elsős diákok egy másik magyar tannyelvű iskolában tanulnak, de emellett hangszerórákon (zongorán vagy hegedűn), valamint zeneelmélet [&hellip;]</p>
