{"id":450,"date":"2023-01-27T17:36:49","date_gmt":"2023-01-27T17:36:49","guid":{"rendered":"https:\/\/liceuldeartaoradea.ro\/maghiara\/?page_id=450"},"modified":"2024-03-23T17:19:17","modified_gmt":"2024-03-23T17:19:17","slug":"bentlakas","status":"publish","type":"page","link":"https:\/\/liceuldeartaoradea.ro\/maghiara\/bentlakas\/","title":{"rendered":"Bentlak\u00e1s"},"content":{"rendered":"<p>[et_pb_section fb_built=&#8221;1&#8243; _builder_version=&#8221;4.19.1&#8243; _module_preset=&#8221;default&#8221; global_colors_info=&#8221;{}&#8221;][et_pb_row _builder_version=&#8221;4.19.1&#8243; _module_preset=&#8221;default&#8221; global_colors_info=&#8221;{}&#8221;][et_pb_column type=&#8221;4_4&#8243; _builder_version=&#8221;4.19.1&#8243; _module_preset=&#8221;default&#8221; global_colors_info=&#8221;{}&#8221;][et_pb_text _builder_version=&#8221;4.19.1&#8243; _module_preset=&#8221;default&#8221; header_2_font=&#8221;Prata||||||||&#8221; header_2_font_size=&#8221;45px&#8221; global_colors_info=&#8221;{}&#8221;]<\/p>\n<h2>Bentlak\u00e1s<\/h2>\n<p>[\/et_pb_text][et_pb_text _builder_version=&#8221;4.19.1&#8243; _module_preset=&#8221;default&#8221; global_colors_info=&#8221;{}&#8221;]<\/p>\n<h3>\u00c1LTAL\u00c1NOS TUDNIVAL\u00d3K<\/h3>\n<p>Iskol\u00e1nk tanul\u00f3i bentlak\u00e1si helyet ig\u00e9nyelhetnek, amelynek \u00e9p\u00fclete Nagyv\u00e1rad sz\u00edv\u00e9ben, a Tudor Vladimirescu utca, 42 sz\u00e1m alatt tal\u00e1lhat\u00f3.<\/p>\n<p>Az iskol\u00e1t\u00f3l gyalog 15 percre, korszer\u0171s\u00edtett \u00e9p\u00fclet v\u00e1rja a tanulni v\u00e1gy\u00f3kat.<\/p>\n<p>A\u00a0szob\u00e1k t\u00e1gasak \u00e9s k\u00e9nyelmesek. A fi\u00fak \u00e9s l\u00e1nyok k\u00fcl\u00f6n emeleten laknak, minden szob\u00e1nak k\u00fcl\u00f6n f\u00fcrd\u0151szob\u00e1ja van, a szob\u00e1ban \u00e1gyak, szekr\u00e9nyek \u00e9s asztalok vannak sz\u00e9kekkel.<\/p>\n<p>[\/et_pb_text][dsm_embed_google_map address=&#8221;Strada Tudor Vladimirescu 42, Oradea&#8221; zoom=&#8221;18&#8243; _builder_version=&#8221;4.19.1&#8243; _module_preset=&#8221;default&#8221; global_colors_info=&#8221;{}&#8221;][\/dsm_embed_google_map][et_pb_gallery _builder_version=&#8221;4.19.1&#8243; _module_preset=&#8221;default&#8221; gallery_ids=&#8221;834,835,836,837,838,839,841,842,840,843&#8243; box_shadow_style_image=&#8221;preset1&#8243; hover_enabled=&#8221;0&#8243; sticky_enabled=&#8221;0&#8243; title_font_size=&#8221;14px&#8221;][\/et_pb_gallery][et_pb_divider color=&#8221;#AFAFAF&#8221; _builder_version=&#8221;4.19.1&#8243; _module_preset=&#8221;default&#8221; global_colors_info=&#8221;{}&#8221;][\/et_pb_divider][et_pb_text _builder_version=&#8221;4.19.1&#8243; _module_preset=&#8221;default&#8221; global_colors_info=&#8221;{}&#8221;]<strong><a href=\"https:\/\/liceuldeartaoradea.ro\/maghiara\/wp-content\/uploads\/2023\/01\/Cerere-de-inscriere-pentru-loc-in-camin.docx\" target=\"_blank\" rel=\"noopener\">Jelentkez\u00e9si \u0171rlap (docx)<\/a><\/strong><\/p>\n<p><strong><a href=\"https:\/\/liceuldeartaoradea.ro\/maghiara\/wp-content\/uploads\/2023\/01\/Cerere-de-inscriere-pentru-loc-in-camin.pdf\" target=\"_blank\" rel=\"noopener\">Jelentkez\u00e9si \u0171rlap (pdf)<\/a><\/strong>[\/et_pb_text][\/et_pb_column][\/et_pb_row][\/et_pb_section]<\/p>\n","protected":false},"excerpt":{"rendered":"<p>Bentlak\u00e1s\u00c1LTAL\u00c1NOS TUDNIVAL\u00d3K Iskol\u00e1nk tanul\u00f3i bentlak\u00e1si helyet ig\u00e9nyelhetnek, amelynek \u00e9p\u00fclete Nagyv\u00e1rad sz\u00edv\u00e9ben, a Tudor Vladimirescu utca, 42 sz\u00e1m alatt tal\u00e1lhat\u00f3. Az iskol\u00e1t\u00f3l gyalog 15 percre, korszer\u0171s\u00edtett \u00e9p\u00fclet v\u00e1rja a tanulni v\u00e1gy\u00f3kat. A\u00a0szob\u00e1k t\u00e1gasak \u00e9s k\u00e9nyelmesek. A fi\u00fak \u00e9s l\u00e1nyok k\u00fcl\u00f6n emeleten laknak, minden szob\u00e1nak k\u00fcl\u00f6n f\u00fcrd\u0151szob\u00e1ja van, a szob\u00e1ban \u00e1gyak, szekr\u00e9nyek \u00e9s asztalok vannak sz\u00e9kekkel.<div class=\"et_pb_module dsm_embed_google_map dsm_embed_google_map_0\">\n\t\t\t\t\n\t\t\t\t\n\t\t\t\t\n\t\t\t\t\n\t\t\t\t\n\t\t\t\t\n\t\t\t\t<div class=\"et_pb_module_inner\">\n\t\t\t\t\t<iframe frameborder=\"0\" scrolling=\"no\" marginheight=\"0\" marginwidth=\"0\" src=\"https:\/\/maps.google.com\/maps?q=%26%238221%3BStrada&amp;t=m&amp;z=10&amp;output=embed&amp;iwloc=near&hl=en_US\" aria-label=\"&#8221;Strada\"><\/iframe>\n\t\t\t\t<\/div>\n\t\t\t<\/div><\/p>\n","protected":false},"author":2,"featured_media":0,"parent":0,"menu_order":0,"comment_status":"closed","ping_status":"closed","template":"","meta":{"_et_pb_use_builder":"on","_et_pb_old_content":"","_et_gb_content_width":"","footnotes":""},"class_list":["post-450","page","type-page","status-publish","hentry"],"_links":{"self":[{"href":"https:\/\/liceuldeartaoradea.ro\/maghiara\/wp-json\/wp\/v2\/pages\/450","targetHints":{"allow":["GET"]}}],"collection":[{"href":"https:\/\/liceuldeartaoradea.ro\/maghiara\/wp-json\/wp\/v2\/pages"}],"about":[{"href":"https:\/\/liceuldeartaoradea.ro\/maghiara\/wp-json\/wp\/v2\/types\/page"}],"author":[{"embeddable":true,"href":"https:\/\/liceuldeartaoradea.ro\/maghiara\/wp-json\/wp\/v2\/users\/2"}],"replies":[{"embeddable":true,"href":"https:\/\/liceuldeartaoradea.ro\/maghiara\/wp-json\/wp\/v2\/comments?post=450"}],"version-history":[{"count":10,"href":"https:\/\/liceuldeartaoradea.ro\/maghiara\/wp-json\/wp\/v2\/pages\/450\/revisions"}],"predecessor-version":[{"id":845,"href":"https:\/\/liceuldeartaoradea.ro\/maghiara\/wp-json\/wp\/v2\/pages\/450\/revisions\/845"}],"wp:attachment":[{"href":"https:\/\/liceuldeartaoradea.ro\/maghiara\/wp-json\/wp\/v2\/media?parent=450"}],"curies":[{"name":"wp","href":"https:\/\/api.w.org\/{rel}","templated":true}]}}

Bentlakás

<p>[et_pb_section fb_built=&#8221;1&#8243; _builder_version=&#8221;4.19.1&#8243; _module_preset=&#8221;default&#8221; global_colors_info=&#8221;{}&#8221;][et_pb_row _builder_version=&#8221;4.19.1&#8243; _module_preset=&#8221;default&#8221; global_colors_info=&#8221;{}&#8221;][et_pb_column type=&#8221;4_4&#8243; _builder_version=&#8221;4.19.1&#8243; _module_preset=&#8221;default&#8221; global_colors_info=&#8221;{}&#8221;][et_pb_text _builder_version=&#8221;4.19.1&#8243; _module_preset=&#8221;default&#8221; header_2_font=&#8221;Prata||||||||&#8221; header_2_font_size=&#8221;45px&#8221; global_colors_info=&#8221;{}&#8221;]</p>
<h2>Bentlakás</h2>
<p>[/et_pb_text][et_pb_text _builder_version=&#8221;4.19.1&#8243; _module_preset=&#8221;default&#8221; global_colors_info=&#8221;{}&#8221;]</p>
<h3>ÁLTALÁNOS TUDNIVALÓK</h3>
<p>Iskolánk tanulói bentlakási helyet igényelhetnek, amelynek épülete Nagyvárad szívében, a Tudor Vladimirescu utca, 42 szám alatt található.</p>
<p>Az iskolától gyalog 15 percre, korszerűsített épület várja a tanulni vágyókat.</p>
<p>A szobák tágasak és kényelmesek. A fiúk és lányok külön emeleten laknak, minden szobának külön fürdőszobája van, a szobában ágyak, szekrények és asztalok vannak székekkel.</p>
<p>[/et_pb_text][dsm_embed_google_map address=&#8221;Strada Tudor Vladimirescu 42, Oradea&#8221; zoom=&#8221;18&#8243; _builder_version=&#8221;4.19.1&#8243; _module_preset=&#8221;default&#8221; global_colors_info=&#8221;{}&#8221;][/dsm_embed_google_map][et_pb_gallery _builder_version=&#8221;4.19.1&#8243; _module_preset=&#8221;default&#8221; gallery_ids=&#8221;834,835,836,837,838,839,841,842,840,843&#8243; box_shadow_style_image=&#8221;preset1&#8243; hover_enabled=&#8221;0&#8243; sticky_enabled=&#8221;0&#8243; title_font_size=&#8221;14px&#8221;][/et_pb_gallery][et_pb_divider color=&#8221;#AFAFAF&#8221; _builder_version=&#8221;4.19.1&#8243; _module_preset=&#8221;default&#8221; global_colors_info=&#8221;{}&#8221;][/et_pb_divider][et_pb_text _builder_version=&#8221;4.19.1&#8243; _module_preset=&#8221;default&#8221; global_colors_info=&#8221;{}&#8221;]<strong><a href="https://liceuldeartaoradea.ro/maghiara/wp-content/uploads/2023/01/Cerere-de-inscriere-pentru-loc-in-camin.docx" target="_blank" rel="noopener">Jelentkezési űrlap (docx)</a></strong></p>
<p><strong><a href="https://liceuldeartaoradea.ro/maghiara/wp-content/uploads/2023/01/Cerere-de-inscriere-pentru-loc-in-camin.pdf" target="_blank" rel="noopener">Jelentkezési űrlap (pdf)</a></strong>[/et_pb_text][/et_pb_column][/et_pb_row][/et_pb_section]</p>

<p>BentlakásÁLTALÁNOS TUDNIVALÓK Iskolánk tanulói bentlakási helyet igényelhetnek, amelynek épülete Nagyvárad szívében, a Tudor Vladimirescu utca, 42 szám alatt található. Az iskolától gyalog 15 percre, korszerűsített épület várja a tanulni vágyókat. A szobák tágasak és kényelmesek. A fiúk és lányok külön emeleten laknak, minden szobának külön fürdőszobája van, a szobában ágyak, szekrények és asztalok vannak székekkel.<div class="et_pb_module dsm_embed_google_map dsm_embed_google_map_0">
				
				
				
				
				
				
				<div class="et_pb_module_inner">
					<iframe frameborder="0" scrolling="no" marginheight="0" marginwidth="0" src="https://maps.google.com/maps?q=%26%238221%3BStrada&amp;t=m&amp;z=10&amp;output=embed&amp;iwloc=near&hl=en_US" aria-label="&#8221;Strada"></iframe>
				</div>
			</div></p>
