{"id":454,"date":"2023-01-27T17:35:00","date_gmt":"2023-01-27T17:35:00","guid":{"rendered":"https:\/\/liceuldeartaoradea.ro\/maghiara\/?page_id=454"},"modified":"2023-02-04T09:19:38","modified_gmt":"2023-02-04T09:19:38","slug":"bartok-belara-emlekezunk","status":"publish","type":"page","link":"https:\/\/liceuldeartaoradea.ro\/maghiara\/bartok-belara-emlekezunk\/","title":{"rendered":"Bart\u00f3k B\u00e9l\u00e1ra eml\u00e9kez\u00fcnk"},"content":{"rendered":"<p>[et_pb_section fb_built=&#8221;1&#8243; _builder_version=&#8221;4.19.1&#8243; _module_preset=&#8221;default&#8221; global_colors_info=&#8221;{}&#8221;][et_pb_row _builder_version=&#8221;4.19.1&#8243; _module_preset=&#8221;default&#8221; global_colors_info=&#8221;{}&#8221;][et_pb_column type=&#8221;4_4&#8243; _builder_version=&#8221;4.19.1&#8243; _module_preset=&#8221;default&#8221; global_colors_info=&#8221;{}&#8221;][et_pb_text _builder_version=&#8221;4.19.1&#8243; _module_preset=&#8221;default&#8221; header_font=&#8221;||||||||&#8221; header_2_font=&#8221;Prata||||||||&#8221; header_2_font_size=&#8221;45px&#8221; hover_enabled=&#8221;0&#8243; global_colors_info=&#8221;{}&#8221; sticky_enabled=&#8221;0&#8243;]<\/p>\n<h2>Bart\u00f3k B\u00e9l\u00e1ra eml\u00e9kez\u00fcnk<\/h2>\n<p>[\/et_pb_text][et_pb_text _builder_version=&#8221;4.19.1&#8243; _module_preset=&#8221;default&#8221; global_colors_info=&#8221;{}&#8221;]<\/p>\n<h3>KONCERT \u00c9S A FELL\u00c9P\u0150K JUTALMAZ\u00c1SA<\/h3>\n<p><span>M\u00e1rcius 25-\u00e9n, 12 \u00f3rai kezdettel Bart\u00f3k B\u00e9la sz\u00fclet\u00e9s\u00e9nek 138-ik \u00e9vfodul\u00f3j\u00e1n a Nagyv\u00e1radi M\u0171v\u00e9szeti L\u00edceum vezet\u0151s\u00e9ge koncerttel egybek\u00f6t\u00f6tt \u00e9letrajzi ismertet\u0151re h\u00edvja az \u00e9rdekl\u0151d\u0151ket iskol\u00e1nk d\u00edszterm\u00e9be, ahol a tehets\u00e9ges di\u00e1kok jutalmaz\u00e1s\u00e1ra is sor ker\u00fcl. Fontos k\u00fcldet\u00e9s\u00fcnk Bart\u00f3k B\u00e9la \u00e9letm\u0171v\u00e9nek n\u00e9pszer\u0171s\u00edt\u00e9se, hogy ezzel is hozz\u00e1j\u00e1ruljunk az \u0151 m\u0171v\u00e9szet\u00e9nek sz\u00e9lesebb k\u00f6r\u0171 megismertet\u00e9s\u00e9hez.<\/span><\/p>\n<p><span>Bart\u00f3k B\u00e9la a XX. Sz\u00e1zad egyik legjelent\u0151sebb zeneszerz\u0151je, ez\u00e9rt is k\u00f6telesek vagyunk eml\u00e9k\u00e9t \u00e1polni, munk\u00e1ss\u00e1g\u00e1t hangs\u00falyozni. <\/span><\/p>\n<p><span>\u00dagy gondoljuk, hogy iskol\u00e1nk a legm\u00e9lt\u00f3bb int\u00e9zm\u00e9ny arra, hogy ezt megtegye. <\/span><\/p>\n<p><span>Mivel tudjuk, hogy Bart\u00f3k m\u00e1s nemzetis\u00e9g\u0171ek, mint p\u00e9ld\u00e1ul a rom\u00e1n n\u00e9pzen\u00e9t is is gy\u0171jt\u00f6tte pld. Bel\u00e9nyes k\u00f6rny\u00e9k\u00e9n, egy \u00f6sszek\u00f6t\u0151 kapocs is lehet a di\u00e1kok k\u00f6z\u00f6tt, a k\u00fcl\u00f6nb\u00f6z\u0151 nemzetis\u00e9g\u0171: magyar-rom\u00e1n emberek k\u00f6z\u00f6tt. <\/span><\/p>\n<p>Az esem\u00e9ny n\u00e9vad\u00f3ja, Bart\u00f3k B\u00e9la, a magyar \u00e9s egyetemes zenet\u00f6rt\u00e9net kiemelked\u0151 alakja a Temes megyei Nagyszentmikl\u00f3son sz\u00fcletett, 1881. m\u00e1rcius 25-\u00e9n.<\/p>\n<p>[\/et_pb_text][et_pb_gallery gallery_ids=&#8221;489,486,487,488,491,490,495,494&#8243; _builder_version=&#8221;4.19.1&#8243; _module_preset=&#8221;default&#8221; title_font_size=&#8221;14px&#8221; box_shadow_style_image=&#8221;preset1&#8243; global_colors_info=&#8221;{}&#8221;][\/et_pb_gallery][\/et_pb_column][\/et_pb_row][\/et_pb_section]<\/p>\n","protected":false},"excerpt":{"rendered":"<p>Bart\u00f3k B\u00e9l\u00e1ra eml\u00e9kez\u00fcnkKONCERT \u00c9S A FELL\u00c9P\u0150K JUTALMAZ\u00c1SA M\u00e1rcius 25-\u00e9n, 12 \u00f3rai kezdettel Bart\u00f3k B\u00e9la sz\u00fclet\u00e9s\u00e9nek 138-ik \u00e9vfodul\u00f3j\u00e1n a Nagyv\u00e1radi M\u0171v\u00e9szeti L\u00edceum vezet\u0151s\u00e9ge koncerttel egybek\u00f6t\u00f6tt \u00e9letrajzi ismertet\u0151re h\u00edvja az \u00e9rdekl\u0151d\u0151ket iskol\u00e1nk d\u00edszterm\u00e9be, ahol a tehets\u00e9ges di\u00e1kok jutalmaz\u00e1s\u00e1ra is sor ker\u00fcl. Fontos k\u00fcldet\u00e9s\u00fcnk Bart\u00f3k B\u00e9la \u00e9letm\u0171v\u00e9nek n\u00e9pszer\u0171s\u00edt\u00e9se, hogy ezzel is hozz\u00e1j\u00e1ruljunk az \u0151 m\u0171v\u00e9szet\u00e9nek sz\u00e9lesebb k\u00f6r\u0171 megismertet\u00e9s\u00e9hez. [&hellip;]<\/p>\n","protected":false},"author":2,"featured_media":0,"parent":0,"menu_order":0,"comment_status":"closed","ping_status":"closed","template":"","meta":{"_et_pb_use_builder":"on","_et_pb_old_content":"<!-- wp:divi\/placeholder \/-->","_et_gb_content_width":"","footnotes":""},"class_list":["post-454","page","type-page","status-publish","hentry"],"_links":{"self":[{"href":"https:\/\/liceuldeartaoradea.ro\/maghiara\/wp-json\/wp\/v2\/pages\/454","targetHints":{"allow":["GET"]}}],"collection":[{"href":"https:\/\/liceuldeartaoradea.ro\/maghiara\/wp-json\/wp\/v2\/pages"}],"about":[{"href":"https:\/\/liceuldeartaoradea.ro\/maghiara\/wp-json\/wp\/v2\/types\/page"}],"author":[{"embeddable":true,"href":"https:\/\/liceuldeartaoradea.ro\/maghiara\/wp-json\/wp\/v2\/users\/2"}],"replies":[{"embeddable":true,"href":"https:\/\/liceuldeartaoradea.ro\/maghiara\/wp-json\/wp\/v2\/comments?post=454"}],"version-history":[{"count":9,"href":"https:\/\/liceuldeartaoradea.ro\/maghiara\/wp-json\/wp\/v2\/pages\/454\/revisions"}],"predecessor-version":[{"id":572,"href":"https:\/\/liceuldeartaoradea.ro\/maghiara\/wp-json\/wp\/v2\/pages\/454\/revisions\/572"}],"wp:attachment":[{"href":"https:\/\/liceuldeartaoradea.ro\/maghiara\/wp-json\/wp\/v2\/media?parent=454"}],"curies":[{"name":"wp","href":"https:\/\/api.w.org\/{rel}","templated":true}]}}

Bartók Bélára emlékezünk

<p>[et_pb_section fb_built=&#8221;1&#8243; _builder_version=&#8221;4.19.1&#8243; _module_preset=&#8221;default&#8221; global_colors_info=&#8221;{}&#8221;][et_pb_row _builder_version=&#8221;4.19.1&#8243; _module_preset=&#8221;default&#8221; global_colors_info=&#8221;{}&#8221;][et_pb_column type=&#8221;4_4&#8243; _builder_version=&#8221;4.19.1&#8243; _module_preset=&#8221;default&#8221; global_colors_info=&#8221;{}&#8221;][et_pb_text _builder_version=&#8221;4.19.1&#8243; _module_preset=&#8221;default&#8221; header_font=&#8221;||||||||&#8221; header_2_font=&#8221;Prata||||||||&#8221; header_2_font_size=&#8221;45px&#8221; hover_enabled=&#8221;0&#8243; global_colors_info=&#8221;{}&#8221; sticky_enabled=&#8221;0&#8243;]</p>
<h2>Bartók Bélára emlékezünk</h2>
<p>[/et_pb_text][et_pb_text _builder_version=&#8221;4.19.1&#8243; _module_preset=&#8221;default&#8221; global_colors_info=&#8221;{}&#8221;]</p>
<h3>KONCERT ÉS A FELLÉPŐK JUTALMAZÁSA</h3>
<p><span>Március 25-én, 12 órai kezdettel Bartók Béla születésének 138-ik évfodulóján a Nagyváradi Művészeti Líceum vezetősége koncerttel egybekötött életrajzi ismertetőre hívja az érdeklődőket iskolánk dísztermébe, ahol a tehetséges diákok jutalmazására is sor kerül. Fontos küldetésünk Bartók Béla életművének népszerűsítése, hogy ezzel is hozzájáruljunk az ő művészetének szélesebb körű megismertetéséhez.</span></p>
<p><span>Bartók Béla a XX. Század egyik legjelentősebb zeneszerzője, ezért is kötelesek vagyunk emlékét ápolni, munkásságát hangsúlyozni. </span></p>
<p><span>Úgy gondoljuk, hogy iskolánk a legméltóbb intézmény arra, hogy ezt megtegye. </span></p>
<p><span>Mivel tudjuk, hogy Bartók más nemzetiségűek, mint például a román népzenét is is gyűjtötte pld. Belényes környékén, egy összekötő kapocs is lehet a diákok között, a különböző nemzetiségű: magyar-román emberek között. </span></p>
<p>Az esemény névadója, Bartók Béla, a magyar és egyetemes zenetörténet kiemelkedő alakja a Temes megyei Nagyszentmiklóson született, 1881. március 25-én.</p>
<p>[/et_pb_text][et_pb_gallery gallery_ids=&#8221;489,486,487,488,491,490,495,494&#8243; _builder_version=&#8221;4.19.1&#8243; _module_preset=&#8221;default&#8221; title_font_size=&#8221;14px&#8221; box_shadow_style_image=&#8221;preset1&#8243; global_colors_info=&#8221;{}&#8221;][/et_pb_gallery][/et_pb_column][/et_pb_row][/et_pb_section]</p>

<p>Bartók Bélára emlékezünkKONCERT ÉS A FELLÉPŐK JUTALMAZÁSA Március 25-én, 12 órai kezdettel Bartók Béla születésének 138-ik évfodulóján a Nagyváradi Művészeti Líceum vezetősége koncerttel egybekötött életrajzi ismertetőre hívja az érdeklődőket iskolánk dísztermébe, ahol a tehetséges diákok jutalmazására is sor kerül. Fontos küldetésünk Bartók Béla életművének népszerűsítése, hogy ezzel is hozzájáruljunk az ő művészetének szélesebb körű megismertetéséhez. [&hellip;]</p>
