{"id":456,"date":"2023-01-27T17:40:18","date_gmt":"2023-01-27T17:40:18","guid":{"rendered":"https:\/\/liceuldeartaoradea.ro\/maghiara\/?page_id=456"},"modified":"2023-02-04T09:20:13","modified_gmt":"2023-02-04T09:20:13","slug":"varazsoljuk-evszakhoz-illonek-az-iskolaudvart","status":"publish","type":"page","link":"https:\/\/liceuldeartaoradea.ro\/maghiara\/varazsoljuk-evszakhoz-illonek-az-iskolaudvart\/","title":{"rendered":"Var\u00e1zsoljuk \u00e9vszakhoz ill\u0151nek az iskolaudvart"},"content":{"rendered":"<p>[et_pb_section fb_built=&#8221;1&#8243; _builder_version=&#8221;4.19.1&#8243; _module_preset=&#8221;default&#8221; global_colors_info=&#8221;{}&#8221;][et_pb_row _builder_version=&#8221;4.19.1&#8243; _module_preset=&#8221;default&#8221; global_colors_info=&#8221;{}&#8221;][et_pb_column type=&#8221;4_4&#8243; _builder_version=&#8221;4.19.1&#8243; _module_preset=&#8221;default&#8221; global_colors_info=&#8221;{}&#8221;][et_pb_text _builder_version=&#8221;4.19.1&#8243; _module_preset=&#8221;default&#8221; header_2_font=&#8221;Prata||||||||&#8221; header_2_font_size=&#8221;45px&#8221; hover_enabled=&#8221;0&#8243; global_colors_info=&#8221;{}&#8221; sticky_enabled=&#8221;0&#8243;]<\/p>\n<h2>Var\u00e1zsoljuk \u00e9vszakhoz ill\u0151nek az iskolaudvart!<\/h2>\n<p>[\/et_pb_text][et_pb_text _builder_version=&#8221;4.19.1&#8243; _module_preset=&#8221;default&#8221; global_colors_info=&#8221;{}&#8221;]<\/p>\n<h3><span>2022 \u0150SZE<\/span><\/h3>\n<p><span>Iskol\u00e1nk VI. C oszt\u00e1lyos tanul\u00f3i, oszt\u00e1lyf\u0151n\u00f6k\u00fck, Kov\u00e1cs Anett tan\u00e1rn\u0151 ir\u00e1ny\u00edt\u00e1s\u00e1val, \u0151szi pomp\u00e1ba \u00f6lt\u00f6ztett\u00e9k az iskolaudvart!<\/span><\/p>\n<p>[\/et_pb_text][et_pb_gallery gallery_ids=&#8221;507,501,500,499,503,506,505,504,502,508&#8243; _builder_version=&#8221;4.19.1&#8243; _module_preset=&#8221;default&#8221; title_font_size=&#8221;14px&#8221; box_shadow_style_image=&#8221;preset1&#8243; global_colors_info=&#8221;{}&#8221;][\/et_pb_gallery][\/et_pb_column][\/et_pb_row][\/et_pb_section]<\/p>\n","protected":false},"excerpt":{"rendered":"<p>Var\u00e1zsoljuk \u00e9vszakhoz ill\u0151nek az iskolaudvart!2022 \u0150SZE Iskol\u00e1nk VI. C oszt\u00e1lyos tanul\u00f3i, oszt\u00e1lyf\u0151n\u00f6k\u00fck, Kov\u00e1cs Anett tan\u00e1rn\u0151 ir\u00e1ny\u00edt\u00e1s\u00e1val, \u0151szi pomp\u00e1ba \u00f6lt\u00f6ztett\u00e9k az iskolaudvart!<\/p>\n","protected":false},"author":2,"featured_media":0,"parent":0,"menu_order":0,"comment_status":"closed","ping_status":"closed","template":"","meta":{"_et_pb_use_builder":"on","_et_pb_old_content":"<!-- wp:divi\/placeholder \/-->","_et_gb_content_width":"","footnotes":""},"class_list":["post-456","page","type-page","status-publish","hentry"],"_links":{"self":[{"href":"https:\/\/liceuldeartaoradea.ro\/maghiara\/wp-json\/wp\/v2\/pages\/456","targetHints":{"allow":["GET"]}}],"collection":[{"href":"https:\/\/liceuldeartaoradea.ro\/maghiara\/wp-json\/wp\/v2\/pages"}],"about":[{"href":"https:\/\/liceuldeartaoradea.ro\/maghiara\/wp-json\/wp\/v2\/types\/page"}],"author":[{"embeddable":true,"href":"https:\/\/liceuldeartaoradea.ro\/maghiara\/wp-json\/wp\/v2\/users\/2"}],"replies":[{"embeddable":true,"href":"https:\/\/liceuldeartaoradea.ro\/maghiara\/wp-json\/wp\/v2\/comments?post=456"}],"version-history":[{"count":6,"href":"https:\/\/liceuldeartaoradea.ro\/maghiara\/wp-json\/wp\/v2\/pages\/456\/revisions"}],"predecessor-version":[{"id":573,"href":"https:\/\/liceuldeartaoradea.ro\/maghiara\/wp-json\/wp\/v2\/pages\/456\/revisions\/573"}],"wp:attachment":[{"href":"https:\/\/liceuldeartaoradea.ro\/maghiara\/wp-json\/wp\/v2\/media?parent=456"}],"curies":[{"name":"wp","href":"https:\/\/api.w.org\/{rel}","templated":true}]}}

Varázsoljuk évszakhoz illőnek az iskolaudvart

<p>[et_pb_section fb_built=&#8221;1&#8243; _builder_version=&#8221;4.19.1&#8243; _module_preset=&#8221;default&#8221; global_colors_info=&#8221;{}&#8221;][et_pb_row _builder_version=&#8221;4.19.1&#8243; _module_preset=&#8221;default&#8221; global_colors_info=&#8221;{}&#8221;][et_pb_column type=&#8221;4_4&#8243; _builder_version=&#8221;4.19.1&#8243; _module_preset=&#8221;default&#8221; global_colors_info=&#8221;{}&#8221;][et_pb_text _builder_version=&#8221;4.19.1&#8243; _module_preset=&#8221;default&#8221; header_2_font=&#8221;Prata||||||||&#8221; header_2_font_size=&#8221;45px&#8221; hover_enabled=&#8221;0&#8243; global_colors_info=&#8221;{}&#8221; sticky_enabled=&#8221;0&#8243;]</p>
<h2>Varázsoljuk évszakhoz illőnek az iskolaudvart!</h2>
<p>[/et_pb_text][et_pb_text _builder_version=&#8221;4.19.1&#8243; _module_preset=&#8221;default&#8221; global_colors_info=&#8221;{}&#8221;]</p>
<h3><span>2022 ŐSZE</span></h3>
<p><span>Iskolánk VI. C osztályos tanulói, osztályfőnökük, Kovács Anett tanárnő irányításával, őszi pompába öltöztették az iskolaudvart!</span></p>
<p>[/et_pb_text][et_pb_gallery gallery_ids=&#8221;507,501,500,499,503,506,505,504,502,508&#8243; _builder_version=&#8221;4.19.1&#8243; _module_preset=&#8221;default&#8221; title_font_size=&#8221;14px&#8221; box_shadow_style_image=&#8221;preset1&#8243; global_colors_info=&#8221;{}&#8221;][/et_pb_gallery][/et_pb_column][/et_pb_row][/et_pb_section]</p>

<p>Varázsoljuk évszakhoz illőnek az iskolaudvart!2022 ŐSZE Iskolánk VI. C osztályos tanulói, osztályfőnökük, Kovács Anett tanárnő irányításával, őszi pompába öltöztették az iskolaudvart!</p>
