{"id":46,"date":"2021-05-19T12:57:18","date_gmt":"2021-05-19T12:57:18","guid":{"rendered":"http:\/\/liceuldeartaoradea.ro\/maghiara\/?page_id=46"},"modified":"2026-04-14T16:14:30","modified_gmt":"2026-04-14T16:14:30","slug":"gimnazium-zene-es-kepzomuveszet-szak","status":"publish","type":"page","link":"https:\/\/liceuldeartaoradea.ro\/maghiara\/gimnazium-zene-es-kepzomuveszet-szak\/","title":{"rendered":"Gimn\u00e1zium &#8211; Zene \u00e9s k\u00e9pz\u0151m\u0171v\u00e9szet szak"},"content":{"rendered":"<p>[et_pb_section fb_built=&#8221;1&#8243; admin_label=&#8221;Header&#8221; _builder_version=&#8221;4.19.1&#8243; background_enable_image=&#8221;off&#8221; background_size=&#8221;initial&#8221; background_repeat=&#8221;repeat&#8221; global_colors_info=&#8221;{}&#8221;][et_pb_row _builder_version=&#8221;4.19.1&#8243; _module_preset=&#8221;default&#8221; global_colors_info=&#8221;{}&#8221;][et_pb_column type=&#8221;4_4&#8243; _builder_version=&#8221;4.19.1&#8243; _module_preset=&#8221;default&#8221; global_colors_info=&#8221;{}&#8221;][et_pb_text _builder_version=&#8221;4.19.1&#8243; text_font=&#8221;||||||||&#8221; header_font=&#8221;||||||||&#8221; header_2_font=&#8221;Prata|500|||||||&#8221; header_2_text_align=&#8221;left&#8221; header_2_font_size=&#8221;45px&#8221; header_2_line_height=&#8221;1.3em&#8221; transform_translate_linked=&#8221;off&#8221; max_width=&#8221;100%&#8221; max_width_tablet=&#8221;70%&#8221; max_width_last_edited=&#8221;off|phone&#8221; header_2_font_size_tablet=&#8221;45px&#8221; header_2_font_size_phone=&#8221;45px&#8221; header_2_font_size_last_edited=&#8221;on|phone&#8221; global_colors_info=&#8221;{}&#8221;]<\/p>\n<h2><span>Gimn\u00e1zium &#8211; Zene \u00e9s k\u00e9pz\u0151m\u0171v\u00e9szet<\/span><\/h2>\n<p>[\/et_pb_text][et_pb_text _builder_version=&#8221;4.19.1&#8243; _module_preset=&#8221;default&#8221; global_colors_info=&#8221;{}&#8221;]<\/p>\n<h2><strong>A ZENE SZAK R\u00d6VID BEMUTAT\u00c1SA<\/strong><\/h2>\n<p>[\/et_pb_text][et_pb_video_slider _builder_version=&#8221;4.19.1&#8243; _module_preset=&#8221;default&#8221; box_shadow_style=&#8221;preset1&#8243; global_colors_info=&#8221;{}&#8221;][et_pb_video_slider_item src=&#8221;https:\/\/youtu.be\/-PH_Sykqad8&#8243; _builder_version=&#8221;4.19.1&#8243; _module_preset=&#8221;default&#8221; global_colors_info=&#8221;{}&#8221; show_image_overlay=&#8221;off&#8221;][\/et_pb_video_slider_item][et_pb_video_slider_item src=&#8221;https:\/\/www.youtube.com\/watch?v=uSLcs1c3u5U&#8221; _builder_version=&#8221;4.19.1&#8243; _module_preset=&#8221;default&#8221; global_colors_info=&#8221;{}&#8221; show_image_overlay=&#8221;off&#8221;][\/et_pb_video_slider_item][et_pb_video_slider_item src=&#8221;https:\/\/www.youtube.com\/watch?v=UlMQTkLg9r0&#038;t=151s&#8221; _builder_version=&#8221;4.19.1&#8243; _module_preset=&#8221;default&#8221; global_colors_info=&#8221;{}&#8221; show_image_overlay=&#8221;off&#8221;][\/et_pb_video_slider_item][et_pb_video_slider_item src=&#8221;https:\/\/www.youtube.com\/watch?v=S_t8j2yV0Hs&#8221; _builder_version=&#8221;4.19.1&#8243; _module_preset=&#8221;default&#8221; global_colors_info=&#8221;{}&#8221; show_image_overlay=&#8221;off&#8221;][\/et_pb_video_slider_item][et_pb_video_slider_item src=&#8221;https:\/\/www.youtube.com\/watch?v=Ck-b7dsAMyE&#8221; _builder_version=&#8221;4.19.1&#8243; _module_preset=&#8221;default&#8221; global_colors_info=&#8221;{}&#8221; show_image_overlay=&#8221;off&#8221;][\/et_pb_video_slider_item][et_pb_video_slider_item src=&#8221;https:\/\/www.youtube.com\/watch?v=A2UNLO_uRzk&#8221; _builder_version=&#8221;4.19.1&#8243; _module_preset=&#8221;default&#8221; global_colors_info=&#8221;{}&#8221; show_image_overlay=&#8221;off&#8221;][\/et_pb_video_slider_item][et_pb_video_slider_item src=&#8221;https:\/\/www.youtube.com\/watch?v=qxmjyCjNW9Y&#8221; _builder_version=&#8221;4.19.1&#8243; _module_preset=&#8221;default&#8221; global_colors_info=&#8221;{}&#8221; show_image_overlay=&#8221;off&#8221;][\/et_pb_video_slider_item][\/et_pb_video_slider][et_pb_text _builder_version=&#8221;4.19.1&#8243; _module_preset=&#8221;default&#8221; global_colors_info=&#8221;{}&#8221;]<\/p>\n<h3><strong>A K\u00c9PZ\u0150M\u0170V\u00c9SZETI SZAK R\u00d6VID BEMUTAT\u00c1SA<\/strong><\/h3>\n<p>[\/et_pb_text][et_pb_gallery gallery_ids=&#8221;232,233,231,234&#8243; _builder_version=&#8221;4.19.1&#8243; _module_preset=&#8221;default&#8221; title_font_size=&#8221;14px&#8221; box_shadow_style_image=&#8221;preset1&#8243; global_colors_info=&#8221;{}&#8221;][\/et_pb_gallery][et_pb_divider color=&#8221;#AFAFAF&#8221; _builder_version=&#8221;4.19.1&#8243; _module_preset=&#8221;default&#8221; global_colors_info=&#8221;{}&#8221;][\/et_pb_divider][et_pb_text _builder_version=&#8221;4.19.1&#8243; _module_preset=&#8221;default&#8221; global_colors_info=&#8221;{}&#8221;]<\/p>\n<h3>\u00d6TUDNIVAL\u00d3K A JELENTKEZ\u0150 DI\u00c1KOK K\u00c9PESS\u00c9GFELM\u00c9R\u0150 VIZSG\u00c1J\u00c1R\u00d3L<\/h3>\n<p>A <strong>zene szakra<\/strong> jelentkez\u0151knek egy zenei felm\u00e9r\u0151 pr\u00f3b\u00e1n kell r\u00e9sztvenni\u00fck, m\u00edg a <strong>k\u00e9pz\u0151m\u0171v\u00e9szeti szakra<\/strong> jelentkez\u0151knek egy legal\u00e1bb 10 alkot\u00e1st tartalmaz\u00f3 mapp\u00e1t kell bemutatniuk (rajz, festm\u00e9ny, gyurma, agyagt\u00e1rgy), \u00e9s egy 2 \u00f3r\u00e1s rajzpr\u00f3b\u00e1n kell r\u00e9sztvegyenek.<\/p>\n<p>&nbsp;<\/p>\n<h3>BEIRATKOZ\u00c1SI ID\u0150SZAK \u00c9S A FELV\u00c9TELI ID\u0150PONTJA<\/h3>\n<p>A beiratkoz\u00e1s a tehets\u00e9gfelm\u00e9r\u0151 pr\u00f3b\u00e1kra m\u00e1jus h\u00f3napban t\u00f6rt\u00e9nik iskol\u00e1nk titk\u00e1rs\u00e1g\u00e1n (Nagyv\u00e1rad, Menumorut utca 33. sz\u00e1m, A \u00e9p\u00fclet, f\u00f6ldszint)<span>, k\u00e9rj\u00fck k\u00f6vess\u00e9k honlapunkat \u00e9s facebook oldalunkat.<\/span><\/p>\n<p>A felv\u00e9telire a beiratkoz\u00e1si id\u0151szak ut\u00e1n k\u00f6zvetlen\u00fcl, j\u00fanius h\u00f3napban ker\u00fcl sor. A vizsg\u00e1k pontos id\u0151beoszt\u00e1s\u00e1t a beiratkoz\u00e1si id\u0151szakban k\u00f6z\u00f6lj\u00fck.<\/p>\n<p>A <strong>k\u00e9pz\u0151m\u0171v\u00e9szeti szakra<\/strong> jelentkez\u0151knek a mapp\u00e1kat legk\u00e9s\u0151bb a felv\u00e9teli d\u00e1tum\u00e1ig le kell adj\u00e1k az iskola titk\u00e1rs\u00e1g\u00e1n.<\/p>\n<p>Akik <strong>zene szakra<\/strong> jelentkeznek \u00e9s nem voltak eddig k\u00fcls\u0151s di\u00e1kjaink, a felv\u00e9teli meghallgat\u00e1sra iskol\u00e1nk d\u00edszterm\u00e9ben\u00a0 ker\u00fcl sor a beiratkoz\u00e1skor k\u00f6z\u00f6lt d\u00e1tumon \u00e9s id\u0151pontban.<\/p>\n<p>Azok a tanul\u00f3k akik eddig <strong>k\u00fcls\u0151s di\u00e1kok<\/strong> voltak iskol\u00e1nkban \u00e9s V. oszt\u00e1lyt\u00f3l n\u00e1lunk folytatj\u00e1k tanulm\u00e1nyaikat, szint\u00e9n ebben az id\u0151szakban jelentkezhetnek a beiratkoz\u00e1s v\u00e9gleges\u00edt\u00e9s\u00e9nek \u00e9rdek\u00e9ben.<\/p>\n<p><span>Amennyiben tov\u00e1bbi t\u00e1j\u00e9koztat\u00e1st ig\u00e9nyelnek a beiratkoz\u00e1ssal kapcsolatban, telefonon is el\u00e9rnek minket a 0359\/802305-\u00f6s telensz\u00e1mon, vagy szem\u00e9lyesen is ell\u00e1togathatnak a M\u0171v\u00e9szeti L\u00edceumba, h\u00e9tf\u0151t\u0151l cs\u00fct\u00f6rt\u00f6kig 8.00 \u00e9s 16.30 k\u00f6z\u00f6tt, valamint p\u00e9ntekenk\u00e9nt 8.00 \u00e9s 14.00 \u00f3ra k\u00f6z\u00f6tt.<\/span><\/p>\n<p style=\"text-align: center;\"><em>V\u00e1runk szeretettel!<\/em><\/p>\n<p style=\"text-align: center;\"><em>Legy\u00e9l te is m\u0171v\u00e9szetis!<\/em><\/p>\n<p style=\"text-align: center;\"><em>\u00c9rdekl\u0151dj \u00e9s jelentkezz miel\u0151bb!<\/em><\/p>\n<p>&nbsp;<\/p>\n<h3>BEIRATKOZ\u00c1S A TEHETS\u00c9GFELM\u00c9R\u0150 PR\u00d3B\u00c1KRA<\/h3>\n<p>Beiratkoz\u00e1s <span style=\"color: #ff0000;\"><strong>2026. febru\u00e1r 31. &#8211; j\u0171nius 22., 8 \u00e9s 16.30 k\u00f6z\u00f6tt, p\u00e9nteki napokon 8 \u00e9s 14:00 k\u00f6z\u00f6tt<\/strong><\/span>, iskol\u00e1nk titk\u00e1rs\u00e1g\u00e1n (Nagyv\u00e1rad, Menumorut utca 33. sz\u00e1m, A \u00e9p\u00fclet, r\u00f6gt\u00f6n a bej\u00e1rat mellett, a Kanonok sor 23. sz\u00e1m alatt, vagy a Pet\u0151fi Park melletti \u00e9p\u00fclet\u00fcnkben az Igazgat\u00f3s\u00e1gon).<\/p>\n<p>&nbsp;<\/p>\n<h3>A FELV\u00c9TELI ID\u0150PONTJA<\/h3>\n<p>A felv\u00e9teli id\u0151pontja <span style=\"color: #ff0000;\"><strong>2026. j\u0171nius 23., 10.00 \u00f3r\u00e1t\u00f3l<\/strong><\/span>, a Kanonok sor 23. sz\u00e1m alatt.<\/p>\n<p>&nbsp;<\/p>\n<h3>EREDM\u00c9NYH\u00cdRDET\u00c9S<\/h3>\n<p>A k\u00e9pz\u0151m\u0171v\u00e9szet szakra jelentkez\u0151k felv\u00e9teli eredm\u00e9nyei <span style=\"color: #ff0000;\"><strong>2026. j\u00fanius 24.-\u00e9n<\/strong><\/span>, ker\u00fclnek kif\u00fcggeszt\u00e9sre.<\/p>\n<p>[\/et_pb_text][et_pb_divider color=&#8221;#AFAFAF&#8221; _builder_version=&#8221;4.19.1&#8243; _module_preset=&#8221;default&#8221; global_colors_info=&#8221;{}&#8221;][\/et_pb_divider][et_pb_text _builder_version=&#8221;4.19.1&#8243; _module_preset=&#8221;default&#8221; global_colors_info=&#8221;{}&#8221;]<\/p>\n<p><strong><a href=\"https:\/\/liceuldeartaoradea.ro\/maghiara\/wp-content\/uploads\/2023\/01\/Cerere-de-inscriere-in-clasa-a-V-a.docx\" target=\"_blank\" rel=\"noopener\">Jelentkez\u00e9si \u0171rlap (docx)<\/a><\/strong><\/p>\n<p><strong><a href=\"https:\/\/liceuldeartaoradea.ro\/maghiara\/wp-content\/uploads\/2023\/01\/Cerere-de-inscriere-in-clasa-a-V-a.pdf\" target=\"_blank\" rel=\"noopener\">Jelentkez\u00e9si \u0171rlap (pdf)<\/a><\/strong><\/p>\n<p>[\/et_pb_text][\/et_pb_column][\/et_pb_row][\/et_pb_section]<\/p>\n","protected":false},"excerpt":{"rendered":"<p>Gimn\u00e1zium &#8211; Zene \u00e9s k\u00e9pz\u0151m\u0171v\u00e9szetA ZENE SZAK R\u00d6VID BEMUTAT\u00c1SAA K\u00c9PZ\u0150M\u0170V\u00c9SZETI SZAK R\u00d6VID BEMUTAT\u00c1SA\u00d6TUDNIVAL\u00d3K A JELENTKEZ\u0150 DI\u00c1KOK K\u00c9PESS\u00c9GFELM\u00c9R\u0150 VIZSG\u00c1J\u00c1R\u00d3L A zene szakra jelentkez\u0151knek egy zenei felm\u00e9r\u0151 pr\u00f3b\u00e1n kell r\u00e9sztvenni\u00fck, m\u00edg a k\u00e9pz\u0151m\u0171v\u00e9szeti szakra jelentkez\u0151knek egy legal\u00e1bb 10 alkot\u00e1st tartalmaz\u00f3 mapp\u00e1t kell bemutatniuk (rajz, festm\u00e9ny, gyurma, agyagt\u00e1rgy), \u00e9s egy 2 \u00f3r\u00e1s rajzpr\u00f3b\u00e1n kell r\u00e9sztvegyenek. &nbsp; BEIRATKOZ\u00c1SI ID\u0150SZAK [&hellip;]<\/p>\n","protected":false},"author":2,"featured_media":0,"parent":0,"menu_order":0,"comment_status":"closed","ping_status":"closed","template":"","meta":{"_et_pb_use_builder":"on","_et_pb_old_content":"","_et_gb_content_width":"","footnotes":""},"class_list":["post-46","page","type-page","status-publish","hentry"],"_links":{"self":[{"href":"https:\/\/liceuldeartaoradea.ro\/maghiara\/wp-json\/wp\/v2\/pages\/46","targetHints":{"allow":["GET"]}}],"collection":[{"href":"https:\/\/liceuldeartaoradea.ro\/maghiara\/wp-json\/wp\/v2\/pages"}],"about":[{"href":"https:\/\/liceuldeartaoradea.ro\/maghiara\/wp-json\/wp\/v2\/types\/page"}],"author":[{"embeddable":true,"href":"https:\/\/liceuldeartaoradea.ro\/maghiara\/wp-json\/wp\/v2\/users\/2"}],"replies":[{"embeddable":true,"href":"https:\/\/liceuldeartaoradea.ro\/maghiara\/wp-json\/wp\/v2\/comments?post=46"}],"version-history":[{"count":35,"href":"https:\/\/liceuldeartaoradea.ro\/maghiara\/wp-json\/wp\/v2\/pages\/46\/revisions"}],"predecessor-version":[{"id":945,"href":"https:\/\/liceuldeartaoradea.ro\/maghiara\/wp-json\/wp\/v2\/pages\/46\/revisions\/945"}],"wp:attachment":[{"href":"https:\/\/liceuldeartaoradea.ro\/maghiara\/wp-json\/wp\/v2\/media?parent=46"}],"curies":[{"name":"wp","href":"https:\/\/api.w.org\/{rel}","templated":true}]}}

Gimnázium &#8211; Zene és képzőművészet szak

<p>[et_pb_section fb_built=&#8221;1&#8243; admin_label=&#8221;Header&#8221; _builder_version=&#8221;4.19.1&#8243; background_enable_image=&#8221;off&#8221; background_size=&#8221;initial&#8221; background_repeat=&#8221;repeat&#8221; global_colors_info=&#8221;{}&#8221;][et_pb_row _builder_version=&#8221;4.19.1&#8243; _module_preset=&#8221;default&#8221; global_colors_info=&#8221;{}&#8221;][et_pb_column type=&#8221;4_4&#8243; _builder_version=&#8221;4.19.1&#8243; _module_preset=&#8221;default&#8221; global_colors_info=&#8221;{}&#8221;][et_pb_text _builder_version=&#8221;4.19.1&#8243; text_font=&#8221;||||||||&#8221; header_font=&#8221;||||||||&#8221; header_2_font=&#8221;Prata|500|||||||&#8221; header_2_text_align=&#8221;left&#8221; header_2_font_size=&#8221;45px&#8221; header_2_line_height=&#8221;1.3em&#8221; transform_translate_linked=&#8221;off&#8221; max_width=&#8221;100%&#8221; max_width_tablet=&#8221;70%&#8221; max_width_last_edited=&#8221;off|phone&#8221; header_2_font_size_tablet=&#8221;45px&#8221; header_2_font_size_phone=&#8221;45px&#8221; header_2_font_size_last_edited=&#8221;on|phone&#8221; global_colors_info=&#8221;{}&#8221;]</p>
<h2><span>Gimnázium &#8211; Zene és képzőművészet</span></h2>
<p>[/et_pb_text][et_pb_text _builder_version=&#8221;4.19.1&#8243; _module_preset=&#8221;default&#8221; global_colors_info=&#8221;{}&#8221;]</p>
<h2><strong>A ZENE SZAK RÖVID BEMUTATÁSA</strong></h2>
<p>[/et_pb_text][et_pb_video_slider _builder_version=&#8221;4.19.1&#8243; _module_preset=&#8221;default&#8221; box_shadow_style=&#8221;preset1&#8243; global_colors_info=&#8221;{}&#8221;][et_pb_video_slider_item src=&#8221;https://youtu.be/-PH_Sykqad8&#8243; _builder_version=&#8221;4.19.1&#8243; _module_preset=&#8221;default&#8221; global_colors_info=&#8221;{}&#8221; show_image_overlay=&#8221;off&#8221;][/et_pb_video_slider_item][et_pb_video_slider_item src=&#8221;https://www.youtube.com/watch?v=uSLcs1c3u5U&#8221; _builder_version=&#8221;4.19.1&#8243; _module_preset=&#8221;default&#8221; global_colors_info=&#8221;{}&#8221; show_image_overlay=&#8221;off&#8221;][/et_pb_video_slider_item][et_pb_video_slider_item src=&#8221;https://www.youtube.com/watch?v=UlMQTkLg9r0&#038;t=151s&#8221; _builder_version=&#8221;4.19.1&#8243; _module_preset=&#8221;default&#8221; global_colors_info=&#8221;{}&#8221; show_image_overlay=&#8221;off&#8221;][/et_pb_video_slider_item][et_pb_video_slider_item src=&#8221;https://www.youtube.com/watch?v=S_t8j2yV0Hs&#8221; _builder_version=&#8221;4.19.1&#8243; _module_preset=&#8221;default&#8221; global_colors_info=&#8221;{}&#8221; show_image_overlay=&#8221;off&#8221;][/et_pb_video_slider_item][et_pb_video_slider_item src=&#8221;https://www.youtube.com/watch?v=Ck-b7dsAMyE&#8221; _builder_version=&#8221;4.19.1&#8243; _module_preset=&#8221;default&#8221; global_colors_info=&#8221;{}&#8221; show_image_overlay=&#8221;off&#8221;][/et_pb_video_slider_item][et_pb_video_slider_item src=&#8221;https://www.youtube.com/watch?v=A2UNLO_uRzk&#8221; _builder_version=&#8221;4.19.1&#8243; _module_preset=&#8221;default&#8221; global_colors_info=&#8221;{}&#8221; show_image_overlay=&#8221;off&#8221;][/et_pb_video_slider_item][et_pb_video_slider_item src=&#8221;https://www.youtube.com/watch?v=qxmjyCjNW9Y&#8221; _builder_version=&#8221;4.19.1&#8243; _module_preset=&#8221;default&#8221; global_colors_info=&#8221;{}&#8221; show_image_overlay=&#8221;off&#8221;][/et_pb_video_slider_item][/et_pb_video_slider][et_pb_text _builder_version=&#8221;4.19.1&#8243; _module_preset=&#8221;default&#8221; global_colors_info=&#8221;{}&#8221;]</p>
<h3><strong>A KÉPZŐMŰVÉSZETI SZAK RÖVID BEMUTATÁSA</strong></h3>
<p>[/et_pb_text][et_pb_gallery gallery_ids=&#8221;232,233,231,234&#8243; _builder_version=&#8221;4.19.1&#8243; _module_preset=&#8221;default&#8221; title_font_size=&#8221;14px&#8221; box_shadow_style_image=&#8221;preset1&#8243; global_colors_info=&#8221;{}&#8221;][/et_pb_gallery][et_pb_divider color=&#8221;#AFAFAF&#8221; _builder_version=&#8221;4.19.1&#8243; _module_preset=&#8221;default&#8221; global_colors_info=&#8221;{}&#8221;][/et_pb_divider][et_pb_text _builder_version=&#8221;4.19.1&#8243; _module_preset=&#8221;default&#8221; global_colors_info=&#8221;{}&#8221;]</p>
<h3>ÖTUDNIVALÓK A JELENTKEZŐ DIÁKOK KÉPESSÉGFELMÉRŐ VIZSGÁJÁRÓL</h3>
<p>A <strong>zene szakra</strong> jelentkezőknek egy zenei felmérő próbán kell résztvenniük, míg a <strong>képzőművészeti szakra</strong> jelentkezőknek egy legalább 10 alkotást tartalmazó mappát kell bemutatniuk (rajz, festmény, gyurma, agyagtárgy), és egy 2 órás rajzpróbán kell résztvegyenek.</p>
<p>&nbsp;</p>
<h3>BEIRATKOZÁSI IDŐSZAK ÉS A FELVÉTELI IDŐPONTJA</h3>
<p>A beiratkozás a tehetségfelmérő próbákra május hónapban történik iskolánk titkárságán (Nagyvárad, Menumorut utca 33. szám, A épület, földszint)<span>, kérjük kövessék honlapunkat és facebook oldalunkat.</span></p>
<p>A felvételire a beiratkozási időszak után közvetlenül, június hónapban kerül sor. A vizsgák pontos időbeosztását a beiratkozási időszakban közöljük.</p>
<p>A <strong>képzőművészeti szakra</strong> jelentkezőknek a mappákat legkésőbb a felvételi dátumáig le kell adják az iskola titkárságán.</p>
<p>Akik <strong>zene szakra</strong> jelentkeznek és nem voltak eddig külsős diákjaink, a felvételi meghallgatásra iskolánk dísztermében  kerül sor a beiratkozáskor közölt dátumon és időpontban.</p>
<p>Azok a tanulók akik eddig <strong>külsős diákok</strong> voltak iskolánkban és V. osztálytól nálunk folytatják tanulmányaikat, szintén ebben az időszakban jelentkezhetnek a beiratkozás véglegesítésének érdekében.</p>
<p><span>Amennyiben további tájékoztatást igényelnek a beiratkozással kapcsolatban, telefonon is elérnek minket a 0359/802305-ös telenszámon, vagy személyesen is ellátogathatnak a Művészeti Líceumba, hétfőtől csütörtökig 8.00 és 16.30 között, valamint péntekenként 8.00 és 14.00 óra között.</span></p>
<p style="text-align: center;"><em>Várunk szeretettel!</em></p>
<p style="text-align: center;"><em>Legyél te is művészetis!</em></p>
<p style="text-align: center;"><em>Érdeklődj és jelentkezz mielőbb!</em></p>
<p>&nbsp;</p>
<h3>BEIRATKOZÁS A TEHETSÉGFELMÉRŐ PRÓBÁKRA</h3>
<p>Beiratkozás <span style="color: #ff0000;"><strong>2026. február 31. &#8211; jűnius 22., 8 és 16.30 között, pénteki napokon 8 és 14:00 között</strong></span>, iskolánk titkárságán (Nagyvárad, Menumorut utca 33. szám, A épület, rögtön a bejárat mellett, a Kanonok sor 23. szám alatt, vagy a Petőfi Park melletti épületünkben az Igazgatóságon).</p>
<p>&nbsp;</p>
<h3>A FELVÉTELI IDŐPONTJA</h3>
<p>A felvételi időpontja <span style="color: #ff0000;"><strong>2026. jűnius 23., 10.00 órától</strong></span>, a Kanonok sor 23. szám alatt.</p>
<p>&nbsp;</p>
<h3>EREDMÉNYHÍRDETÉS</h3>
<p>A képzőművészet szakra jelentkezők felvételi eredményei <span style="color: #ff0000;"><strong>2026. június 24.-én</strong></span>, kerülnek kifüggesztésre.</p>
<p>[/et_pb_text][et_pb_divider color=&#8221;#AFAFAF&#8221; _builder_version=&#8221;4.19.1&#8243; _module_preset=&#8221;default&#8221; global_colors_info=&#8221;{}&#8221;][/et_pb_divider][et_pb_text _builder_version=&#8221;4.19.1&#8243; _module_preset=&#8221;default&#8221; global_colors_info=&#8221;{}&#8221;]</p>
<p><strong><a href="https://liceuldeartaoradea.ro/maghiara/wp-content/uploads/2023/01/Cerere-de-inscriere-in-clasa-a-V-a.docx" target="_blank" rel="noopener">Jelentkezési űrlap (docx)</a></strong></p>
<p><strong><a href="https://liceuldeartaoradea.ro/maghiara/wp-content/uploads/2023/01/Cerere-de-inscriere-in-clasa-a-V-a.pdf" target="_blank" rel="noopener">Jelentkezési űrlap (pdf)</a></strong></p>
<p>[/et_pb_text][/et_pb_column][/et_pb_row][/et_pb_section]</p>

<p>Gimnázium &#8211; Zene és képzőművészetA ZENE SZAK RÖVID BEMUTATÁSAA KÉPZŐMŰVÉSZETI SZAK RÖVID BEMUTATÁSAÖTUDNIVALÓK A JELENTKEZŐ DIÁKOK KÉPESSÉGFELMÉRŐ VIZSGÁJÁRÓL A zene szakra jelentkezőknek egy zenei felmérő próbán kell résztvenniük, míg a képzőművészeti szakra jelentkezőknek egy legalább 10 alkotást tartalmazó mappát kell bemutatniuk (rajz, festmény, gyurma, agyagtárgy), és egy 2 órás rajzpróbán kell résztvegyenek. &nbsp; BEIRATKOZÁSI IDŐSZAK [&hellip;]</p>
