{"id":599,"date":"2023-02-05T06:02:17","date_gmt":"2023-02-05T06:02:17","guid":{"rendered":"https:\/\/liceuldeartaoradea.ro\/maghiara\/?page_id=599"},"modified":"2023-02-05T06:41:18","modified_gmt":"2023-02-05T06:41:18","slug":"599-2","status":"publish","type":"page","link":"https:\/\/liceuldeartaoradea.ro\/maghiara\/599-2\/","title":{"rendered":"Mosolyg\u00f3 kar\u00e1csonyt!"},"content":{"rendered":"<p>[et_pb_section fb_built=&#8221;1&#8243; theme_builder_area=&#8221;post_content&#8221; _builder_version=&#8221;4.19.1&#8243; _module_preset=&#8221;default&#8221;][et_pb_row _builder_version=&#8221;4.19.1&#8243; _module_preset=&#8221;default&#8221; theme_builder_area=&#8221;post_content&#8221;][et_pb_column _builder_version=&#8221;4.19.1&#8243; _module_preset=&#8221;default&#8221; type=&#8221;4_4&#8243; theme_builder_area=&#8221;post_content&#8221;][et_pb_text _builder_version=&#8221;4.19.1&#8243; _module_preset=&#8221;default&#8221; theme_builder_area=&#8221;post_content&#8221; header_2_font_size=&#8221;45px&#8221; header_2_font=&#8221;Prata||||||||&#8221; hover_enabled=&#8221;0&#8243; sticky_enabled=&#8221;0&#8243;]<\/p>\n<h2>Mosolyg\u00f3 kar\u00e1csonyt!<\/h2>\n<p>[\/et_pb_text][et_pb_text _builder_version=&#8221;4.19.1&#8243; _module_preset=&#8221;default&#8221; theme_builder_area=&#8221;post_content&#8221; hover_enabled=&#8221;0&#8243; sticky_enabled=&#8221;0&#8243;]<\/p>\n<h3>MERT J\u00d3T TENNI J\u00d3!<\/h3>\n<p>Iskol\u00e1nk minden \u00e9vben megrendezi &#8220;Mosolyg\u00f3 kar\u00e1csonyt!&#8221; elnevez\u00e9s\u0171 programj\u00e1t. Iskol\u00e1nk di\u00e1kjai Mados Andrea magyartan\u00e1rn\u0151 ir\u00e1ny\u00edt\u00e1s\u00e1val minden alkalommal mintegy 100 csomagot k\u00e9sz\u00edtenek h\u00e1tr\u00e1nyos helyzet\u0171 gyermekeknek, valamint a Szent Ang\u00e9la Otthon lak\u00f3i sz\u00e1m\u00e1ra.<\/p>\n<p>K\u00f6sz\u00f6nj\u00fck sz\u00e9pen minden kedves csal\u00e1dnak a csod\u00e1s \u00f6sszefog\u00e1st e nemes \u00fcgy \u00e9rdek\u00e9ben. <strong>&#8220;A kar\u00e1csonyi csoda a sz\u00edvedben lakik!&#8221;<\/strong><\/p>\n<p>[\/et_pb_text][et_pb_gallery _builder_version=&#8221;4.19.1&#8243; _module_preset=&#8221;default&#8221; theme_builder_area=&#8221;post_content&#8221; gallery_ids=&#8221;602,603,604,609,605,606,608,607&#8243; title_font_size=&#8221;14px&#8221; hover_enabled=&#8221;0&#8243; sticky_enabled=&#8221;0&#8243;][\/et_pb_gallery][\/et_pb_column][\/et_pb_row][\/et_pb_section]<\/p>\n","protected":false},"excerpt":{"rendered":"<p>Mosolyg\u00f3 kar\u00e1csonyt!MERT J\u00d3T TENNI J\u00d3! Iskol\u00e1nk minden \u00e9vben megrendezi &#8220;Mosolyg\u00f3 kar\u00e1csonyt!&#8221; elnevez\u00e9s\u0171 programj\u00e1t. Iskol\u00e1nk di\u00e1kjai Mados Andrea magyartan\u00e1rn\u0151 ir\u00e1ny\u00edt\u00e1s\u00e1val minden alkalommal mintegy 100 csomagot k\u00e9sz\u00edtenek h\u00e1tr\u00e1nyos helyzet\u0171 gyermekeknek, valamint a Szent Ang\u00e9la Otthon lak\u00f3i sz\u00e1m\u00e1ra. K\u00f6sz\u00f6nj\u00fck sz\u00e9pen minden kedves csal\u00e1dnak a csod\u00e1s \u00f6sszefog\u00e1st e nemes \u00fcgy \u00e9rdek\u00e9ben. &#8220;A kar\u00e1csonyi csoda a sz\u00edvedben lakik!&#8221;<\/p>\n","protected":false},"author":2,"featured_media":0,"parent":0,"menu_order":0,"comment_status":"closed","ping_status":"closed","template":"","meta":{"_et_pb_use_builder":"on","_et_pb_old_content":"","_et_gb_content_width":"","footnotes":""},"class_list":["post-599","page","type-page","status-publish","hentry"],"_links":{"self":[{"href":"https:\/\/liceuldeartaoradea.ro\/maghiara\/wp-json\/wp\/v2\/pages\/599","targetHints":{"allow":["GET"]}}],"collection":[{"href":"https:\/\/liceuldeartaoradea.ro\/maghiara\/wp-json\/wp\/v2\/pages"}],"about":[{"href":"https:\/\/liceuldeartaoradea.ro\/maghiara\/wp-json\/wp\/v2\/types\/page"}],"author":[{"embeddable":true,"href":"https:\/\/liceuldeartaoradea.ro\/maghiara\/wp-json\/wp\/v2\/users\/2"}],"replies":[{"embeddable":true,"href":"https:\/\/liceuldeartaoradea.ro\/maghiara\/wp-json\/wp\/v2\/comments?post=599"}],"version-history":[{"count":5,"href":"https:\/\/liceuldeartaoradea.ro\/maghiara\/wp-json\/wp\/v2\/pages\/599\/revisions"}],"predecessor-version":[{"id":622,"href":"https:\/\/liceuldeartaoradea.ro\/maghiara\/wp-json\/wp\/v2\/pages\/599\/revisions\/622"}],"wp:attachment":[{"href":"https:\/\/liceuldeartaoradea.ro\/maghiara\/wp-json\/wp\/v2\/media?parent=599"}],"curies":[{"name":"wp","href":"https:\/\/api.w.org\/{rel}","templated":true}]}}

Mosolygó karácsonyt!

<p>[et_pb_section fb_built=&#8221;1&#8243; theme_builder_area=&#8221;post_content&#8221; _builder_version=&#8221;4.19.1&#8243; _module_preset=&#8221;default&#8221;][et_pb_row _builder_version=&#8221;4.19.1&#8243; _module_preset=&#8221;default&#8221; theme_builder_area=&#8221;post_content&#8221;][et_pb_column _builder_version=&#8221;4.19.1&#8243; _module_preset=&#8221;default&#8221; type=&#8221;4_4&#8243; theme_builder_area=&#8221;post_content&#8221;][et_pb_text _builder_version=&#8221;4.19.1&#8243; _module_preset=&#8221;default&#8221; theme_builder_area=&#8221;post_content&#8221; header_2_font_size=&#8221;45px&#8221; header_2_font=&#8221;Prata||||||||&#8221; hover_enabled=&#8221;0&#8243; sticky_enabled=&#8221;0&#8243;]</p>
<h2>Mosolygó karácsonyt!</h2>
<p>[/et_pb_text][et_pb_text _builder_version=&#8221;4.19.1&#8243; _module_preset=&#8221;default&#8221; theme_builder_area=&#8221;post_content&#8221; hover_enabled=&#8221;0&#8243; sticky_enabled=&#8221;0&#8243;]</p>
<h3>MERT JÓT TENNI JÓ!</h3>
<p>Iskolánk minden évben megrendezi &#8220;Mosolygó karácsonyt!&#8221; elnevezésű programját. Iskolánk diákjai Mados Andrea magyartanárnő irányításával minden alkalommal mintegy 100 csomagot készítenek hátrányos helyzetű gyermekeknek, valamint a Szent Angéla Otthon lakói számára.</p>
<p>Köszönjük szépen minden kedves családnak a csodás összefogást e nemes ügy érdekében. <strong>&#8220;A karácsonyi csoda a szívedben lakik!&#8221;</strong></p>
<p>[/et_pb_text][et_pb_gallery _builder_version=&#8221;4.19.1&#8243; _module_preset=&#8221;default&#8221; theme_builder_area=&#8221;post_content&#8221; gallery_ids=&#8221;602,603,604,609,605,606,608,607&#8243; title_font_size=&#8221;14px&#8221; hover_enabled=&#8221;0&#8243; sticky_enabled=&#8221;0&#8243;][/et_pb_gallery][/et_pb_column][/et_pb_row][/et_pb_section]</p>

<p>Mosolygó karácsonyt!MERT JÓT TENNI JÓ! Iskolánk minden évben megrendezi &#8220;Mosolygó karácsonyt!&#8221; elnevezésű programját. Iskolánk diákjai Mados Andrea magyartanárnő irányításával minden alkalommal mintegy 100 csomagot készítenek hátrányos helyzetű gyermekeknek, valamint a Szent Angéla Otthon lakói számára. Köszönjük szépen minden kedves családnak a csodás összefogást e nemes ügy érdekében. &#8220;A karácsonyi csoda a szívedben lakik!&#8221;</p>
