{"id":612,"date":"2023-02-05T06:36:20","date_gmt":"2023-02-05T06:36:20","guid":{"rendered":"https:\/\/liceuldeartaoradea.ro\/maghiara\/?page_id=612"},"modified":"2023-02-05T06:39:23","modified_gmt":"2023-02-05T06:39:23","slug":"612-2","status":"publish","type":"page","link":"https:\/\/liceuldeartaoradea.ro\/maghiara\/612-2\/","title":{"rendered":"A Kod\u00e1ly Zolt\u00e1n Zenem\u0171v\u00e9szeti Szakgimn\u00e1zium \u00e9s Zeneiskola partners\u00e9g\u00e9ben"},"content":{"rendered":"<p>[et_pb_section fb_built=&#8221;1&#8243; theme_builder_area=&#8221;post_content&#8221; _builder_version=&#8221;4.19.1&#8243; _module_preset=&#8221;default&#8221;][et_pb_row _builder_version=&#8221;4.19.1&#8243; _module_preset=&#8221;default&#8221; theme_builder_area=&#8221;post_content&#8221;][et_pb_column _builder_version=&#8221;4.19.1&#8243; _module_preset=&#8221;default&#8221; type=&#8221;4_4&#8243; theme_builder_area=&#8221;post_content&#8221;][et_pb_text _builder_version=&#8221;4.19.1&#8243; _module_preset=&#8221;default&#8221; theme_builder_area=&#8221;post_content&#8221; header_2_font=&#8221;Prata||||||||&#8221; header_2_font_size=&#8221;45px&#8221; hover_enabled=&#8221;0&#8243; sticky_enabled=&#8221;0&#8243;]<\/p>\n<h2>A Kod\u00e1ly Zolt\u00e1n Zenem\u0171v\u00e9szeti Szakgimn\u00e1zium \u00e9s Zeneiskola partners\u00e9g\u00e9ben<\/h2>\n<p>[\/et_pb_text][et_pb_text _builder_version=&#8221;4.19.1&#8243; _module_preset=&#8221;default&#8221; theme_builder_area=&#8221;post_content&#8221; hover_enabled=&#8221;0&#8243; sticky_enabled=&#8221;0&#8243;]<\/p>\n<h3>K\u00d6Z\u00d6S KONCERTEK<\/h3>\n<p>Iskol\u00e1nk partners\u00e9gi viszonyt \u00e1pol\u00a0 a debreceni Kod\u00e1ly Zolt\u00e1n Zenem\u0171v\u00e9szeti Szakgimn\u00e1ziummal \u00e9s Zeneiskol\u00e1val.<\/p>\n<p>A partners\u00e9gi viszony keret\u00e9n bel\u00fcl t\u00f6bb k\u00f6z\u00f6s fell\u00e9p\u00e9s is megval\u00f3sul, \u00fagy Nagyv\u00e1radon, mint Debrecenben.<\/p>\n<p>K\u00f6z\u00f6s fell\u00e9p\u00e9seink k\u00f6z\u00f6tt eml\u00edthet\u0151 a 2022-es Festum Varadinum alkalm\u00e1b\u00f3l adott szabadt\u00e9ri koncert, vagy a 2022 \u0151sz\u00e9n adott k\u00f6z\u00f6s koncert a Debreceni Egyetem Zenem\u0171v\u00e9szeti kar Liszt term\u00e9ben.<\/p>\n<p>[\/et_pb_text][et_pb_gallery _builder_version=&#8221;4.19.1&#8243; _module_preset=&#8221;default&#8221; theme_builder_area=&#8221;post_content&#8221; gallery_ids=&#8221;618,616,617,615&#8243; title_font_size=&#8221;14px&#8221; hover_enabled=&#8221;0&#8243; sticky_enabled=&#8221;0&#8243;][\/et_pb_gallery][\/et_pb_column][\/et_pb_row][\/et_pb_section]<\/p>\n","protected":false},"excerpt":{"rendered":"<p>A Kod\u00e1ly Zolt\u00e1n Zenem\u0171v\u00e9szeti Szakgimn\u00e1zium \u00e9s Zeneiskola partners\u00e9g\u00e9benK\u00d6Z\u00d6S KONCERTEK Iskol\u00e1nk partners\u00e9gi viszonyt \u00e1pol\u00a0 a debreceni Kod\u00e1ly Zolt\u00e1n Zenem\u0171v\u00e9szeti Szakgimn\u00e1ziummal \u00e9s Zeneiskol\u00e1val. A partners\u00e9gi viszony keret\u00e9n bel\u00fcl t\u00f6bb k\u00f6z\u00f6s fell\u00e9p\u00e9s is megval\u00f3sul, \u00fagy Nagyv\u00e1radon, mint Debrecenben. K\u00f6z\u00f6s fell\u00e9p\u00e9seink k\u00f6z\u00f6tt eml\u00edthet\u0151 a 2022-es Festum Varadinum alkalm\u00e1b\u00f3l adott szabadt\u00e9ri koncert, vagy a 2022 \u0151sz\u00e9n adott k\u00f6z\u00f6s koncert a [&hellip;]<\/p>\n","protected":false},"author":2,"featured_media":0,"parent":0,"menu_order":0,"comment_status":"closed","ping_status":"closed","template":"","meta":{"_et_pb_use_builder":"on","_et_pb_old_content":"","_et_gb_content_width":"","footnotes":""},"class_list":["post-612","page","type-page","status-publish","hentry"],"_links":{"self":[{"href":"https:\/\/liceuldeartaoradea.ro\/maghiara\/wp-json\/wp\/v2\/pages\/612","targetHints":{"allow":["GET"]}}],"collection":[{"href":"https:\/\/liceuldeartaoradea.ro\/maghiara\/wp-json\/wp\/v2\/pages"}],"about":[{"href":"https:\/\/liceuldeartaoradea.ro\/maghiara\/wp-json\/wp\/v2\/types\/page"}],"author":[{"embeddable":true,"href":"https:\/\/liceuldeartaoradea.ro\/maghiara\/wp-json\/wp\/v2\/users\/2"}],"replies":[{"embeddable":true,"href":"https:\/\/liceuldeartaoradea.ro\/maghiara\/wp-json\/wp\/v2\/comments?post=612"}],"version-history":[{"count":3,"href":"https:\/\/liceuldeartaoradea.ro\/maghiara\/wp-json\/wp\/v2\/pages\/612\/revisions"}],"predecessor-version":[{"id":620,"href":"https:\/\/liceuldeartaoradea.ro\/maghiara\/wp-json\/wp\/v2\/pages\/612\/revisions\/620"}],"wp:attachment":[{"href":"https:\/\/liceuldeartaoradea.ro\/maghiara\/wp-json\/wp\/v2\/media?parent=612"}],"curies":[{"name":"wp","href":"https:\/\/api.w.org\/{rel}","templated":true}]}}

A Kodály Zoltán Zeneművészeti Szakgimnázium és Zeneiskola partnerségében

<p>[et_pb_section fb_built=&#8221;1&#8243; theme_builder_area=&#8221;post_content&#8221; _builder_version=&#8221;4.19.1&#8243; _module_preset=&#8221;default&#8221;][et_pb_row _builder_version=&#8221;4.19.1&#8243; _module_preset=&#8221;default&#8221; theme_builder_area=&#8221;post_content&#8221;][et_pb_column _builder_version=&#8221;4.19.1&#8243; _module_preset=&#8221;default&#8221; type=&#8221;4_4&#8243; theme_builder_area=&#8221;post_content&#8221;][et_pb_text _builder_version=&#8221;4.19.1&#8243; _module_preset=&#8221;default&#8221; theme_builder_area=&#8221;post_content&#8221; header_2_font=&#8221;Prata||||||||&#8221; header_2_font_size=&#8221;45px&#8221; hover_enabled=&#8221;0&#8243; sticky_enabled=&#8221;0&#8243;]</p>
<h2>A Kodály Zoltán Zeneművészeti Szakgimnázium és Zeneiskola partnerségében</h2>
<p>[/et_pb_text][et_pb_text _builder_version=&#8221;4.19.1&#8243; _module_preset=&#8221;default&#8221; theme_builder_area=&#8221;post_content&#8221; hover_enabled=&#8221;0&#8243; sticky_enabled=&#8221;0&#8243;]</p>
<h3>KÖZÖS KONCERTEK</h3>
<p>Iskolánk partnerségi viszonyt ápol  a debreceni Kodály Zoltán Zeneművészeti Szakgimnáziummal és Zeneiskolával.</p>
<p>A partnerségi viszony keretén belül több közös fellépés is megvalósul, úgy Nagyváradon, mint Debrecenben.</p>
<p>Közös fellépéseink között említhető a 2022-es Festum Varadinum alkalmából adott szabadtéri koncert, vagy a 2022 őszén adott közös koncert a Debreceni Egyetem Zeneművészeti kar Liszt termében.</p>
<p>[/et_pb_text][et_pb_gallery _builder_version=&#8221;4.19.1&#8243; _module_preset=&#8221;default&#8221; theme_builder_area=&#8221;post_content&#8221; gallery_ids=&#8221;618,616,617,615&#8243; title_font_size=&#8221;14px&#8221; hover_enabled=&#8221;0&#8243; sticky_enabled=&#8221;0&#8243;][/et_pb_gallery][/et_pb_column][/et_pb_row][/et_pb_section]</p>

<p>A Kodály Zoltán Zeneművészeti Szakgimnázium és Zeneiskola partnerségébenKÖZÖS KONCERTEK Iskolánk partnerségi viszonyt ápol  a debreceni Kodály Zoltán Zeneművészeti Szakgimnáziummal és Zeneiskolával. A partnerségi viszony keretén belül több közös fellépés is megvalósul, úgy Nagyváradon, mint Debrecenben. Közös fellépéseink között említhető a 2022-es Festum Varadinum alkalmából adott szabadtéri koncert, vagy a 2022 őszén adott közös koncert a [&hellip;]</p>
