{"id":651,"date":"2023-02-12T15:50:42","date_gmt":"2023-02-12T15:50:42","guid":{"rendered":"https:\/\/liceuldeartaoradea.ro\/maghiara\/?page_id=651"},"modified":"2024-07-06T12:49:48","modified_gmt":"2024-07-06T12:49:48","slug":"diakok-diaktanacs","status":"publish","type":"page","link":"https:\/\/liceuldeartaoradea.ro\/maghiara\/diakok-diaktanacs\/","title":{"rendered":"Di\u00e1kok &#8211; Di\u00e1ktan\u00e1cs"},"content":{"rendered":"<p>[et_pb_section fb_built=&#8221;1&#8243; _builder_version=&#8221;4.19.1&#8243; _module_preset=&#8221;default&#8221; global_colors_info=&#8221;{}&#8221;][et_pb_row _builder_version=&#8221;4.19.1&#8243; _module_preset=&#8221;default&#8221; global_colors_info=&#8221;{}&#8221;][et_pb_column type=&#8221;4_4&#8243; _builder_version=&#8221;4.19.1&#8243; _module_preset=&#8221;default&#8221; global_colors_info=&#8221;{}&#8221;][et_pb_text _builder_version=&#8221;4.19.1&#8243; _module_preset=&#8221;default&#8221; header_2_font=&#8221;Prata||||||||&#8221; header_2_font_size=&#8221;45px&#8221; global_colors_info=&#8221;{}&#8221;]<\/p>\n<h2>Di\u00e1kok &#8211; Di\u00e1ktan\u00e1cs<\/h2>\n<p>[\/et_pb_text][\/et_pb_column][\/et_pb_row][et_pb_row column_structure=&#8221;3_4,1_4&#8243; _builder_version=&#8221;4.19.1&#8243; _module_preset=&#8221;default&#8221; global_colors_info=&#8221;{}&#8221;][et_pb_column type=&#8221;3_4&#8243; _builder_version=&#8221;4.19.1&#8243; _module_preset=&#8221;default&#8221; global_colors_info=&#8221;{}&#8221;][et_pb_text _builder_version=&#8221;4.19.1&#8243; _module_preset=&#8221;default&#8221; global_colors_info=&#8221;{}&#8221;]<\/p>\n<h3>A NAGYV\u00c1RADI M\u0170V\u00c9SZETI L\u00cdCEUM DI\u00c1KTAN\u00c1CSA<\/h3>\n<p>Iskol\u00e1nk di\u00e1ktan\u00e1csa a Tan\u00fcgyi t\u00f6rv\u00e9ny az OMECTS nr. 4247\/2010.06.26. Szervez\u00e9si \u00e9s m\u0171k\u00f6d\u00e9si szab\u00e1lyzata szerint m\u0171k\u00f6dik.<\/p>\n<p>A Nagyv\u00e1radi M\u0171v\u00e9szeti L\u00edceum Di\u00e1ktan\u00e1csa minden \u00e9vben sz\u00e1mos programmal sz\u00ednes\u00edti iskol\u00e1nk \u00e9let\u00e9t.<\/p>\n<p>Di\u00e1ktan\u00e1csunknak k\u00f6sz\u00f6nhet\u0151en minden iskol\u00e1nkba j\u00e1r\u00f3 di\u00e1k, kicsikt\u0151l nagyokig, k\u00fcl\u00f6nf\u00e9le sz\u00f3rakoztat\u00f3 programokon kapcsol\u00f3dhat ki, legyen sz\u00f3 kar\u00e1csonyi aj\u00e1nd\u00e9koz\u00e1sr\u00f3l, farsangi mulats\u00e1gr\u00f3l vagy h\u00fasv\u00e9ti toj\u00e1skeres\u0151 versenyr\u0151l. A Di\u00e1ktan\u00e1cs szervez\u00e9s\u00e9ben iskol\u00e1nk IX.-es di\u00e1kjai di\u00e1kjai g\u00f3lyah\u00e9ten \u00e9s g\u00f3lyat\u00e1borban vehetnek r\u00e9szt.[\/et_pb_text][\/et_pb_column][et_pb_column type=&#8221;1_4&#8243; _builder_version=&#8221;4.19.1&#8243; _module_preset=&#8221;default&#8221; global_colors_info=&#8221;{}&#8221;][et_pb_image src=&#8221;https:\/\/liceuldeartaoradea.ro\/maghiara\/wp-content\/uploads\/2023\/10\/Diaktanacs-logo.jpg&#8221; title_text=&#8221;Di\u00e1ktan\u00e1cs logo&#8221; _builder_version=&#8221;4.19.1&#8243; _module_preset=&#8221;default&#8221; global_colors_info=&#8221;{}&#8221;][\/et_pb_image][\/et_pb_column][\/et_pb_row][et_pb_row _builder_version=&#8221;4.19.1&#8243; _module_preset=&#8221;default&#8221; global_colors_info=&#8221;{}&#8221;][et_pb_column type=&#8221;4_4&#8243; _builder_version=&#8221;4.19.1&#8243; _module_preset=&#8221;default&#8221; global_colors_info=&#8221;{}&#8221;][et_pb_gallery gallery_ids=&#8221;802,803,660,659,759,762,761,760,763,658,764&#8243; _builder_version=&#8221;4.19.1&#8243; _module_preset=&#8221;default&#8221; title_font_size=&#8221;14px&#8221; box_shadow_style_image=&#8221;preset1&#8243; global_colors_info=&#8221;{}&#8221;][\/et_pb_gallery][et_pb_divider color=&#8221;#AFAFAF&#8221; _builder_version=&#8221;4.19.1&#8243; _module_preset=&#8221;default&#8221; global_colors_info=&#8221;{}&#8221;][\/et_pb_divider][\/et_pb_column][\/et_pb_row][et_pb_row column_structure=&#8221;3_4,1_4&#8243; _builder_version=&#8221;4.19.1&#8243; _module_preset=&#8221;default&#8221; global_colors_info=&#8221;{}&#8221;][et_pb_column type=&#8221;3_4&#8243; _builder_version=&#8221;4.19.1&#8243; _module_preset=&#8221;default&#8221; global_colors_info=&#8221;{}&#8221;][et_pb_text _builder_version=&#8221;4.19.1&#8243; _module_preset=&#8221;default&#8221; global_colors_info=&#8221;{}&#8221;]<\/p>\n<h3>K\u00d6SZ\u00d6NET T\u00c1MOGAT\u00d3INKNAK<\/h3>\n<p>&nbsp;<\/p>\n<p>[\/et_pb_text][et_pb_accordion _builder_version=&#8221;4.19.1&#8243; _module_preset=&#8221;default&#8221; hover_enabled=&#8221;0&#8243; global_colors_info=&#8221;{}&#8221; sticky_enabled=&#8221;0&#8243;][et_pb_accordion_item title=&#8221;A Communitas alap\u00edtv\u00e1ny a 2023 &#8211; 2024-es tan\u00e9vben 2.000 lej visszanemt\u00e9r\u00edtend\u0151 t\u00e1mogat\u00e1ssal seg\u00edtette %22K\u00e9pezd magad tov\u00e1bb!%22 nev\u0171 programunkat. Iktat\u00f3sz\u00e1m: IFJ-24\/3-0538.&#8221; _builder_version=&#8221;4.19.1&#8243; _module_preset=&#8221;default&#8221; hover_enabled=&#8221;0&#8243; sticky_enabled=&#8221;0&#8243; open=&#8221;on&#8221;]<\/p>\n<p>2023-ban a Collegium Varadinum egyes\u00fclet a Nagyv\u00e1radi M\u0171v\u00e9szeti L\u00edceum di\u00e1kjaival, Magyarorsz\u00e1g Korn\u00e1ny\u00e1t\u00f3l, a &#8220;Zenetagozatos tehets\u00e9gek dics\u0151\u00edt\u0151 zen\u00e9je az \u00f6kumenizmus jegy\u00e9ben&#8221; c\u00edm\u0171 projektre elnyert egy 4.500.000 forint \u00e9rt\u00e9k\u0171 t\u00e1mogat\u00e1st, melyb\u0151l iskol\u00e1nk di\u00e1kjai sz\u00e1m\u00e1ra komoly hangszer \u00e9s hangtechnika beszerz\u00e9sre ker\u00fclt sor. 2024 elej\u00e9n megv\u00e1s\u00e1rl\u00e1sra ker\u00fcltek az \u00faj hangszerek \u00e9s a projekt megval\u00f3s\u00edt\u00e1s\u00e1hoz n\u00e9lk\u00fcl\u00f6zhetetlen hangos\u00edt\u00e1s.<\/p>\n<p>A k\u00f6z\u00e9piskolai \u00e9s l\u00edceumi zeneoktat\u00e1s sz\u00e1mos hangszerismeret \u00e9s zeneelm\u00e9let \u00f3r\u00e1t foglal mag\u00e1ban, azonban a tantervnek nem r\u00e9sze a zenei tev\u00e9kenys\u00e9gek kihangos\u00edt\u00e1sa, a zenekarok logisztik\u00e1j\u00e1val j\u00e1r\u00f3 probl\u00e9m\u00e1k, valamint a felszerel\u00e9sek kezel\u00e9se \u00e9s szakszer\u0171 karbantart\u00e1sa.<\/p>\n<p>Hogy a Collegium Varadinum-al k\u00f6z\u00f6sen megval\u00f3sul\u00f3 program, mely a 2024 j\u00fanius v\u00e9g\u00e9n z\u00e1rult, \u00e9s m\u00e1s hasonl\u00f3 jelleg\u0171 programok is akad\u00e1lymentesen ker\u00fclhessenek megval\u00f3s\u00edt\u00e1sra, iskol\u00e1nk tan\u00e1rai a tanterven t\u00falmen\u0151en k\u00fcl\u00f6n foglalkoz\u00e1sokat tartottak az iskola di\u00e1kjai sz\u00e1m\u00e1ra.<\/p>\n<p>Annak \u00e9rdek\u00e9ben hogy a megv\u00e1s\u00e1rolt hangszerek \u00e9s hangtechnika hossz\u00fa \u00e9vekig haszn\u00e1lhat\u00f3 maradjon, k\u00fcl\u00f6n figyelmet szentelt\u00fcnk a megv\u00e1s\u00e1rolt eszk\u00f6z\u00f6k szakszer\u0171 meg\u00f3v\u00e1s\u00e1ra: a helyes t\u00e1rol\u00e1s, csomagol\u00e1s \u00e9s sz\u00e1ll\u00edt\u00e1s probl\u00e9m\u00e1ira. A hangszerek sz\u00e1m\u00e1ra v\u00e1s\u00e1roltunk egy polcrendszert, \u00e9s a t\u00f6bb h\u00f3napos pr\u00f3b\u00e1k \u00e9s fell\u00e9p\u00e9sek alatt megtanultuk mindennek a pontos hely\u00e9t, \u00e9s hogyan lehet sz\u00e1ll\u00edtani \u00fagy, hogy az eszk\u00f6z\u00f6ket ne \u00e9rje s\u00e9r\u00fcl\u00e9s. Ugyanakkor a sok gyakorl\u00e1snak k\u00f6sz\u00f6nhet\u0151en a csapat hat\u00e9konys\u00e1ga n\u0151tt, \u00e9s a logisztikai feladatokra sz\u00fcks\u00e9ges id\u0151 cs\u00f6kkent.<\/p>\n<p>A projekt megval\u00f3s\u00edt\u00e1sa k\u00f6zben sz\u00e1mtalan hangtechnikai probl\u00e9m\u00e1val \u00e9s annak megold\u00e1saival ismerkedhettek meg a di\u00e1kok. Alkalom volt z\u00e1rt t\u00e9rbe is zen\u00e9lni, illetve szabadt\u00e9ri sz\u00ednpadon is volt alkalmuk tapasztalatot szerezni. Mindegyik helyzet m\u00e1s \u00e9s m\u00e1s kih\u00edv\u00e1s el\u00e9 \u00e1ll\u00edtotta a zeneszakos di\u00e1kokat.<\/p>\n<p>Minden helysz\u00ednnek megvoltak a maga hangtechnikai k\u00f6vetelm\u00e9nyei, el\u0151nyei \u00e9s h\u00e1tr\u00e1nyai is. Ez\u00e9rt minden fell\u00e9p\u00e9st gondos tervez\u00e9st ig\u00e9nyelt, el\u0151re meg kellett tervezni a hangszerek, \u00e9nekesek bemikrofonoz\u00e1s\u00e1t, a monitoroz\u00e1st, \u00e9s term\u00e9szetesen a k\u00f6z\u00f6ns\u00e9g fel\u00e9 is k\u00f6vetelm\u00e9ny a megfelel\u0151 min\u0151s\u00e9g\u0171 hangz\u00e1s. A felk\u00e9sz\u00fcl\u00e9sek legt\u00f6bbsz\u00f6r a Nagyv\u00e1radi M\u0171v\u00e9szeti L\u00edceum pr\u00f3baterm\u00e9ben vagy d\u00edszterm\u00e9ben t\u00f6rt\u00e9ntek, de a k\u00fcls\u0151 fell\u00e9p\u00e9sek eset\u00e9ben a helysz\u00ednen is folytat\u00f3dott a gyakorl\u00e1s \u00e9s finomhangol\u00e1s.<\/p>\n<p>A program id\u0151tartalma alatt a di\u00e1kok komoly tapasztalatot szerezhettek anal\u00f3g kever\u0151 rendszereken, \u00e9s a digit\u00e1lis kever\u00e9sbe is bevezet\u00e9st kaptak. T\u00f6bb di\u00e1k is elsaj\u00e1t\u00edtotta a limiterek, kompresszorok \u00e9s EQ szab\u00e1lyz\u00f3k haszn\u00e1lat\u00e1t.<\/p>\n<p>A Communitas alap\u00edtv\u00e1ny \u00e1ltal meg\u00edt\u00e9lt 2000 lej visszanemt\u00e9r\u00edtend\u0151 t\u00e1mogat\u00e1st di\u00e1ktan\u00e1csunk egy polcrendszer, k\u00e1belek \u00e9s hosszabb\u00edt\u00f3k, valamint egy\u00e9bb apr\u00f3 kieg\u00e9sz\u00edt\u0151k v\u00e1s\u00e1rl\u00e1sra k\u00f6lt\u00f6tte.<\/p>\n<p>[\/et_pb_accordion_item][et_pb_accordion_item title=&#8221;A Communitas alap\u00edtv\u00e1ny a 2023 &#8211; 2024-es tan\u00e9vben 1.000 lej visszanemt\u00e9r\u00edtend\u0151 t\u00e1mogat\u00e1ssal seg\u00edtette %22Csapat\u00e9p\u00edt\u0151 g\u00f3lyat\u00e1bor%22 nev\u0171 programunkat. Iktat\u00f3sz\u00e1m: IFJ-23\/2-0087.&#8221; open=&#8221;off&#8221; _builder_version=&#8221;4.19.1&#8243; _module_preset=&#8221;default&#8221; hover_enabled=&#8221;0&#8243; global_colors_info=&#8221;{}&#8221; sticky_enabled=&#8221;0&#8243;]<\/p>\n<p>A \u201dCsapat\u00e9p\u00edt\u0151 g\u00f3lyat\u00e1bor\u201d c\u00edm\u0171 programra mintegy 50 r\u00e9sztvev\u0151vel sz\u00e1molt iskol\u00e1nk di\u00e1ktan\u00e1csa, \u00e9s a tervezetteknek megfelel\u0151en 2023 okt\u00f3ber 24-\u00e9n, kedd reggel, \u00fatnak is indult a Nagyv\u00e1radi M\u0171v\u00e9szeti L\u00edceum IX.D \u00e9s IX.E oszt\u00e1lya az iskolai di\u00e1ktan\u00e1cs szervez\u0151 csapat\u00e1val \u00e9s a k\u00eds\u00e9r\u0151 tan\u00e1rokkal.<\/p>\n<p>A g\u00f3lyat\u00e1bor helsysz\u00edne a Hegyk\u00f6zszentmikl\u00f3si Strandf\u00fcrd\u0151 \u00e9s k\u00f6rny\u00e9ke volt. A helysz\u00edn t\u00f6k\u00e9letes volt a g\u00f3lyat\u00e1bor sz\u00e1m\u00e1ra, egy sz\u0171k ter\u00fcleten megtal\u00e1lhat\u00f3 volt a sz\u00e1ll\u00e1sunk, az \u00e9tkez\u00e9si hely, a szabadt\u00e9ri tev\u00e9kenys\u00e9gek lefoly\u00e1s\u00e1hoz sz\u00fcgs\u00e9ges udvar, \u00e9s term\u00e9szetesen a lazul\u00e1sra szolg\u00e1l\u00f3 medence is.<\/p>\n<p>Csapat\u00e9p\u00edt\u0151 j\u00e1t\u00e9kok \u00e9s versenyek szempontj\u00e1b\u00f3l az els\u0151 g\u00f3lyat\u00e1boros nap igen akt\u00edvnak mondhat\u00f3, a vet\u00e9lked\u0151knek csak az eb\u00e9did\u0151 vetett r\u00f6vid sz\u00fcnetet. Ugyanakkor a napnyugt\u00e1t k\u00f6vetve se mondhat\u00f3 hogy al\u00e1bbhagyott volna a hangulat, a vacsor\u00e1t k\u00f6vet\u0151 f\u00fcrd\u0151z\u00e9s ut\u00e1n begy\u00fajtottuk a t\u00e1bort\u0171z farak\u00e1s\u00e1t, \u00e9s \u00e9jf\u00e9lig tart\u00f3 m\u00e1jvacukor s\u00fctk\u00e9rez\u00e9sbe, t\u00e1bort\u00fczi git\u00e1roz\u00e1sba \u00e9s t\u00e1ncol\u00e1sba kezdt\u00fcnk.<\/p>\n<p>M\u00e1snap d\u00e9lel\u0151ttre is jutottak m\u00e9g megpr\u00f3b\u00e1ltat\u00e1sok a g\u00f3lyat\u00e1bor r\u00e9sztvev\u0151inek, majd kihirdet\u00e9sre ker\u00fclt a legjobb csapat, \u00e9s a legjobb oszt\u00e1ly is megkapta titulus\u00e1t, melyet a\u00a0 IX.E oszt\u00e1ly a j\u00f6v\u0151 \u00e9vi g\u00f3lyat\u00e1borig meg\u0151rizhet.<\/p>\n<p>A jelenlegi kilencedik oszt\u00e1lyosok mind\u00f6ssze k\u00f6r\u00fclbel\u00fcl 20%-a ismerte egym\u00e1st el\u0151z\u0151 iskolai \u00e9vekb\u0151l, a di\u00e1kok t\u00f6bbs\u00e9ge \u00fajnak sz\u00e1m\u00edt iskol\u00e1nkban. Az \u00faj di\u00e1kok Bihar megye legk\u00fcl\u00f6nb\u00f6z\u0151bb telep\u00fcl\u00e9seir\u0151l \u00e9rkeztek, a tanul\u00f3k t\u00f6bb mint fele bentlak\u00e1sos di\u00e1k, ez\u00e9rt sz\u00e1mukra nagyon fontos, hogy m\u00e1r a l\u00edceumi \u00e9vek legels\u0151 heteiben j\u00f3 ismeretts\u00e9gre tegyenek szert, megtanulj\u00e1k egym\u00e1st elfogadni, \u00e9s nem utols\u00f3 sorban megtanuljanak egy\u00fctt dolgozni k\u00f6z\u00f6ss\u00e9g\u00fcl \u00e9p\u00edt\u00e9se \u00e9rdek\u00e9ben.<\/p>\n<p>Rem\u00e9nyeink szerint, a k\u00e9t egy\u00fctt elt\u00f6lt\u00f6tt nap alatt, a szabadid\u0151s tev\u00e9kenys\u00e9gek \u00e1ltal a di\u00e1kok \u00f6sszekov\u00e1csol\u00f3dtak, \u00e9s az elk\u00f6vetkez\u0151 4 \u00e9vben eredm\u00e9nyesen tudnak majd egy\u00fcttm\u0171k\u00f6dni az iskolai tev\u00e9kenys\u00e9gekben, bele\u00e9rtve a Di\u00e1ktan\u00e1cs tev\u00e9kenys\u00e9geit is.<\/p>\n<p>A Communitas alap\u00edtv\u00e1ny \u00e1ltal meg\u00edt\u00e9lt 1000 lej visszanemt\u00e9r\u00edtend\u0151 t\u00e1mogat\u00e1st di\u00e1ktan\u00e1csunk a sz\u00e1ll\u00e1s k\u00f6lts\u00e9gek fedez\u00e9s\u00e9re k\u00f6lt\u00f6tte.<\/p>\n<p><iframe loading=\"lazy\" title=\"Nagyv\u00e1radi M\u0171v\u00e9szeti L\u00edceum - G\u00f3lyat\u00e1bor 2023\" width=\"1080\" height=\"608\" src=\"https:\/\/www.youtube.com\/embed\/aJQ5p1Z5t58?feature=oembed\"  allow=\"accelerometer; autoplay; clipboard-write; encrypted-media; gyroscope; picture-in-picture; web-share\" allowfullscreen><\/iframe><\/p>\n<p>[\/et_pb_accordion_item][et_pb_accordion_item title=&#8221;A Communitas alap\u00edtv\u00e1ny a 2022 &#8211; 2023-as tan\u00e9vben 1.000 lej visszanemt\u00e9r\u00edtend\u0151 t\u00e1mogat\u00e1ssal seg\u00edtette %22Szalacsi csapat\u00e9p\u00edt\u00e9s%22 nev\u0171 programunkat. Iktat\u00f3sz\u00e1m: IFJ-23\/1-0580&#8243; _builder_version=&#8221;4.19.1&#8243; _module_preset=&#8221;default&#8221; global_colors_info=&#8221;{}&#8221; open=&#8221;off&#8221;]<\/p>\n<p>2023 nyar\u00e1n, julius 1 \u00e9s 2 k\u00f6z\u00f6tt, iskol\u00e1nk legakt\u00edvabb di\u00e1kjai egy eg\u00e9sz h\u00e9tv\u00e9g\u00e9s csapat\u00e9p\u00edt\u0151 programon vettek r\u00e9szt a Bihar megyei Szalacson. A 30 f\u0151s kis csapat f\u0151leg olyan gimnazista \u00e9s k\u00f6z\u00e9piskol\u00e1s di\u00e1kokb\u00f3l \u00e1llt, akik akt\u00edvan r\u00e9szt v\u00e1llalnak iskol\u00e1nk programjainak a megszervez\u00e9s\u00e9ben \u00e9s lebonyol\u00edt\u00e1s\u00e1ban.<br \/>A buszj\u00e1raton m\u00e1r az odavezet\u0151 \u00faton is siker\u00fclt remek hangulatot teremteni. A meg\u00e9rkez\u00e9s a szalacsi sz\u00e1ll\u00e1shelyre reggel 9 \u00f3ra magass\u00e1g\u00e1ban t\u00f6rt\u00e9nt, ezt k\u00f6vet\u0151en r\u00f6gt\u00f6n el is kezd\u0151dtek a tervezett tev\u00e9kenys\u00e9gek.<br \/>A h\u00e9tv\u00e9ge javar\u00e9szt j\u00e1t\u00e9kkal \u00e9s szabadt\u00e9ri sporttal telt, de a sok m\u00f3ka \u00e9s kacag\u00e1s mellett jutott id\u0151 megbesz\u00e9lni az iskola di\u00e1kjait \u00e9rint\u0151 legfontosabb k\u00e9rd\u00e9seket \u00e9s probl\u00e9m\u00e1kat is.<br \/>A szalacsi \u201dZ\u00f6ld h\u00e1z\u201d ide\u00e1lis helysz\u00ednnek bizonyult, minden ig\u00e9nyt kiel\u00e9g\u00edtett, ami sz\u00fcks\u00e9ges volt az \u00f6sszekov\u00e1csol\u00e1s szempontj\u00e1b\u00f3l.<br \/>A h\u00e1romf\u0151s tan\u00e1r k\u00eds\u00e9ret, De\u00e1k Ir\u00e9n, Kov\u00e1cs Anett \u00e9s Balajti R\u00f3bert sz\u00e1mos \u00e9rdekes kreat\u00edv csapat\u00e9p\u00edt\u0151 \u00e9s bizalom er\u0151s\u00edt\u0151 j\u00e1t\u00e9kkal rukkolt el\u0151. A j\u00e1t\u00e9kok melyek \u00fagy az izmok mint az agytekerv\u00e9nyek megmozgat\u00e1s\u00e1ra voltak ki\u00e9lezve, sz\u00e1mos felejthetetlen percet okozott a j\u00f3kedv\u0171 t\u00e1rsas\u00e1gnak.<br \/>Mivel Szalacs k\u00f6zs\u00e9g \u00f6nkorm\u00e1nyzata nemr\u00e9giben avatta fel fiataloknak sz\u00e1nt kalandparkj\u00e1t, term\u00e9szetesen ennek kipr\u00f3b\u00e1l\u00e1sa se maradhatott el a programb\u00f3l.<br \/>A programra beiktat\u00e1sra ker\u00fclt egy tanulm\u00e1nyi kir\u00e1ndul\u00e1s is, a r\u00e9sztvev\u0151k megtekintett\u00e9k a szalacsi r\u00f3mai katolikus \u00e9s reform\u00e1tus templomokat, interakt\u00edv kv\u00edz \u00e9s kincskeres\u00e9s form\u00e1j\u00e1ban felfedez\u00e9sre ker\u00fclt a telep\u00fcl\u00e9s helyt\u00f6rt\u00e9nete. Az \u00fatvonalnak r\u00e9sz\u00e9t k\u00e9pezte a helyi n\u00e9prajzi \u00e9s n\u00e9pm\u0171v\u00e9szeti ki\u00e1ll\u00edt\u00e1s is, valamint a helyi pincesor, ami a telep\u00fcl\u00e9s egyik jellegzetes \u00e9p\u00edt\u00e9szeti \u00e9rt\u00e9k\u00e9t adja.<br \/>A Communitas alap\u00edtv\u00e1ny \u00e1ltal meg\u00edt\u00e9lt 1000 lej visszanemt\u00e9r\u00edtend\u0151 t\u00e1mogat\u00e1st di\u00e1ktan\u00e1csunk a sz\u00e1ll\u00e1s k\u00f6lts\u00e9gek fedez\u00e9s\u00e9re k\u00f6lt\u00f6tte, mely tartalmazta a bel\u00e9p\u0151t is a szalacsi kalandparkba.<\/p>\n<p>[\/et_pb_accordion_item][et_pb_accordion_item title=&#8221;A Communitas alap\u00edtv\u00e1ny a 2022 &#8211; 2023-as tan\u00e9vben 1.000 lej visszanemt\u00e9r\u00edtend\u0151 t\u00e1mogat\u00e1ssal seg\u00edtette %22K\u00e9pezd tov\u00e1bb magad!%22 nev\u0171 programunkat. Iktat\u00f3sz\u00e1m: IFJ-23\/1-0720.&#8221; _builder_version=&#8221;4.19.1&#8243; _module_preset=&#8221;default&#8221; global_colors_info=&#8221;{}&#8221; open=&#8221;off&#8221;]<\/p>\n<p>A \u201dK\u00e9pezd tov\u00e1bb magad!\u201d c\u00edm\u0171 programra mintegy 100 r\u00e9sztvev\u0151vel sz\u00e1molt iskol\u00e1nk di\u00e1ktan\u00e1csa, \u00e9s a tervezetteknek megfelel\u0151en 2023 j\u00falius 24-\u00e9n, h\u00e9tf\u0151 d\u00e9lut\u00e1n, meg is telt a Nagyv\u00e1radi M\u0171v\u00e9szeti L\u00edceum d\u00edszterme. A t\u00e9mak\u00f6r\u00f6k mind az el\u0151ad\u00f3m\u0171v\u00e9szethez \u00e9s az ezekhez kapcsol\u00f3d\u00f3, egy sz\u00ednpadi produkci\u00f3t kiszolg\u00e1l\u00f3 szak\u00e1gakr\u00f3l sz\u00f3ltak. A k\u00e9pz\u00e9s t\u00f6bb elm\u00e9leti \u00e9s gyakorlati blokkb\u00f3l \u00e1llt. R\u00f6vid bemutat\u00f3k keret\u00e9n bel\u00fcl a di\u00e1kok megismerkedhettek a m\u0171v\u00e9szmenedzsment l\u00e9nyeg\u00e9vel, k\u00fcl\u00f6nb\u00f6z\u0151 el\u0151ad\u00f3i besz\u00e9dtechnik\u00e1kkal, a d\u00edszlettervez\u00e9s \u00e9s \u00e9p\u00edt\u00e9s alapjaival, a hang \u00e9s f\u00e9nytechnika rendszerek fel\u00e9p\u00edt\u00e9s\u00e9vel, valamint a sz\u00ednpadi k\u00e9pvet\u00edt\u00e9s (prezent\u00e1ci\u00f3) gyakoribb technikai megold\u00e1saival.<br \/>A programot iskol\u00e1nk v\u00e9gz\u0151s di\u00e1kjai, Bencz\u00e9di Krist\u00f3f \u00e9s Coz\u00e1k D\u00e1vid, Felix Mendelssohn-Bartholdy, E-moll heged\u0171verseny I. t\u00e9tel\u00e9vel nyitotta, majd Nagy Gabriella, a Nagyv\u00e1radi M\u0171v\u00e9szeti L\u00edceum aligazgat\u00f3n\u0151j\u00e9nek k\u00f6sz\u00f6nt\u0151 szavai hangoztak el. Ezt k\u00f6vet\u0151en iskol\u00e1nk magyar nyelv \u00e9s irodalom tan\u00e1ra, Mados Andrea hasznos tan\u00e1csokat osztott meg a terembe l\u00e9v\u0151 di\u00e1kokkal \u201dHogyan besz\u00e9lj\u00fcnk a ny\u00edlv\u00e1noss\u00e1g el\u0151tt\u201d c\u00edmsz\u00f3val. Mircescu Georgiana fuvola tan\u00e1rn\u0151 harmadik el\u0151adott t\u00e9mak\u00f6rk\u00e9nt bevezet\u00e9st tartott a m\u0171v\u00e9szmenedzsment l\u00e9nyeg\u00e9be \u00e9s megosztotta a jelenl\u00e9v\u0151kkel a j\u00f3 menedzser-el\u0151ad\u00f3m\u0171v\u00e9sz viszony titk\u00e1t.<br \/>Intermezzok\u00e9nt Fonai Benjamin, Meleg N\u00f3ra, Repk\u0151 Bal\u00e1zs \u00e9s Ghitea Bal\u00e1zs Imre brazil ritmusokkal sz\u00f3rakoztatta a jelenlev\u0151ket.<br \/>Kov\u00e1cs Anett diz\u00e1jntan\u00e1rn\u0151 \u00e9s R\u00e1cz Ervin fest\u00e9szettan\u00e1r k\u00f6z\u00f6sen, mint egy f\u00e9l \u00f3r\u00e1ban hasznos \u00f6tleteket mutatott be, amivel egy el\u0151ad\u00f3 sz\u00ednpad\u00e1t szem\u00e9lyreszabott\u00e1 lehet tenni. Utols\u00f3 el\u0151ad\u00f3k\u00e9nt Balajti R\u00f3bert m\u0171\u00e9p\u00edt\u00e9sz tan\u00e1r l\u00e9pett a d\u00edszterem sz\u00ednpad\u00e1ra, aki bemutatta a sz\u00ednpadi hangos\u00edt\u00e1shoz legsz\u00fcks\u00e9gesebb eszk\u00f6z\u00f6ket, hasznos tan\u00e1csokat adott a j\u00f3 sz\u00ednpadi megvil\u00e1g\u00edt\u00e1shoz, \u00e9s v\u00e9g\u00fcl kit\u00e9rt a gyakrabban alkalmazott sz\u00ednpadi k\u00e9pvet\u00edt\u00e9s m\u00f3dszerekre is.<br \/>A programot az esti \u00f3r\u00e1kban Vura J\u00e1nos tan\u00e1r \u00far \u00e9s trombit\u00e1s csapata z\u00e1rta.<br \/>Rem\u00e9nyeink szerint, a programon jelenlev\u0151 di\u00e1kok a k\u00e9pz\u0151 m\u0171helyt k\u00f6vet\u0151en k\u00f6nnyebben megtal\u00e1lj\u00e1k a hely\u00fcket t\u00e9rs\u00e9g\u00fcnk kult\u00far\u00e1lis szervezetein\u00e9l, \u00e9s \u00f6nk\u00e9ntes munk\u00e1jukkal akt\u00edvan fogj\u00e1k tudni seg\u00edteni a szervezetek kult\u00far\u00e1lis munk\u00e1ss\u00e1g\u00e1t.<br \/>A Communitas alap\u00edtv\u00e1ny \u00e1ltal meg\u00edt\u00e9lt 1000 lej visszanemt\u00e9r\u00edtend\u0151 t\u00e1mogat\u00e1st di\u00e1ktan\u00e1csunk hangtechnika v\u00e1s\u00e1rl\u00e1sra k\u00f6lt\u00f6tte.<\/p>\n<p>[\/et_pb_accordion_item][\/et_pb_accordion][\/et_pb_column][et_pb_column type=&#8221;1_4&#8243; _builder_version=&#8221;4.19.1&#8243; _module_preset=&#8221;default&#8221; global_colors_info=&#8221;{}&#8221;][et_pb_image src=&#8221;https:\/\/liceuldeartaoradea.ro\/maghiara\/wp-content\/uploads\/2023\/06\/Communitas_logo_vizszintes_vilagos_hatteren.png&#8221; title_text=&#8221;Communitas alap\u00edtv\u00e1ny&#8221; _builder_version=&#8221;4.19.1&#8243; _module_preset=&#8221;default&#8221; global_colors_info=&#8221;{}&#8221;][\/et_pb_image][\/et_pb_column][\/et_pb_row][\/et_pb_section]<\/p>\n","protected":false},"excerpt":{"rendered":"<p>Di\u00e1kok &#8211; Di\u00e1ktan\u00e1csA NAGYV\u00c1RADI M\u0170V\u00c9SZETI L\u00cdCEUM DI\u00c1KTAN\u00c1CSA Iskol\u00e1nk di\u00e1ktan\u00e1csa a Tan\u00fcgyi t\u00f6rv\u00e9ny az OMECTS nr. 4247\/2010.06.26. Szervez\u00e9si \u00e9s m\u0171k\u00f6d\u00e9si szab\u00e1lyzata szerint m\u0171k\u00f6dik. A Nagyv\u00e1radi M\u0171v\u00e9szeti L\u00edceum Di\u00e1ktan\u00e1csa minden \u00e9vben sz\u00e1mos programmal sz\u00ednes\u00edti iskol\u00e1nk \u00e9let\u00e9t. Di\u00e1ktan\u00e1csunknak k\u00f6sz\u00f6nhet\u0151en minden iskol\u00e1nkba j\u00e1r\u00f3 di\u00e1k, kicsikt\u0151l nagyokig, k\u00fcl\u00f6nf\u00e9le sz\u00f3rakoztat\u00f3 programokon kapcsol\u00f3dhat ki, legyen sz\u00f3 kar\u00e1csonyi aj\u00e1nd\u00e9koz\u00e1sr\u00f3l, farsangi mulats\u00e1gr\u00f3l vagy h\u00fasv\u00e9ti [&hellip;]<\/p>\n","protected":false},"author":2,"featured_media":0,"parent":0,"menu_order":0,"comment_status":"closed","ping_status":"closed","template":"","meta":{"_et_pb_use_builder":"on","_et_pb_old_content":"","_et_gb_content_width":"","footnotes":""},"class_list":["post-651","page","type-page","status-publish","hentry"],"_links":{"self":[{"href":"https:\/\/liceuldeartaoradea.ro\/maghiara\/wp-json\/wp\/v2\/pages\/651","targetHints":{"allow":["GET"]}}],"collection":[{"href":"https:\/\/liceuldeartaoradea.ro\/maghiara\/wp-json\/wp\/v2\/pages"}],"about":[{"href":"https:\/\/liceuldeartaoradea.ro\/maghiara\/wp-json\/wp\/v2\/types\/page"}],"author":[{"embeddable":true,"href":"https:\/\/liceuldeartaoradea.ro\/maghiara\/wp-json\/wp\/v2\/users\/2"}],"replies":[{"embeddable":true,"href":"https:\/\/liceuldeartaoradea.ro\/maghiara\/wp-json\/wp\/v2\/comments?post=651"}],"version-history":[{"count":21,"href":"https:\/\/liceuldeartaoradea.ro\/maghiara\/wp-json\/wp\/v2\/pages\/651\/revisions"}],"predecessor-version":[{"id":875,"href":"https:\/\/liceuldeartaoradea.ro\/maghiara\/wp-json\/wp\/v2\/pages\/651\/revisions\/875"}],"wp:attachment":[{"href":"https:\/\/liceuldeartaoradea.ro\/maghiara\/wp-json\/wp\/v2\/media?parent=651"}],"curies":[{"name":"wp","href":"https:\/\/api.w.org\/{rel}","templated":true}]}}