{"id":680,"date":"2023-03-19T05:23:33","date_gmt":"2023-03-19T05:23:33","guid":{"rendered":"https:\/\/liceuldeartaoradea.ro\/maghiara\/?page_id=680"},"modified":"2023-03-19T05:30:46","modified_gmt":"2023-03-19T05:30:46","slug":"ovoda-es-muveszet","status":"publish","type":"page","link":"https:\/\/liceuldeartaoradea.ro\/maghiara\/ovoda-es-muveszet\/","title":{"rendered":"\u00d3voda \u00e9s m\u0171v\u00e9szet"},"content":{"rendered":"<p>[et_pb_section fb_built=&#8221;1&#8243; _builder_version=&#8221;4.19.1&#8243; _module_preset=&#8221;default&#8221; global_colors_info=&#8221;{}&#8221;][et_pb_row _builder_version=&#8221;4.19.1&#8243; _module_preset=&#8221;default&#8221; global_colors_info=&#8221;{}&#8221;][et_pb_column type=&#8221;4_4&#8243; _builder_version=&#8221;4.19.1&#8243; _module_preset=&#8221;default&#8221; global_colors_info=&#8221;{}&#8221;][et_pb_text _builder_version=&#8221;4.19.1&#8243; _module_preset=&#8221;default&#8221; hover_enabled=&#8221;0&#8243; global_colors_info=&#8221;{}&#8221; header_2_font_size=&#8221;45px&#8221; sticky_enabled=&#8221;0&#8243; header_2_font=&#8221;Prata||||||||&#8221;]<\/p>\n<h2>\u00d3voda \u00e9s m\u0171v\u00e9szet<\/h2>\n<p>[\/et_pb_text][et_pb_text _builder_version=&#8221;4.19.1&#8243; _module_preset=&#8221;default&#8221; hover_enabled=&#8221;0&#8243; sticky_enabled=&#8221;0&#8243;]<\/p>\n<p>Iskol\u00e1nk tehets\u00e9ges di\u00e1kjai R\u00e1cz Ervin tan\u00e1r \u00far ir\u00e1ny\u00edt\u00e1s\u00e1val csod\u00e1latos k\u00f6rnyezetet var\u00e1zsoltak a Biharf\u00e9legyh\u00e1zi Micimack\u00f3 \u00e9s M\u00e9hecske csoportj\u00e1ba a cs\u00f6pps\u00e9gek sz\u00e1m\u00e1ra.<\/p>\n<p>[\/et_pb_text][et_pb_gallery gallery_ids=&#8221;677,678,675,676&#8243; _builder_version=&#8221;4.19.1&#8243; _module_preset=&#8221;default&#8221; title_font_size=&#8221;14px&#8221; box_shadow_style_image=&#8221;preset1&#8243; global_colors_info=&#8221;{}&#8221;][\/et_pb_gallery][\/et_pb_column][\/et_pb_row][\/et_pb_section]<\/p>\n","protected":false},"excerpt":{"rendered":"<p>\u00d3voda \u00e9s m\u0171v\u00e9szetIskol\u00e1nk tehets\u00e9ges di\u00e1kjai R\u00e1cz Ervin tan\u00e1r \u00far ir\u00e1ny\u00edt\u00e1s\u00e1val csod\u00e1latos k\u00f6rnyezetet var\u00e1zsoltak a Biharf\u00e9legyh\u00e1zi Micimack\u00f3 \u00e9s M\u00e9hecske csoportj\u00e1ba a cs\u00f6pps\u00e9gek sz\u00e1m\u00e1ra.<\/p>\n","protected":false},"author":2,"featured_media":0,"parent":0,"menu_order":0,"comment_status":"closed","ping_status":"closed","template":"","meta":{"_et_pb_use_builder":"on","_et_pb_old_content":"","_et_gb_content_width":"","footnotes":""},"class_list":["post-680","page","type-page","status-publish","hentry"],"_links":{"self":[{"href":"https:\/\/liceuldeartaoradea.ro\/maghiara\/wp-json\/wp\/v2\/pages\/680","targetHints":{"allow":["GET"]}}],"collection":[{"href":"https:\/\/liceuldeartaoradea.ro\/maghiara\/wp-json\/wp\/v2\/pages"}],"about":[{"href":"https:\/\/liceuldeartaoradea.ro\/maghiara\/wp-json\/wp\/v2\/types\/page"}],"author":[{"embeddable":true,"href":"https:\/\/liceuldeartaoradea.ro\/maghiara\/wp-json\/wp\/v2\/users\/2"}],"replies":[{"embeddable":true,"href":"https:\/\/liceuldeartaoradea.ro\/maghiara\/wp-json\/wp\/v2\/comments?post=680"}],"version-history":[{"count":4,"href":"https:\/\/liceuldeartaoradea.ro\/maghiara\/wp-json\/wp\/v2\/pages\/680\/revisions"}],"predecessor-version":[{"id":684,"href":"https:\/\/liceuldeartaoradea.ro\/maghiara\/wp-json\/wp\/v2\/pages\/680\/revisions\/684"}],"wp:attachment":[{"href":"https:\/\/liceuldeartaoradea.ro\/maghiara\/wp-json\/wp\/v2\/media?parent=680"}],"curies":[{"name":"wp","href":"https:\/\/api.w.org\/{rel}","templated":true}]}}

Óvoda és művészet

<p>[et_pb_section fb_built=&#8221;1&#8243; _builder_version=&#8221;4.19.1&#8243; _module_preset=&#8221;default&#8221; global_colors_info=&#8221;{}&#8221;][et_pb_row _builder_version=&#8221;4.19.1&#8243; _module_preset=&#8221;default&#8221; global_colors_info=&#8221;{}&#8221;][et_pb_column type=&#8221;4_4&#8243; _builder_version=&#8221;4.19.1&#8243; _module_preset=&#8221;default&#8221; global_colors_info=&#8221;{}&#8221;][et_pb_text _builder_version=&#8221;4.19.1&#8243; _module_preset=&#8221;default&#8221; hover_enabled=&#8221;0&#8243; global_colors_info=&#8221;{}&#8221; header_2_font_size=&#8221;45px&#8221; sticky_enabled=&#8221;0&#8243; header_2_font=&#8221;Prata||||||||&#8221;]</p>
<h2>Óvoda és művészet</h2>
<p>[/et_pb_text][et_pb_text _builder_version=&#8221;4.19.1&#8243; _module_preset=&#8221;default&#8221; hover_enabled=&#8221;0&#8243; sticky_enabled=&#8221;0&#8243;]</p>
<p>Iskolánk tehetséges diákjai Rácz Ervin tanár úr irányításával csodálatos környezetet varázsoltak a Biharfélegyházi Micimackó és Méhecske csoportjába a csöppségek számára.</p>
<p>[/et_pb_text][et_pb_gallery gallery_ids=&#8221;677,678,675,676&#8243; _builder_version=&#8221;4.19.1&#8243; _module_preset=&#8221;default&#8221; title_font_size=&#8221;14px&#8221; box_shadow_style_image=&#8221;preset1&#8243; global_colors_info=&#8221;{}&#8221;][/et_pb_gallery][/et_pb_column][/et_pb_row][/et_pb_section]</p>

<p>Óvoda és művészetIskolánk tehetséges diákjai Rácz Ervin tanár úr irányításával csodálatos környezetet varázsoltak a Biharfélegyházi Micimackó és Méhecske csoportjába a csöppségek számára.</p>
