{"id":8,"date":"2021-05-19T11:37:00","date_gmt":"2021-05-19T11:37:00","guid":{"rendered":"http:\/\/liceuldeartaoradea.ro\/maghiara\/?page_id=8"},"modified":"2023-02-04T15:04:58","modified_gmt":"2023-02-04T15:04:58","slug":"iskolank-tortenete","status":"publish","type":"page","link":"https:\/\/liceuldeartaoradea.ro\/maghiara\/iskolank-tortenete\/","title":{"rendered":"Iskol\u00e1nk t\u00f6rt\u00e9nete"},"content":{"rendered":"<p>[et_pb_section fb_built=&#8221;1&#8243; admin_label=&#8221;Header&#8221; _builder_version=&#8221;4.19.1&#8243; background_enable_image=&#8221;off&#8221; background_size=&#8221;initial&#8221; background_repeat=&#8221;repeat&#8221; global_colors_info=&#8221;{}&#8221;][et_pb_row _builder_version=&#8221;4.16&#8243; _module_preset=&#8221;default&#8221; global_colors_info=&#8221;{}&#8221;][et_pb_column type=&#8221;4_4&#8243; _builder_version=&#8221;4.16&#8243; _module_preset=&#8221;default&#8221; global_colors_info=&#8221;{}&#8221;][et_pb_text _builder_version=&#8221;4.19.1&#8243; text_font=&#8221;||||||||&#8221; header_font=&#8221;||||||||&#8221; header_2_font=&#8221;Prata|500|||||||&#8221; header_2_text_align=&#8221;left&#8221; header_2_font_size=&#8221;45px&#8221; header_2_line_height=&#8221;1.3em&#8221; transform_translate_linked=&#8221;off&#8221; max_width=&#8221;100%&#8221; max_width_tablet=&#8221;70%&#8221; max_width_last_edited=&#8221;off|phone&#8221; hover_enabled=&#8221;0&#8243; header_2_font_size_tablet=&#8221;45px&#8221; header_2_font_size_phone=&#8221;45px&#8221; header_2_font_size_last_edited=&#8221;on|phone&#8221; global_colors_info=&#8221;{}&#8221; sticky_enabled=&#8221;0&#8243;]<\/p>\n<h2>Iskol\u00e1nk t\u00f6rt\u00e9nete<\/h2>\n<p>[\/et_pb_text][et_pb_text _builder_version=&#8221;4.16&#8243; _module_preset=&#8221;default&#8221; global_colors_info=&#8221;{}&#8221;]<\/p>\n<p>1957-ben megalap\u00edtj\u00e1k a Nagyv\u00e1radi Zeneiskol\u00e1t, amely iskola term\u00e9szetszer\u0171en a zenei oktat\u00e1sra \u00f6sszpontos\u00edtotta tev\u00e9kenys\u00e9g\u00e9t. Az \u00fajonnan l\u00e9trehozott int\u00e9zm\u00e9nynek nem volt saj\u00e1t \u00e9p\u00fclete, hanem m\u00e1s oktat\u00e1si int\u00e9zm\u00e9nyek, d\u00e9lut\u00e1n szabad termeiben tev\u00e9kenykedett. H\u00e1rom iskola is befogad\u00f3 h\u00e1zigazd\u00e1ja is volt, A Mihai Eminescu Gimn\u00e1zium, az Ady Endre Gimn\u00e1zium, \u00e9s a Nicolae Balcescu Elemi Iskola. Zenem\u0171vel\u0151 tan\u00e1rai a helyi, N\u00e9pi m\u0171v\u00e9szeti Iskola (ma Francisc Hubic N\u00e9pi M\u0171v\u00e9szeti Iskola), valamint a Nagyv\u00e1radi Filharm\u00f3nia soraib\u00f3l ker\u00fcltek ki.<\/p>\n<p>1961-ben megalap\u00edtj\u00e1k a Zene \u00e9s K\u00e9pz\u0151m\u0171v\u00e9szeti K\u00f6z\u00e9piskol\u00e1t Scoala Medie de Muzica si Arte Plastice), amelyik egyetlen oszt\u00e1ly ind\u00edt\u00e1s\u00e1val kezdi meg m\u0171k\u00f6d\u00e9s\u00e9t. Ennek az egy\u00e9bk\u00e9nt negyedikes oszt\u00e1lynak k\u00e9t tagozata volt, egy zenei \u00e9s egy k\u00e9pz\u0151m\u0171v\u00e9szeti. A jelenlegi Lor\u00e1ntffy Zsuzsanna Reform\u00e1tus Gimn\u00e1zium \u00e9p\u00fclet\u00e9ben jut saj\u00e1t helyhez, ahol addig a r\u00f6vid ideig kell m\u0171k\u00f6dj\u00f6n, ameddig saj\u00e1t \u00e9p\u00fclethez jut. 1963-ban kiutalj\u00e1k sz\u00e1m\u00e1ra a Pet\u0151fi S\u00e1ndor t\u00e9r 26 sz\u00e1m alatti ingatlant, ahol a mai napig m\u0171k\u00f6dik, a mindenkori n\u00e9v \u00e9s iskolaform\u00e1khoz igazodva.<\/p>\n<p>Gimn\u00e1ziumk\u00e9nt 1977-ig m\u0171k\u00f6dhetett, amikor az orsz\u00e1gosan l\u00e9tez\u0151 27 m\u0171v\u00e9szeti gimn\u00e1ziumb\u00f3l 22-t megsz\u00fcntettek. Ett\u0151l kezdve, mint a m\u0171v\u00e9szet szakos 21-es sz\u00e1m\u00fa \u00e1ltal\u00e1nos Iskola folytatja tev\u00e9kenys\u00e9g\u00e9t.<\/p>\n<p>Az 1989-es \u00e9vekkel kezd\u0151d\u0151 gy\u00f6keres politikai v\u00e1ltoz\u00e1sok hat\u00e1s\u00e1ra 1990-ben \u00fajb\u00f3l megalap\u00edtj\u00e1k a Nagyv\u00e1radi M\u0171v\u00e9szeti Gimn\u00e1ziumot. H\u00e1rom szakkal indul: zenei, k\u00e9pz\u0151m\u0171v\u00e9szeti, \u00e9s koreogr\u00e1fiai szakkal. Ez ut\u00f3bbinak csak egyetlen \u00e9vfolyama volt, amely 1999-ben v\u00e9gzett. Ut\u00f3bb, a 2000-2001-es iskola\u00e9vben megalak\u00edtott\u00e1k a m\u0171\u00e9p\u00edt\u00e9szeti szakot is.<\/p>\n<p>Manaps\u00e1g az oktat\u00e1si int\u00e9zm\u00e9ny alapfok\u00fa (0-4 oszt\u00e1ly, zenei tagozat), \u00e9s k\u00f6z\u00e9pfok\u00fa k\u00e9pz\u00e9st folytat. Ez ut\u00f3bbiban, az 5-8 oszt\u00e1lyban a zenei tagozat mellett a k\u00e9pz\u0151m\u0171v\u00e9szeti szak is megtal\u00e1lhat\u00f3, m\u00edg a 9-12 oszt\u00e1lyok k\u00e9pz\u00e9s\u00e9ben a zenei tagozat mellett felsorakoznak a k\u00e9pz\u0151- \u00e9s d\u00edsz\u00edt\u0151m\u0171v\u00e9szet, a m\u0171\u00e9p\u00edt\u00e9szet \u00e9s az iparm\u0171v\u00e9szet (design) szakoszt\u00e1lyai is. Az iskola tev\u00e9kenys\u00e9ge nagyban hozz\u00e1j\u00e1rul a r\u00e9gi\u00f3 m\u0171v\u00e9sz \u00e9s m\u0171v\u00e9szet\u00e9rt\u0151 ut\u00e1np\u00f3tl\u00e1s\u00e1hoz, \u00e9s hangversenyeivel \u00e9s ki\u00e1ll\u00edt\u00e1saival r\u00e9sz\u00e9t k\u00e9pezi a helyi kultur\u00e1lis \u00e9letnek.<\/p>\n<p>Az iskola elhelyezked\u00e9se is ihlet\u0151en hathat a tehets\u00e9gek kibontakoz\u00e1s\u00e1ra, hiszen a v\u00e1ros egyik legszebb, legkiegyens\u00falyozottabb, \u00e9vsz\u00e1zadokra visszatekint\u0151 r\u00e9sz\u00e9ben tal\u00e1lhat\u00f3.<\/p>\n<p>A b\u00e1rmely gimn\u00e1ziumt\u00f3l elv\u00e1rhat\u00f3 felszerelts\u00e9g mellett (oszt\u00e1ly-, sport-, informatikaterem, k\u00f6nyvt\u00e1r), a Nagyv\u00e1radi m\u0171v\u00e9szeti Gimn\u00e1zium zenetermekkel, \u00e9s m\u0171termekkel (fest\u00e9szeti, ker\u00e1mia, divattervez\u0151, m\u0171v\u00e9szeti-, \u00e9s rekl\u00e1mgrafika, m\u0171\u00e9p\u00edt\u00e9szeti \u00e9s iparm\u0171v\u00e9szeti m\u0171termek) is rendelkezik.<\/p>\n<p>[\/et_pb_text][\/et_pb_column][\/et_pb_row][\/et_pb_section]<\/p>\n","protected":false},"excerpt":{"rendered":"<p>Iskol\u00e1nk t\u00f6rt\u00e9nete1957-ben megalap\u00edtj\u00e1k a Nagyv\u00e1radi Zeneiskol\u00e1t, amely iskola term\u00e9szetszer\u0171en a zenei oktat\u00e1sra \u00f6sszpontos\u00edtotta tev\u00e9kenys\u00e9g\u00e9t. Az \u00fajonnan l\u00e9trehozott int\u00e9zm\u00e9nynek nem volt saj\u00e1t \u00e9p\u00fclete, hanem m\u00e1s oktat\u00e1si int\u00e9zm\u00e9nyek, d\u00e9lut\u00e1n szabad termeiben tev\u00e9kenykedett. H\u00e1rom iskola is befogad\u00f3 h\u00e1zigazd\u00e1ja is volt, A Mihai Eminescu Gimn\u00e1zium, az Ady Endre Gimn\u00e1zium, \u00e9s a Nicolae Balcescu Elemi Iskola. Zenem\u0171vel\u0151 tan\u00e1rai a helyi, [&hellip;]<\/p>\n","protected":false},"author":1,"featured_media":0,"parent":0,"menu_order":0,"comment_status":"closed","ping_status":"closed","template":"","meta":{"_et_pb_use_builder":"on","_et_pb_old_content":"","_et_gb_content_width":"","footnotes":""},"class_list":["post-8","page","type-page","status-publish","hentry"],"_links":{"self":[{"href":"https:\/\/liceuldeartaoradea.ro\/maghiara\/wp-json\/wp\/v2\/pages\/8","targetHints":{"allow":["GET"]}}],"collection":[{"href":"https:\/\/liceuldeartaoradea.ro\/maghiara\/wp-json\/wp\/v2\/pages"}],"about":[{"href":"https:\/\/liceuldeartaoradea.ro\/maghiara\/wp-json\/wp\/v2\/types\/page"}],"author":[{"embeddable":true,"href":"https:\/\/liceuldeartaoradea.ro\/maghiara\/wp-json\/wp\/v2\/users\/1"}],"replies":[{"embeddable":true,"href":"https:\/\/liceuldeartaoradea.ro\/maghiara\/wp-json\/wp\/v2\/comments?post=8"}],"version-history":[{"count":5,"href":"https:\/\/liceuldeartaoradea.ro\/maghiara\/wp-json\/wp\/v2\/pages\/8\/revisions"}],"predecessor-version":[{"id":588,"href":"https:\/\/liceuldeartaoradea.ro\/maghiara\/wp-json\/wp\/v2\/pages\/8\/revisions\/588"}],"wp:attachment":[{"href":"https:\/\/liceuldeartaoradea.ro\/maghiara\/wp-json\/wp\/v2\/media?parent=8"}],"curies":[{"name":"wp","href":"https:\/\/api.w.org\/{rel}","templated":true}]}}