{"id":80,"date":"2021-05-19T14:53:52","date_gmt":"2021-05-19T14:53:52","guid":{"rendered":"http:\/\/liceuldeartaoradea.ro\/maghiara\/?page_id=80"},"modified":"2026-04-14T16:30:53","modified_gmt":"2026-04-14T16:30:53","slug":"liceum-kepzomuveszet","status":"publish","type":"page","link":"https:\/\/liceuldeartaoradea.ro\/maghiara\/liceum-kepzomuveszet\/","title":{"rendered":"L\u00edceum &#8211; K\u00e9pz\u0151m\u0171v\u00e9szet"},"content":{"rendered":"<p>[et_pb_section fb_built=&#8221;1&#8243; admin_label=&#8221;Header&#8221; _builder_version=&#8221;4.19.1&#8243; background_enable_image=&#8221;off&#8221; background_size=&#8221;initial&#8221; background_repeat=&#8221;repeat&#8221; global_colors_info=&#8221;{}&#8221;][et_pb_row _builder_version=&#8221;4.16&#8243; _module_preset=&#8221;default&#8221; global_colors_info=&#8221;{}&#8221;][et_pb_column type=&#8221;4_4&#8243; _builder_version=&#8221;4.16&#8243; _module_preset=&#8221;default&#8221; global_colors_info=&#8221;{}&#8221;][et_pb_text _builder_version=&#8221;4.19.1&#8243; text_font=&#8221;||||||||&#8221; header_font=&#8221;||||||||&#8221; header_2_font=&#8221;Prata|500|||||||&#8221; header_2_text_align=&#8221;left&#8221; header_2_font_size=&#8221;45px&#8221; header_2_line_height=&#8221;1.3em&#8221; transform_translate_linked=&#8221;off&#8221; max_width=&#8221;100%&#8221; max_width_tablet=&#8221;70%&#8221; max_width_last_edited=&#8221;off|phone&#8221; header_2_font_size_tablet=&#8221;45px&#8221; header_2_font_size_phone=&#8221;45px&#8221; header_2_font_size_last_edited=&#8221;on|phone&#8221; global_colors_info=&#8221;{}&#8221;]<\/p>\n<h2>L\u00edceum &#8211; K\u00e9pz\u0151m\u0171v\u00e9szet<\/h2>\n<p>[\/et_pb_text][et_pb_text _builder_version=&#8221;4.19.1&#8243; _module_preset=&#8221;default&#8221; global_colors_info=&#8221;{}&#8221;]<\/p>\n<h3>A K\u00c9PZ\u0150M\u0170V\u00c9SZETI SZAK R\u00d6VID BEMUTAT\u00c1SA<\/h3>\n<p>IX. \u00e9s X. oszt\u00e1lyban \u00e1ltal\u00e1nos k\u00e9pz\u0151m\u0171v\u00e9szetet tanulnak di\u00e1kjaink, XI. oszt\u00e1lyt\u00f3l pedig a k\u00f6vetkez\u0151 szakokra lehet jelentkezni (ezek a szakcsoportok m\u0171k\u00f6dnek jelenleg iskol\u00e1nkban):<\/p>\n<p>&nbsp;<\/p>\n<h3>SZAKOSOD\u00c1S<\/h3>\n<h4>A. Grafika szakosod\u00e1s<\/h4>\n<p>[\/et_pb_text][et_pb_gallery gallery_ids=&#8221;387,408,407,409&#8243; _builder_version=&#8221;4.19.1&#8243; _module_preset=&#8221;default&#8221; title_font_size=&#8221;14px&#8221; box_shadow_style_image=&#8221;preset1&#8243; global_colors_info=&#8221;{}&#8221;][\/et_pb_gallery][et_pb_text _builder_version=&#8221;4.19.1&#8243; _module_preset=&#8221;default&#8221; global_colors_info=&#8221;{}&#8221;]<\/p>\n<h4>B. Fest\u00e9szet szakosod\u00e1s<\/h4>\n<p>[\/et_pb_text][et_pb_gallery gallery_ids=&#8221;406,390,389,393&#8243; _builder_version=&#8221;4.19.1&#8243; _module_preset=&#8221;default&#8221; title_font_size=&#8221;14px&#8221; box_shadow_style_image=&#8221;preset1&#8243; global_colors_info=&#8221;{}&#8221;][\/et_pb_gallery][et_pb_text _builder_version=&#8221;4.19.1&#8243; _module_preset=&#8221;default&#8221; global_colors_info=&#8221;{}&#8221;]<\/p>\n<h4>C. Ker\u00e1mia szakosod\u00e1s<\/h4>\n<p>[\/et_pb_text][et_pb_gallery gallery_ids=&#8221;540,541,539,536&#8243; _builder_version=&#8221;4.19.1&#8243; _module_preset=&#8221;default&#8221; title_font_size=&#8221;14px&#8221; box_shadow_style_image=&#8221;preset1&#8243; global_colors_info=&#8221;{}&#8221;][\/et_pb_gallery][et_pb_text _builder_version=&#8221;4.19.1&#8243; _module_preset=&#8221;default&#8221; global_colors_info=&#8221;{}&#8221;]<\/p>\n<h4>D. Textilmint\u00e1z\u00e1s<\/h4>\n<p>[\/et_pb_text][et_pb_gallery gallery_ids=&#8221;523,522&#8243; _builder_version=&#8221;4.19.1&#8243; _module_preset=&#8221;default&#8221; title_font_size=&#8221;14px&#8221; box_shadow_style_image=&#8221;preset1&#8243; global_colors_info=&#8221;{}&#8221;][\/et_pb_gallery][et_pb_text _builder_version=&#8221;4.19.1&#8243; _module_preset=&#8221;default&#8221; global_colors_info=&#8221;{}&#8221;]<\/p>\n<h4>E. Divattervez\u0151 szakosod\u00e1s<\/h4>\n<p>[\/et_pb_text][et_pb_gallery gallery_ids=&#8221;411,412,386&#8243; _builder_version=&#8221;4.19.1&#8243; _module_preset=&#8221;default&#8221; title_font_size=&#8221;14px&#8221; box_shadow_style_image=&#8221;preset1&#8243; global_colors_info=&#8221;{}&#8221;][\/et_pb_gallery][et_pb_text _builder_version=&#8221;4.19.1&#8243; _module_preset=&#8221;default&#8221; global_colors_info=&#8221;{}&#8221;]<\/p>\n<h3>MEGSZEREZHET\u0150 SZAKK\u00c9PES\u00cdT\u00c9S<\/h3>\n<p>Di\u00e1kaink a n\u00e9gy\u00e9ves ciklus v\u00e9g\u00e9n k\u00fcl\u00f6n szakvizsg\u00e1t tehetnek (rom\u00e1n nyelven Atestat profesional). Az \u00edgy megszerzett oklev\u00e9l plusz k\u00e9pes\u00edt\u00e9st jelent sz\u00e1mukra, \u00e9s lehet\u0151s\u00e9get ny\u00fajt nekik k\u00f6nnyebben elhelyezkedni a munkapiacon.<\/p>\n<p>[\/et_pb_text][et_pb_gallery gallery_ids=&#8221;385,384,535,382,533,383&#8243; orientation=&#8221;portrait&#8221; _builder_version=&#8221;4.19.1&#8243; _module_preset=&#8221;default&#8221; title_font_size=&#8221;14px&#8221; box_shadow_style_image=&#8221;preset1&#8243; global_colors_info=&#8221;{}&#8221;][\/et_pb_gallery][et_pb_divider color=&#8221;#AFAFAF&#8221; _builder_version=&#8221;4.19.1&#8243; _module_preset=&#8221;default&#8221; global_colors_info=&#8221;{}&#8221;][\/et_pb_divider][et_pb_text _builder_version=&#8221;4.19.1&#8243; _module_preset=&#8221;default&#8221; global_colors_info=&#8221;{}&#8221;]<\/p>\n<h3>TUDNIVAL\u00d3K A K\u00c9PZ\u0150M\u0170V\u00c9SZETI SZAKRA JELENTKEZ\u0150 DI\u00c1KOK K\u00c9PESS\u00c9GFELM\u00c9R\u0150 VIZSG\u00c1J\u00c1R\u00d3L<\/h3>\n<p>A felv\u00e9teli <strong>szakmai alkalmass\u00e1gi vizsga (tehets\u00e9gpr\u00f3ba)<\/strong> alapj\u00e1n t\u00f6rt\u00e9nik. A k\u00e9pz\u0151m\u0171v\u00e9szeti szakra jelentkez\u0151knek a k\u00f6vetkez\u0151 pr\u00f3b\u00e1kon kell r\u00e9szt venni:<\/p>\n<p>&nbsp;<\/p>\n<h4>A.\u00a0 VIZU\u00c1LIS PERCEPCI\u00d3 PR\u00d3BA<\/h4>\n<p>Csend\u00e9let: k\u00e9t vagy maximum h\u00e1rom t\u00e1rgy lerajzol\u00e1sa (agyaged\u00e9nyek, geometriai form\u00e1k, gy\u00fcm\u00f6lcs\u00f6k, z\u00f6lds\u00e9gek).<\/p>\n<p>Fontos a hengeres \u00e9s sz\u00f6gletes t\u00e1rgyak formailag helyes \u00e1br\u00e1zol\u00e1sa, t\u00e9rbelis\u00e9g, t\u00f3nusoz\u00e1s, k\u00e9pi elhelyez\u00e9s.<\/p>\n<p>Ennek elk\u00e9sz\u00edt\u00e9s\u00e9hez a felv\u00e9teliz\u0151 di\u00e1kok grafitceruz\u00e1t vagy szenet v\u00e1laszthatnak.<\/p>\n<p>\u00c9rt\u00e9kel\u00e9si szempont: kompoz\u00edci\u00f3, t\u00e9rbeli, ar\u00e1nybeli, szerkezeti, t\u00f3nusbeli pontoss\u00e1g.<\/p>\n<p>Munkaid\u0151: 5 \u00f3ra.<\/p>\n<p>&nbsp;<\/p>\n<h4>B. KREATIVIT\u00c1S PR\u00d3BA<\/h4>\n<p>Egy adott t\u00e9m\u00e1ra k\u00e9sz\u00fclt alkot\u00e1s, <strong>sz\u00edn vagy modellez\u00e9s<\/strong> alapj\u00e1n (a felv\u00e9teliz\u0151 v\u00e1laszt\u00e1sa szerint).<\/p>\n<p><strong>SZ\u00cdN:<\/strong> Akrilfest\u00e9k vagy tempera seg\u00edts\u00e9g\u00e9vel egy kompoz\u00edci\u00f3t kell alkotni. \u00c9rt\u00e9kel\u00e9si szempont: A l\u00e1tv\u00e1ny sz\u00edngazdags\u00e1g\u00e1nak \u00e9rz\u00e9keny megjelen\u00edt\u00e9se. A rendelkez\u00e9sre \u00e1ll\u00f3 munkaid\u0151 5 \u00f3ra.<\/p>\n<p><strong>MODELLEZ\u00c9S:<\/strong> Agyagoz\u00e1s, k\u00fcl\u00f6nb\u00f6z\u0151 szerepl\u0151k megalkot\u00e1sa. A rendelkez\u00e9sre \u00e1ll\u00f3 munkaid\u0151 4 \u00f3ra.<\/p>\n<p>&nbsp;<\/p>\n<h4>A felv\u00e9teli vizsga sor\u00e1n sz\u00fcks\u00e9ges eszk\u00f6z\u00f6k:<\/h4>\n<p><strong>RAJZ:<\/strong> Egy A3-as form\u00e1tum\u00fa rajzt\u00f6mb, pap\u00edrhoz val\u00f3 cellux (scotch), rajzhoz val\u00f3 B t\u00edpus\u00fa grafitceruz\u00e1k, vagy sz\u00e9n darabok \u00e9s amennyiben sz\u00e9nnel rajzolnak a di\u00e1kok r\u00f6gz\u00edt\u0151kre (rajzlapcsipeszekre) is sz\u00fcks\u00e9g\u00fck lesz.<\/p>\n<p><strong>SZ\u00cdN:<\/strong> Egy A3-as form\u00e1tum\u00fa rajzt\u00f6mb, pap\u00edrhoz val\u00f3 cellux (scotch), v\u00edzzel old\u00f3d\u00f3 fest\u00e9kek (pld. akril, tempera, v\u00edzfest\u00e9k), k\u00fcl\u00f6nb\u00f6z\u0151 m\u00e9ret\u0171 ecsetek, vizes ed\u00e9ny, fest\u00e9kkever\u00e9shez alkalmas paletta.<\/p>\n<p><strong>MODELLEZ\u00c9S:<\/strong> Agyagoz\u00e1shoz haszn\u00e1latos f\u00e1b\u00f3l vagy m\u0171anyagb\u00f3l k\u00e9sz\u00fclt k\u00e9s.<\/p>\n<p>&nbsp;<\/p>\n<p>[\/et_pb_text][et_pb_gallery gallery_ids=&#8221;703,704,705,697&#8243; _builder_version=&#8221;4.19.1&#8243; _module_preset=&#8221;default&#8221; title_font_size=&#8221;14px&#8221; box_shadow_style_image=&#8221;preset1&#8243; global_colors_info=&#8221;{}&#8221;][\/et_pb_gallery][et_pb_text _builder_version=&#8221;4.19.1&#8243; _module_preset=&#8221;default&#8221; global_colors_info=&#8221;{}&#8221;]<\/p>\n<h3>INGYENES FELK\u00c9SZ\u00cdT\u0150 A TEHETS\u00c9GFELM\u00c9R\u0150 PR\u00d3B\u00c1KRA<\/h3>\n<p><strong>Iskol\u00e1nk tan\u00e1rai ingyenes felk\u00e9sz\u00edt\u0151ket tartanak a felv\u00e9teli vizsga el\u0151tt, 2026. \u00e1prilis h\u00f3nap folyam\u00e1n, d\u00e9lut\u00e1nonk\u00e9nt (a pontos id\u0151beoszt\u00e1s iskol\u00e1nk hirdet\u0151t\u00e1bl\u00e1j\u00e1n lesz kif\u00fcggesztve m\u00e1rcius v\u00e9g\u00e9n, valamint honlapunkon is megjelenik).<\/strong><\/p>\n<p><strong><span style=\"color: #e02b20;\">Az ingyenes felk\u00e9sz\u00edt\u0151k id\u0151pontjai<\/span><\/strong> &#8212;<\/p>\n<table width=\"100%\" border=\"0\" style=\"width: 100%;\">\n<tbody>\n<tr style=\"height: 24px;\">\n<td style=\"height: 24px;\"><b>Tant\u00e1rgy <\/b><\/td>\n<td style=\"height: 24px;\"><b>A felk\u00e9sz\u00edt\u0151 napja <\/b><\/td>\n<td style=\"height: 24px;\"><b>Id\u0151pont <\/b><\/td>\n<td style=\"height: 24px;\"><b>Terem <\/b><\/td>\n<td style=\"height: 24px;\"><b>Felk\u00e9sz\u00edt\u0151 tan\u00e1r<\/b><\/td>\n<\/tr>\n<tr style=\"height: 24px;\">\n<td style=\"height: 24px;\"><b>SZ\u00cdN KOMPOZ\u00cdCI\u00d3,<br \/>AGYAGOZ\u00c1S (MINT\u00c1Z\u00c1S, SZOBR\u00c1SZAT)<\/b><\/td>\n<td style=\"height: 24px;\">&#8212;<\/td>\n<td style=\"height: 24px;\">15-17 \u00f3ra k\u00f6z\u00f6tt<\/td>\n<td style=\"height: 24px;\">&#8212;<\/td>\n<td style=\"height: 24px;\">&#8212;<\/td>\n<\/tr>\n<tr style=\"height: 24px;\">\n<td style=\"height: 24px;\"><b>RAJZ<\/b><\/td>\n<td style=\"height: 24px;\">&#8212;<\/td>\n<td style=\"height: 24px;\">15-17 \u00f3ra k\u00f6z\u00f6tt<\/td>\n<td style=\"height: 24px;\">&#8212;<\/td>\n<td style=\"height: 24px;\">&#8212;<\/td>\n<\/tr>\n<tr style=\"height: 24px;\">\n<td style=\"height: 24px;\"><b>SZ\u00cdN KOMPOZ\u00cdCI\u00d3,<br \/>AGYAGOZ\u00c1S (MINT\u00c1Z\u00c1S, SZOBR\u00c1SZAT)<\/b><\/td>\n<td style=\"height: 24px;\">&#8212;<\/td>\n<td style=\"height: 24px;\">15-17 \u00f3ra k\u00f6z\u00f6tt<\/td>\n<td style=\"height: 24px;\">&#8212;<\/td>\n<td style=\"height: 24px;\">&#8212;<\/td>\n<\/tr>\n<tr style=\"height: 24px;\">\n<td style=\"height: 24px;\"><b>RAJZ<\/b><\/td>\n<td style=\"height: 24px;\">&#8212;<\/td>\n<td style=\"height: 24px;\">15-17 \u00f3ra k\u00f6z\u00f6tt<\/td>\n<td style=\"height: 24px;\">&#8212;<\/td>\n<td style=\"height: 24px;\">&#8212;<\/td>\n<\/tr>\n<\/tbody>\n<\/table>\n<p>B\u0151vebb inform\u00e1ci\u00f3k\u00e9rt h\u00edvj\u00e1k iskol\u00e1nk titk\u00e1rs\u00e1g\u00e1t: 0259 411274, valamint 0359 802307. Amennyiben magyar nyelv\u0171 t\u00e1j\u00e9koztat\u00e1st ig\u00e9nyelnek telefonon, vagy e-mailen, k\u00e9rj\u00fck jelezz\u00e9k!<\/p>\n<p>&nbsp;<\/p>\n<h3>BEIRATKOZ\u00c1S A TEHETS\u00c9GFELM\u00c9R\u0150 PR\u00d3B\u00c1KRA<\/h3>\n<p>Beiratkoz\u00e1s <span style=\"color: #ff0000;\"><strong>2026. m\u00e1jus 13.-14.-\u00e9n<span> 8 \u00e9s 16.30 k\u00f6z\u00f6tt, 15-\u00e9n 8 \u00e9s 14:00 k\u00f6z\u00f6tt<\/span><\/strong><\/span>, iskol\u00e1nk titk\u00e1rs\u00e1g\u00e1n (Nagyv\u00e1rad, Menumorut utca 33. sz\u00e1m, A \u00e9p\u00fclet, r\u00f6gt\u00f6n a bej\u00e1rat mellett).<\/p>\n<p>&nbsp;<\/p>\n<h3>A FELV\u00c9TELI ID\u0150PONTJA<\/h3>\n<p>A felv\u00e9teli <span style=\"color: #ff0000;\"><strong>2026. m\u00e1jus 18.-20.-\u00e1n<\/strong><\/span> zajlik, a k\u00f6vetkez\u0151k\u00e9ppen:<\/p>\n<ul>\n<li><span>Csend\u00e9let (k\u00e9pz\u0151m\u0171v\u00e9szet \u00e9s m\u0171\u00e9p\u00edt\u00e9szet szakra egyar\u00e1nt),<\/span><\/li>\n<li><span>A kreativit\u00e1s pr\u00f3ba k\u00e9pz\u0151m\u0171v\u00e9szet szakra (fest\u00e9szet vagy agyagoz\u00e1s),<\/span><\/li>\n<li><span>A kreativit\u00e1s pr\u00f3ba m\u0171ep\u00edt\u00e9szet szakra (kompoz\u00edci\u00f3alkot\u00e1s akrilfest\u00e9k, sz\u00ednes ceruza, tempera vagy vegyes tekhnika seg\u00edts\u00e9g\u00e9vel).<\/span><span><\/span><span><\/span><\/li>\n<\/ul>\n<p>A vizsg\u00e1k pontos id\u0151beoszt\u00e1s\u00e1t a beiratkoz\u00e1s alkalm\u00e1val k\u00f6z\u00f6lj\u00fck.<\/p>\n<p>A Csend\u00e9let elk\u00e9sz\u00edt\u00e9s\u00e9hez sz\u00fcks\u00e9ges eszk\u00f6z\u00f6k, amit hozni kell: A3-as rajzlapok (legal\u00e1bb 4 darab), grafitceruz\u00e1k (B t\u00edpus\u00fa, t\u00f6bb m\u00e9ret\u0171), rad\u00edr, cellux.<\/p>\n<p>A fest\u00e9szeti pr\u00f3b\u00e1hoz ecseteket, v\u00edzfest\u00e9ket vagy temper\u00e1t vagy akrill fest\u00e9ket, palett\u00e1t lapokat, vizes poharat.<\/p>\n<p>[\/et_pb_text][\/et_pb_column][\/et_pb_row][\/et_pb_section]<\/p>\n","protected":false},"excerpt":{"rendered":"<p>L\u00edceum &#8211; K\u00e9pz\u0151m\u0171v\u00e9szetA K\u00c9PZ\u0150M\u0170V\u00c9SZETI SZAK R\u00d6VID BEMUTAT\u00c1SA IX. \u00e9s X. oszt\u00e1lyban \u00e1ltal\u00e1nos k\u00e9pz\u0151m\u0171v\u00e9szetet tanulnak di\u00e1kjaink, XI. oszt\u00e1lyt\u00f3l pedig a k\u00f6vetkez\u0151 szakokra lehet jelentkezni (ezek a szakcsoportok m\u0171k\u00f6dnek jelenleg iskol\u00e1nkban): &nbsp; SZAKOSOD\u00c1S A. Grafika szakosod\u00e1sB. Fest\u00e9szet szakosod\u00e1sC. Ker\u00e1mia szakosod\u00e1sD. Textilmint\u00e1z\u00e1sE. Divattervez\u0151 szakosod\u00e1sMEGSZEREZHET\u0150 SZAKK\u00c9PES\u00cdT\u00c9S Di\u00e1kaink a n\u00e9gy\u00e9ves ciklus v\u00e9g\u00e9n k\u00fcl\u00f6n szakvizsg\u00e1t tehetnek (rom\u00e1n nyelven Atestat profesional). Az [&hellip;]<\/p>\n","protected":false},"author":2,"featured_media":0,"parent":0,"menu_order":0,"comment_status":"closed","ping_status":"closed","template":"","meta":{"_et_pb_use_builder":"on","_et_pb_old_content":"","_et_gb_content_width":"","footnotes":""},"class_list":["post-80","page","type-page","status-publish","hentry"],"_links":{"self":[{"href":"https:\/\/liceuldeartaoradea.ro\/maghiara\/wp-json\/wp\/v2\/pages\/80","targetHints":{"allow":["GET"]}}],"collection":[{"href":"https:\/\/liceuldeartaoradea.ro\/maghiara\/wp-json\/wp\/v2\/pages"}],"about":[{"href":"https:\/\/liceuldeartaoradea.ro\/maghiara\/wp-json\/wp\/v2\/types\/page"}],"author":[{"embeddable":true,"href":"https:\/\/liceuldeartaoradea.ro\/maghiara\/wp-json\/wp\/v2\/users\/2"}],"replies":[{"embeddable":true,"href":"https:\/\/liceuldeartaoradea.ro\/maghiara\/wp-json\/wp\/v2\/comments?post=80"}],"version-history":[{"count":40,"href":"https:\/\/liceuldeartaoradea.ro\/maghiara\/wp-json\/wp\/v2\/pages\/80\/revisions"}],"predecessor-version":[{"id":953,"href":"https:\/\/liceuldeartaoradea.ro\/maghiara\/wp-json\/wp\/v2\/pages\/80\/revisions\/953"}],"wp:attachment":[{"href":"https:\/\/liceuldeartaoradea.ro\/maghiara\/wp-json\/wp\/v2\/media?parent=80"}],"curies":[{"name":"wp","href":"https:\/\/api.w.org\/{rel}","templated":true}]}}